{"id":785,"date":"2022-04-04T15:57:04","date_gmt":"2022-04-04T15:57:04","guid":{"rendered":"https:\/\/blogsaverroes.juntadeandalucia.es\/altoconquero\/?page_id=785"},"modified":"2022-06-06T10:30:59","modified_gmt":"2022-06-06T10:30:59","slug":"programa-bachibac-ministerio-de-educacion-y-fp","status":"publish","type":"page","link":"https:\/\/blogsaverroes.juntadeandalucia.es\/altoconquero\/programa-bachibac-ministerio-de-educacion-y-fp\/","title":{"rendered":"Programa Bachibac (Ministerio de Educaci\u00f3n y FP)"},"content":{"rendered":"<p>Bachibac es un programa de doble titulaci\u00f3n, que solamente se puede cursar en el <strong>IES ALTO CONQUERO<\/strong> en la provincia de Huelva (adem\u00e1s es uno de los \u00fanicos 8 centros de toda Andaluc\u00eda) y que brinda al alumnado la posibilidad de <strong>alcanzar simult\u00e1neamente el T\u00edtulo de Bachiller espa\u00f1ol y el Dipl\u00f4me du Baccalaur\u00e9at franc\u00e9s&nbsp;<\/strong>al t\u00e9rmino de sus estudios secundarios postobligatorios. Este programa de excelencia se puede cursar en los centros escolares de ambos pa\u00edses en los que se oferte el curr\u00edculo mixto.<\/p>\n<p><iframe title=\"\u00bfQue es el Bachibac?\" width=\"500\" height=\"281\" src=\"https:\/\/www.youtube.com\/embed\/NY61whRExoM?feature=oembed&#038;wmode=opaque\" frameborder=\"0\" allow=\"accelerometer; autoplay; clipboard-write; encrypted-media; gyroscope; picture-in-picture\" allowfullscreen><\/iframe><\/p>\n<p style=\"text-align: center\"><span style=\"font-size: 18pt;color: #339966\"><strong>\u00bfC\u00d3MO INTEGRA NUESTRO CENTRO EL PROGRAMA BACHILLERATO_BACCALAUR\u00c9AT?<\/strong><\/span><\/p>\n<p style=\"text-align: center\"><span style=\"font-size: 14pt;color: #ff0000\"><strong>INFORMACI\u00d3N B\u00c1SICA<\/strong><\/span><\/p>\n<p style=\"text-align: center\"><a href=\"https:\/\/blogsaverroes.juntadeandalucia.es\/altoconquero\/files\/2022\/06\/triptico_v_17_mayo_p2.png\"><img decoding=\"async\" class=\"alignnone size-thumbnail wp-image-888\" src=\"https:\/\/blogsaverroes.juntadeandalucia.es\/altoconquero\/files\/2022\/06\/triptico_v_17_mayo_p2-150x150.png\" alt=\"\" width=\"150\" height=\"150\"><\/a><\/p>\n<p style=\"text-align: center\"><span style=\"font-size: 14pt;color: #ff0000\"><strong>PRESENTACI\u00d3N DEL PROGRAMA<\/strong><\/span><\/p>\n<p style=\"text-align: center\">Pica en el siguiente enlace:&nbsp;<\/p>\n<p style=\"text-align: center\"><a href=\"https:\/\/view.genial.ly\/6276a1aba1e77e00180699f8\/dossier-sales-el-bachibac-del-ies-alto-conquero\">PRESENTACI\u00d3N (genially)<\/a><\/p>\n<p style=\"text-align: center\"><span style=\"font-size: 14pt;color: #ff0000\"><strong>CANAL YOUTUBE BACHIBAC IES ALTO CONQUERO<\/strong><\/span><\/p>\n<p style=\"text-align: center\">Pica en el siguiente enlace:<\/p>\n<p style=\"text-align: center\"><a href=\"https:\/\/www.youtube.com\/channel\/UClHCbNdRwZQ56gHgggdnDLw\">Canal youtube<\/a><\/p>\n<p style=\"text-align: center\"><span style=\"font-size: 14pt\"><strong><span style=\"color: #ff0000\">FERIA DE PLURILING\u00dcISMO 2022- STAND BACHIBAC<\/span><\/strong><\/span><\/p>\n<p style=\"text-align: center\">Pica en el siguiente enlace: <a href=\"https:\/\/blogsaverroes.juntadeandalucia.es\/altoconquero\/files\/2022\/06\/Stand-Bachibac.pdf\">Stand Bachib<\/a><\/p>\n<p><a href=\"https:\/\/blogsaverroes.juntadeandalucia.es\/altoconquero\/files\/2020\/07\/Captura-de-pantalla-2020-07-14-a-las-18.52.54.png\"><img fetchpriority=\"high\" decoding=\"async\" class=\"alignnone size-full wp-image-403\" src=\"https:\/\/blogsaverroes.juntadeandalucia.es\/altoconquero\/files\/2020\/07\/Captura-de-pantalla-2020-07-14-a-las-18.52.54.png\" alt=\"\" width=\"1224\" height=\"842\" srcset=\"https:\/\/blogsaverroes.juntadeandalucia.es\/altoconquero\/files\/2020\/07\/Captura-de-pantalla-2020-07-14-a-las-18.52.54.png 1224w, https:\/\/blogsaverroes.juntadeandalucia.es\/altoconquero\/files\/2020\/07\/Captura-de-pantalla-2020-07-14-a-las-18.52.54-300x206.png 300w, https:\/\/blogsaverroes.juntadeandalucia.es\/altoconquero\/files\/2020\/07\/Captura-de-pantalla-2020-07-14-a-las-18.52.54-768x528.png 768w, https:\/\/blogsaverroes.juntadeandalucia.es\/altoconquero\/files\/2020\/07\/Captura-de-pantalla-2020-07-14-a-las-18.52.54-1024x704.png 1024w, https:\/\/blogsaverroes.juntadeandalucia.es\/altoconquero\/files\/2020\/07\/Captura-de-pantalla-2020-07-14-a-las-18.52.54-24x17.png 24w, https:\/\/blogsaverroes.juntadeandalucia.es\/altoconquero\/files\/2020\/07\/Captura-de-pantalla-2020-07-14-a-las-18.52.54-36x25.png 36w, https:\/\/blogsaverroes.juntadeandalucia.es\/altoconquero\/files\/2020\/07\/Captura-de-pantalla-2020-07-14-a-las-18.52.54-48x33.png 48w\" sizes=\"(max-width: 1224px) 100vw, 1224px\" \/><\/a><\/p>\n<p>Bachibac nace al amparo del Acuerdo entre el Gobierno del Reino de Espa\u00f1a y el Gobierno de la Rep\u00fablica Francesa relativo a la doble titulaci\u00f3n de Bachiller y de Baccalaur\u00e9at, hecho \u00abad referendum\u00bb en Par\u00eds el 10 de enero de 2008, y permite al alumnado, en virtud de la doble titulaci\u00f3n,<strong>&nbsp;acceder a los estudios superiores y a la formaci\u00f3n y actividad profesional de ambos pa\u00edses en condiciones ventajosas<\/strong>.<\/p>\n<p><a href=\"https:\/\/blogsaverroes.juntadeandalucia.es\/altoconquero\/files\/2020\/07\/Captura-de-pantalla-2020-07-14-a-las-18.54.12.png\"><img decoding=\"async\" class=\"alignnone size-full wp-image-404\" src=\"https:\/\/blogsaverroes.juntadeandalucia.es\/altoconquero\/files\/2020\/07\/Captura-de-pantalla-2020-07-14-a-las-18.54.12.png\" alt=\"\" width=\"1458\" height=\"1012\" srcset=\"https:\/\/blogsaverroes.juntadeandalucia.es\/altoconquero\/files\/2020\/07\/Captura-de-pantalla-2020-07-14-a-las-18.54.12.png 1458w, https:\/\/blogsaverroes.juntadeandalucia.es\/altoconquero\/files\/2020\/07\/Captura-de-pantalla-2020-07-14-a-las-18.54.12-300x208.png 300w, https:\/\/blogsaverroes.juntadeandalucia.es\/altoconquero\/files\/2020\/07\/Captura-de-pantalla-2020-07-14-a-las-18.54.12-768x533.png 768w, https:\/\/blogsaverroes.juntadeandalucia.es\/altoconquero\/files\/2020\/07\/Captura-de-pantalla-2020-07-14-a-las-18.54.12-1024x711.png 1024w, https:\/\/blogsaverroes.juntadeandalucia.es\/altoconquero\/files\/2020\/07\/Captura-de-pantalla-2020-07-14-a-las-18.54.12-24x17.png 24w, https:\/\/blogsaverroes.juntadeandalucia.es\/altoconquero\/files\/2020\/07\/Captura-de-pantalla-2020-07-14-a-las-18.54.12-36x25.png 36w, https:\/\/blogsaverroes.juntadeandalucia.es\/altoconquero\/files\/2020\/07\/Captura-de-pantalla-2020-07-14-a-las-18.54.12-48x33.png 48w\" sizes=\"(max-width: 1458px) 100vw, 1458px\" \/><\/a><\/p>\n<p>En Espa\u00f1a,<strong>&nbsp;se puede cursar desde cualquier modalidad de Bachillerato&nbsp;<\/strong>(Ciencias, Humanidades y Ciencias Sociales y Artes) en los m\u00e1s de cien centros educativos repartidos por todo el pa\u00eds, adem\u00e1s de en el Liceo Espa\u00f1ol Luis Bu\u00f1uel de Par\u00eds.<\/p>\n<p><a href=\"http:\/\/www.educacionyfp.gob.es\/mc\/bachibac\/presentacion.html\" target=\"_blank\" rel=\"noopener noreferrer\">Si quieres m\u00e1s informaci\u00f3n visita este enlace del Ministerio de Educaci\u00f3n&nbsp;<\/a><\/p>\n","protected":false},"excerpt":{"rendered":"<p>Bachibac es un programa de doble titulaci\u00f3n, que solamente se puede cursar en el IES ALTO CONQUERO en la provincia de Huelva (adem\u00e1s es uno de los \u00fanicos 8 centros de toda Andaluc\u00eda) y&#46;&#46;&#46;<\/p>\n","protected":false},"author":7553,"featured_media":887,"parent":0,"menu_order":0,"comment_status":"closed","ping_status":"closed","template":"","meta":{"ngg_post_thumbnail":0,"footnotes":""},"aioseo_notices":[],"_links":{"self":[{"href":"https:\/\/blogsaverroes.juntadeandalucia.es\/altoconquero\/wp-json\/wp\/v2\/pages\/785"}],"collection":[{"href":"https:\/\/blogsaverroes.juntadeandalucia.es\/altoconquero\/wp-json\/wp\/v2\/pages"}],"about":[{"href":"https:\/\/blogsaverroes.juntadeandalucia.es\/altoconquero\/wp-json\/wp\/v2\/types\/page"}],"author":[{"embeddable":true,"href":"https:\/\/blogsaverroes.juntadeandalucia.es\/altoconquero\/wp-json\/wp\/v2\/users\/7553"}],"replies":[{"embeddable":true,"href":"https:\/\/blogsaverroes.juntadeandalucia.es\/altoconquero\/wp-json\/wp\/v2\/comments?post=785"}],"version-history":[{"count":6,"href":"https:\/\/blogsaverroes.juntadeandalucia.es\/altoconquero\/wp-json\/wp\/v2\/pages\/785\/revisions"}],"predecessor-version":[{"id":896,"href":"https:\/\/blogsaverroes.juntadeandalucia.es\/altoconquero\/wp-json\/wp\/v2\/pages\/785\/revisions\/896"}],"wp:featuredmedia":[{"embeddable":true,"href":"https:\/\/blogsaverroes.juntadeandalucia.es\/altoconquero\/wp-json\/wp\/v2\/media\/887"}],"wp:attachment":[{"href":"https:\/\/blogsaverroes.juntadeandalucia.es\/altoconquero\/wp-json\/wp\/v2\/media?parent=785"}],"curies":[{"name":"wp","href":"https:\/\/api.w.org\/{rel}","templated":true}]}}

Programa Bachibac (Ministerio de Educación y FP)

<p>Bachibac es un programa de doble titulación, que solamente se puede cursar en el <strong>IES ALTO CONQUERO</strong> en la provincia de Huelva (además es uno de los únicos 8 centros de toda Andalucía) y que brinda al alumnado la posibilidad de <strong>alcanzar simultáneamente el Título de Bachiller español y el Diplôme du Baccalauréat francés&nbsp;</strong>al término de sus estudios secundarios postobligatorios. Este programa de excelencia se puede cursar en los centros escolares de ambos países en los que se oferte el currículo mixto.</p>
<p><iframe title="¿Que es el Bachibac?" width="500" height="281" src="https://www.youtube.com/embed/NY61whRExoM?feature=oembed&#038;wmode=opaque" frameborder="0" allow="accelerometer; autoplay; clipboard-write; encrypted-media; gyroscope; picture-in-picture" allowfullscreen></iframe></p>
<p style="text-align: center"><span style="font-size: 18pt;color: #339966"><strong>¿CÓMO INTEGRA NUESTRO CENTRO EL PROGRAMA BACHILLERATO_BACCALAURÉAT?</strong></span></p>
<p style="text-align: center"><span style="font-size: 14pt;color: #ff0000"><strong>INFORMACIÓN BÁSICA</strong></span></p>
<p style="text-align: center"><a href="https://blogsaverroes.juntadeandalucia.es/altoconquero/files/2022/06/triptico_v_17_mayo_p2.png"><img decoding="async" class="alignnone size-thumbnail wp-image-888" src="https://blogsaverroes.juntadeandalucia.es/altoconquero/files/2022/06/triptico_v_17_mayo_p2-150x150.png" alt="" width="150" height="150"></a></p>
<p style="text-align: center"><span style="font-size: 14pt;color: #ff0000"><strong>PRESENTACIÓN DEL PROGRAMA</strong></span></p>
<p style="text-align: center">Pica en el siguiente enlace:&nbsp;</p>
<p style="text-align: center"><a href="https://view.genial.ly/6276a1aba1e77e00180699f8/dossier-sales-el-bachibac-del-ies-alto-conquero">PRESENTACIÓN (genially)</a></p>
<p style="text-align: center"><span style="font-size: 14pt;color: #ff0000"><strong>CANAL YOUTUBE BACHIBAC IES ALTO CONQUERO</strong></span></p>
<p style="text-align: center">Pica en el siguiente enlace:</p>
<p style="text-align: center"><a href="https://www.youtube.com/channel/UClHCbNdRwZQ56gHgggdnDLw">Canal youtube</a></p>
<p style="text-align: center"><span style="font-size: 14pt"><strong><span style="color: #ff0000">FERIA DE PLURILINGÜISMO 2022- STAND BACHIBAC</span></strong></span></p>
<p style="text-align: center">Pica en el siguiente enlace: <a href="https://blogsaverroes.juntadeandalucia.es/altoconquero/files/2022/06/Stand-Bachibac.pdf">Stand Bachib</a></p>
<p><a href="https://blogsaverroes.juntadeandalucia.es/altoconquero/files/2020/07/Captura-de-pantalla-2020-07-14-a-las-18.52.54.png"><img fetchpriority="high" decoding="async" class="alignnone size-full wp-image-403" src="https://blogsaverroes.juntadeandalucia.es/altoconquero/files/2020/07/Captura-de-pantalla-2020-07-14-a-las-18.52.54.png" alt="" width="1224" height="842" srcset="https://blogsaverroes.juntadeandalucia.es/altoconquero/files/2020/07/Captura-de-pantalla-2020-07-14-a-las-18.52.54.png 1224w, https://blogsaverroes.juntadeandalucia.es/altoconquero/files/2020/07/Captura-de-pantalla-2020-07-14-a-las-18.52.54-300x206.png 300w, https://blogsaverroes.juntadeandalucia.es/altoconquero/files/2020/07/Captura-de-pantalla-2020-07-14-a-las-18.52.54-768x528.png 768w, https://blogsaverroes.juntadeandalucia.es/altoconquero/files/2020/07/Captura-de-pantalla-2020-07-14-a-las-18.52.54-1024x704.png 1024w, https://blogsaverroes.juntadeandalucia.es/altoconquero/files/2020/07/Captura-de-pantalla-2020-07-14-a-las-18.52.54-24x17.png 24w, https://blogsaverroes.juntadeandalucia.es/altoconquero/files/2020/07/Captura-de-pantalla-2020-07-14-a-las-18.52.54-36x25.png 36w, https://blogsaverroes.juntadeandalucia.es/altoconquero/files/2020/07/Captura-de-pantalla-2020-07-14-a-las-18.52.54-48x33.png 48w" sizes="(max-width: 1224px) 100vw, 1224px" /></a></p>
<p>Bachibac nace al amparo del Acuerdo entre el Gobierno del Reino de España y el Gobierno de la República Francesa relativo a la doble titulación de Bachiller y de Baccalauréat, hecho «ad referendum» en París el 10 de enero de 2008, y permite al alumnado, en virtud de la doble titulación,<strong>&nbsp;acceder a los estudios superiores y a la formación y actividad profesional de ambos países en condiciones ventajosas</strong>.</p>
<p><a href="https://blogsaverroes.juntadeandalucia.es/altoconquero/files/2020/07/Captura-de-pantalla-2020-07-14-a-las-18.54.12.png"><img decoding="async" class="alignnone size-full wp-image-404" src="https://blogsaverroes.juntadeandalucia.es/altoconquero/files/2020/07/Captura-de-pantalla-2020-07-14-a-las-18.54.12.png" alt="" width="1458" height="1012" srcset="https://blogsaverroes.juntadeandalucia.es/altoconquero/files/2020/07/Captura-de-pantalla-2020-07-14-a-las-18.54.12.png 1458w, https://blogsaverroes.juntadeandalucia.es/altoconquero/files/2020/07/Captura-de-pantalla-2020-07-14-a-las-18.54.12-300x208.png 300w, https://blogsaverroes.juntadeandalucia.es/altoconquero/files/2020/07/Captura-de-pantalla-2020-07-14-a-las-18.54.12-768x533.png 768w, https://blogsaverroes.juntadeandalucia.es/altoconquero/files/2020/07/Captura-de-pantalla-2020-07-14-a-las-18.54.12-1024x711.png 1024w, https://blogsaverroes.juntadeandalucia.es/altoconquero/files/2020/07/Captura-de-pantalla-2020-07-14-a-las-18.54.12-24x17.png 24w, https://blogsaverroes.juntadeandalucia.es/altoconquero/files/2020/07/Captura-de-pantalla-2020-07-14-a-las-18.54.12-36x25.png 36w, https://blogsaverroes.juntadeandalucia.es/altoconquero/files/2020/07/Captura-de-pantalla-2020-07-14-a-las-18.54.12-48x33.png 48w" sizes="(max-width: 1458px) 100vw, 1458px" /></a></p>
<p>En España,<strong>&nbsp;se puede cursar desde cualquier modalidad de Bachillerato&nbsp;</strong>(Ciencias, Humanidades y Ciencias Sociales y Artes) en los más de cien centros educativos repartidos por todo el país, además de en el Liceo Español Luis Buñuel de París.</p>
<p><a href="http://www.educacionyfp.gob.es/mc/bachibac/presentacion.html" target="_blank" rel="noopener noreferrer">Si quieres más información visita este enlace del Ministerio de Educación&nbsp;</a></p>

<p>Bachibac es un programa de doble titulación, que solamente se puede cursar en el IES ALTO CONQUERO en la provincia de Huelva (además es uno de los únicos 8 centros de toda Andalucía) y&#46;&#46;&#46;</p>
