{"id":42,"date":"2015-02-17T11:30:21","date_gmt":"2015-02-17T11:30:21","guid":{"rendered":"http:\/\/blogsaverroes.juntadeandalucia.es\/alunada\/?page_id=42"},"modified":"2015-02-17T23:33:58","modified_gmt":"2015-02-17T23:33:58","slug":"historia","status":"publish","type":"page","link":"https:\/\/blogsaverroes.juntadeandalucia.es\/alunada\/historia\/","title":{"rendered":"Historia"},"content":{"rendered":"<h1 style=\"text-align: justify;\">Historia del centro<\/h1>\n<p style=\"text-align: justify;\">Nuestro Colegio est\u00e1 situado en la zona noroeste de El Viso del Alcor (Sevilla, ESP), en la margen derecha de la carretera Dos Hermanas &#8211; Carmona. Es un centro de dos l\u00edneas de Educaci\u00f3n Infantil y Primaria, que fue inaugurado en septiembre de 1987. En 1995, despu\u00e9s de intensas gestiones, se procedi\u00f3 a la ampliaci\u00f3n de seis unidades con destino a Infantil. Por sus aulas han pasado un centenar de profesores y miles de alumnos. Su ubicaci\u00f3n, en la zona de mayor expansi\u00f3n urban\u00edstica de la localidad, propicia que, a\u00f1o tras a\u00f1o, sean muchos los solicitantes, que no obtengan plaza en el centro. De ah\u00ed es que en cada proceso de escolarizaci\u00f3n, solicitemos la construcci\u00f3n de un nuevo centro en la zona, que alivie la ratio del C.E.I.P. La Alunada y pueda acoger al alumnado que a\u00f1o tras a\u00f1o viene qued\u00e1ndose fuera del mismo.<\/p>\n<h2 style=\"text-align: justify;\">Nombre<\/h2>\n<p style=\"text-align: justify;\">El nombre, Alunada, est\u00e1 dedicado al cercano prehist\u00f3rico lugar de la \u201cAlun\u00e1\u201d, con una fuente, en cuyos alrededores se han encontrado restos arqueol\u00f3gicos de todas las civilizaciones. Seg\u00fan los historiadores, en el neol\u00edtico, ya hab\u00eda asentamientos de pueblos y su fuente adem\u00e1s de servir para provisi\u00f3n del agua, ten\u00eda un uso religioso; de ah\u00ed su nombre \u201cAlun\u00e1\u201d o \u201cFuente de la Luna\u201d, en contraposici\u00f3n a la \u201cFuente del Sol\u201d o \u201cFuentesol\u201d, en el otro extremo de la localidad.<\/p>\n","protected":false},"excerpt":{"rendered":"<p>Historia del centro Nuestro Colegio est\u00e1 situado en la zona noroeste de El Viso del Alcor (Sevilla, ESP), en la margen derecha de la carretera Dos Hermanas &#8211; Carmona. Es un centro de dos l\u00edneas de Educaci\u00f3n Infantil y Primaria,&#46;&#46;&#46;<\/p>\n","protected":false},"author":1514,"featured_media":0,"parent":0,"menu_order":0,"comment_status":"open","ping_status":"open","template":"","meta":{"ngg_post_thumbnail":0,"footnotes":""},"aioseo_notices":[],"_links":{"self":[{"href":"https:\/\/blogsaverroes.juntadeandalucia.es\/alunada\/wp-json\/wp\/v2\/pages\/42"}],"collection":[{"href":"https:\/\/blogsaverroes.juntadeandalucia.es\/alunada\/wp-json\/wp\/v2\/pages"}],"about":[{"href":"https:\/\/blogsaverroes.juntadeandalucia.es\/alunada\/wp-json\/wp\/v2\/types\/page"}],"author":[{"embeddable":true,"href":"https:\/\/blogsaverroes.juntadeandalucia.es\/alunada\/wp-json\/wp\/v2\/users\/1514"}],"replies":[{"embeddable":true,"href":"https:\/\/blogsaverroes.juntadeandalucia.es\/alunada\/wp-json\/wp\/v2\/comments?post=42"}],"version-history":[{"count":5,"href":"https:\/\/blogsaverroes.juntadeandalucia.es\/alunada\/wp-json\/wp\/v2\/pages\/42\/revisions"}],"predecessor-version":[{"id":70,"href":"https:\/\/blogsaverroes.juntadeandalucia.es\/alunada\/wp-json\/wp\/v2\/pages\/42\/revisions\/70"}],"wp:attachment":[{"href":"https:\/\/blogsaverroes.juntadeandalucia.es\/alunada\/wp-json\/wp\/v2\/media?parent=42"}],"curies":[{"name":"wp","href":"https:\/\/api.w.org\/{rel}","templated":true}]}}