{"id":83,"date":"2015-02-17T14:12:03","date_gmt":"2015-02-17T14:12:03","guid":{"rendered":"http:\/\/blogsaverroes.juntadeandalucia.es\/alunada\/?page_id=83"},"modified":"2020-04-24T17:46:42","modified_gmt":"2020-04-24T17:46:42","slug":"enlaces","status":"publish","type":"page","link":"https:\/\/blogsaverroes.juntadeandalucia.es\/alunada\/enlaces\/","title":{"rendered":"Enlaces"},"content":{"rendered":"<h1 style=\"text-align: justify;\"><span style=\"color: #0000ff;\">Blogs del centro<\/span><\/h1>\n<ul style=\"text-align: justify;\">\n<li><a title=\"Ir\" href=\"http:\/\/alunada-english.blogspot.com.es\/\" target=\"_blank\" rel=\"noopener noreferrer\">Alunada English<\/a>.<\/li>\n<li><a title=\"Ir\" href=\"http:\/\/bibliotecalunydeli.blogspot.com.es\/\" target=\"_blank\" rel=\"noopener noreferrer\">Biblioteca Alunydeli<\/a>.<\/li>\n<li><a href=\"https:\/\/efencasaalunada.blogspot.com\/\">Educaci\u00f3n F\u00edsica<\/a><\/li>\n<li><a title=\"Ir\" href=\"http:\/\/grupoteatroluna.blogspot.com.es\/\" target=\"_blank\" rel=\"noopener noreferrer\">Religi\u00f3n, Arte y Teatro Luna<\/a>.<\/li>\n<li><a title=\"Ir\" href=\"http:\/\/pekesalunada.blogspot.com.es\/\" target=\"_blank\" rel=\"noopener noreferrer\">Pekesalunada<\/a>.<\/li>\n<li><a href=\"http:\/\/primeroalunada.blogspot.com.es\/\" target=\"_blank\" rel=\"noopener noreferrer\">Primero en Alunada<\/a>.<\/li>\n<li><a href=\"http:\/\/segundoalunada.blogspot.com.es\/\">Segundo en Alunada<\/a>.<\/li>\n<li><a href=\"https:\/\/terceroalunada.blogspot.com\/\">TERCERO ALUNADA CURSO 2019\/20<\/a><\/li>\n<li><a href=\"https:\/\/pinedaj12.wixsite.com\/terceroenalunada\">Tercero en Alunada<\/a>.<\/li>\n<li><a href=\"https:\/\/pinedaj12.wixsite.com\/cuartoenalunada\">Cuarto en Alunada.<\/a><\/li>\n<li><a href=\"https:\/\/quintoaalunada.blogspot.com\/\">QUINTO ALUNADA<\/a><\/li>\n<li><a href=\"http:\/\/segundociclolaalunada.blogspot.com.es\/\">2\u00ba Ciclo La Alunada.<\/a><\/li>\n<li>&nbsp;<\/li>\n<\/ul>\n<h2 style=\"text-align: justify;\">&nbsp;<span style=\"color: #ff0000;\">Hist\u00f3ricos<\/span><\/h2>\n<ul style=\"text-align: justify;\">\n<li><a title=\"Ir\" href=\"http:\/\/www.spipedu.es\/alunada\/\" target=\"_blank\" rel=\"noopener noreferrer\">Antiguo sitio web del colegio<\/a>.<\/li>\n<li>La cripta.\n<ul>\n<li><a title=\"Ir\" href=\"http:\/\/ampaceipalunada.blogspot.com.es\/\" target=\"_blank\" rel=\"noopener noreferrer\">AMPA del Colegio La Alunada<\/a>.<\/li>\n<li><a title=\"Ir\" href=\"http:\/\/alunadaef.blogspot.com.es\/\" target=\"_blank\" rel=\"noopener noreferrer\">Educaci\u00f3n F\u00edsica CEIP La Alunada<\/a>.<\/li>\n<li><a title=\"Ir\" href=\"http:\/\/quintobalunada.blogspot.com.es\/\" target=\"_blank\" rel=\"noopener noreferrer\">Alunada Quinto B<\/a>.<\/li>\n<li><a title=\"Ir\" href=\"http:\/\/sextobalunada2014.blogspot.com.es\/\" target=\"_blank\" rel=\"noopener noreferrer\">Sexto B 2014<\/a>.<\/li>\n<\/ul>\n<\/li>\n<\/ul>\n<h1 style=\"text-align: justify;\">Interesantes<\/h1>\n<h2 style=\"text-align: justify;\">Inter\u00e9s para el alumnado<\/h2>\n<h2 style=\"text-align: justify;\">Inter\u00e9s para familiares y\/o tutores\/as<\/h2>\n<ul style=\"text-align: justify;\">\n<li><a title=\"Ir\" href=\"https:\/\/www.gdt.guardiacivil.es\/webgdt\/enlaces.php\" target=\"_blank\" rel=\"noopener noreferrer\">Enlaces de Seguridad Telem\u00e1tica<\/a> (GDT de la Guardia Civil).<\/li>\n<li><a title=\"Ir\" href=\"https:\/\/www.gdt.guardiacivil.es\/webgdt\/x1red+segura.php\" target=\"_blank\" rel=\"noopener noreferrer\"><em>X1Red+Segura Informando y Educando V1.0<\/em><\/a> (Libro sobre seguridad en la red).<\/li>\n<\/ul>\n<h1 style=\"text-align: justify;\">Institucionales<\/h1>\n<h2 style=\"text-align: justify;\">Nacionales<\/h2>\n<ul style=\"text-align: justify;\">\n<li><a title=\"Ir\" href=\"http:\/\/www.mecd.gob.es\/portada-mecd\/\" target=\"_blank\" rel=\"noopener noreferrer\">Ministerio de Educaci\u00f3n, Cultura y Deporte<\/a>.<\/li>\n<li><a title=\"Ir\" href=\"http:\/\/www.mecd.gob.es\/servicios-al-ciudadano-mecd\/catalogo-servicios\/becas-ayudas-subvenciones.html\" target=\"_blank\" rel=\"noopener noreferrer\">Becas, Ayudas, Subvenciones y Premios del Ministerio de Educaci\u00f3n, Cultura y Deporte<\/a>.<\/li>\n<li><a title=\"Ir\" href=\"http:\/\/www.mecd.gob.es\/educacion-mecd\/areas-educacion\/sistema-educativo.html\" target=\"_blank\" rel=\"noopener noreferrer\">Sistema Educativo del Ministerio de Educaci\u00f3n, Cultura y Deporte<\/a>.<\/li>\n<\/ul>\n<h2 style=\"text-align: justify;\">&nbsp;Auton\u00f3micos<\/h2>\n<ul style=\"text-align: justify;\">\n<li><a title=\"Ir\" href=\"http:\/\/www.juntadeandalucia.es\/index.html\" target=\"_blank\" rel=\"noopener noreferrer\">Junta de Andaluc\u00eda<\/a>.<\/li>\n<li><a title=\"Ir\" href=\"http:\/\/www.juntadeandalucia.es\/educacion\" target=\"_blank\" rel=\"noopener noreferrer\">Consejer\u00eda de Educaci\u00f3n<\/a>.<\/li>\n<li><a title=\"Ir\" href=\"http:\/\/www.juntadeandalucia.es\/organismos\/educacionculturaydeporte.html\" target=\"_blank\" rel=\"noopener noreferrer\">Consejer\u00eda de Educaci\u00f3n, Cultura y Deporte de la Junta de Andaluc\u00eda<\/a>.<\/li>\n<li><a title=\"Ir\" href=\"http:\/\/www.juntadeandalucia.es\/educacion\/webportal\/web\/becas-y-ayudas\" target=\"_blank\" rel=\"noopener noreferrer\">Becas y Ayudas de la Junta de Andaluc\u00eda<\/a>.<\/li>\n<li><a title=\"Ir\" href=\"http:\/\/agrega.juntadeandalucia.es\/visualizadorcontenidos2\/Portada\/Portada.do;jsessionid=616D3CC285149C41F2739F59448BBA79\" target=\"_blank\" rel=\"noopener noreferrer\">Portal Agrega de la Junta de Andaluc\u00eda<\/a>.<\/li>\n<li><a title=\"Ir\" href=\"http:\/\/www.juntadeandalucia.es\/educacion\/portalaverroes\" target=\"_blank\" rel=\"noopener noreferrer\">Portal Averroes de la Junta de Andaluc\u00eda<\/a>.<\/li>\n<li><a title=\"Ir\" href=\"http:\/\/www.juntadeandalucia.es\/educacion\/portalseneca\/web\/pasen\/inicio\" target=\"_blank\" rel=\"noopener noreferrer\">Portal Pasen de la Junta de Andaluc\u00eda<\/a>.<\/li>\n<\/ul>\n<h2 style=\"text-align: justify;\">&nbsp;Boletines<\/h2>\n<ul>\n<li style=\"text-align: justify;\"><a title=\"Ir\" href=\"http:\/\/www.boe.es\/\" target=\"_blank\" rel=\"noopener noreferrer\">BOE &#8211; Agencia Estatal Bolet\u00edn Oficial del Estado<\/a>.<\/li>\n<li style=\"text-align: justify;\"><a title=\"Ir\" href=\"http:\/\/www.juntadeandalucia.es\/eboja\/2015\/32\/index.html\" target=\"_blank\" rel=\"noopener noreferrer\">BOJA &#8211; Bolet\u00edn Oficial de la Junta de Andaluc\u00eda<\/a>.<\/li>\n<\/ul>\n","protected":false},"excerpt":{"rendered":"<p>Blogs del centro Alunada English. Biblioteca Alunydeli. Educaci\u00f3n F\u00edsica Religi\u00f3n, Arte y Teatro Luna. Pekesalunada. Primero en Alunada. Segundo en Alunada. TERCERO ALUNADA CURSO 2019\/20 Tercero en Alunada. Cuarto en Alunada. QUINTO ALUNADA 2\u00ba Ciclo La Alunada. &nbsp; &nbsp;Hist\u00f3ricos Antiguo&#46;&#46;&#46;<\/p>\n","protected":false},"author":1514,"featured_media":0,"parent":0,"menu_order":0,"comment_status":"open","ping_status":"open","template":"","meta":{"ngg_post_thumbnail":0,"footnotes":""},"aioseo_notices":[],"_links":{"self":[{"href":"https:\/\/blogsaverroes.juntadeandalucia.es\/alunada\/wp-json\/wp\/v2\/pages\/83"}],"collection":[{"href":"https:\/\/blogsaverroes.juntadeandalucia.es\/alunada\/wp-json\/wp\/v2\/pages"}],"about":[{"href":"https:\/\/blogsaverroes.juntadeandalucia.es\/alunada\/wp-json\/wp\/v2\/types\/page"}],"author":[{"embeddable":true,"href":"https:\/\/blogsaverroes.juntadeandalucia.es\/alunada\/wp-json\/wp\/v2\/users\/1514"}],"replies":[{"embeddable":true,"href":"https:\/\/blogsaverroes.juntadeandalucia.es\/alunada\/wp-json\/wp\/v2\/comments?post=83"}],"version-history":[{"count":27,"href":"https:\/\/blogsaverroes.juntadeandalucia.es\/alunada\/wp-json\/wp\/v2\/pages\/83\/revisions"}],"predecessor-version":[{"id":3423,"href":"https:\/\/blogsaverroes.juntadeandalucia.es\/alunada\/wp-json\/wp\/v2\/pages\/83\/revisions\/3423"}],"wp:attachment":[{"href":"https:\/\/blogsaverroes.juntadeandalucia.es\/alunada\/wp-json\/wp\/v2\/media?parent=83"}],"curies":[{"name":"wp","href":"https:\/\/api.w.org\/{rel}","templated":true}]}}