{"id":123,"date":"2020-06-04T10:44:51","date_gmt":"2020-06-04T08:44:51","guid":{"rendered":"https:\/\/blogsaverroes.juntadeandalucia.es\/alviqui13\/?page_id=123"},"modified":"2020-06-08T12:01:31","modified_gmt":"2020-06-08T10:01:31","slug":"arbol-abc-com","status":"publish","type":"page","link":"https:\/\/blogsaverroes.juntadeandalucia.es\/alviqui13\/arbol-abc-com\/","title":{"rendered":"ARBOL ABC.COM"},"content":{"rendered":"<p><a href=\"https:\/\/arbolabc.com\"> <img decoding=\"async\" src=\"https:\/\/arbolabc.nyc3.cdn.digitaloceanspaces.com\/Enlazanos\/logo_lulu.png\" alt=\"\u00c1rbol ABC juegos educativos para ni\u00f1os\"> <\/a><\/p>\n<p>\u00c1rbol ABC juegos educativos para ni\u00f1os<\/p>\n<p>&nbsp;<\/p>\n<p><a href=\"https:\/\/arbolabc.com\/juegos-para-ninos-de-preescolar\"> <img decoding=\"async\" src=\"https:\/\/arbolabc.nyc3.cdn.digitaloceanspaces.com\/Enlazanos\/explore_btn2.png\" alt=\"\u00c1rbol ABC Juegos para ni\u00f1os de preescolar\"> <\/a><\/p>\n<p>\u00c1rbol ABC juegos para ni\u00f1os de preescolar\u00bb<\/p>\n<p>&nbsp;<\/p>\n<p><a href=\"https:\/\/arbolabc.com\/juegos-para-ninos-6-y-7-anos\"> <img decoding=\"async\" src=\"https:\/\/arbolabc.nyc3.cdn.digitaloceanspaces.com\/Enlazanos\/curiosos_btn2.png\" alt=\"\u00c1rbol ABC Juegos para ni\u00f1os de 6 y 7 a\u00f1os\"> <\/a><\/p>\n<p>\u00c1rbol ABC juegos para ni\u00f1os de 6 y 7 a\u00f1os<\/p>\n<p>&nbsp;<\/p>\n<p><a href=\"https:\/\/arbolabc.com\/lecturas-cortas-para-ni\u00f1os\"> <img decoding=\"async\" src=\"https:\/\/arbolabc.nyc3.cdn.digitaloceanspaces.com\/Enlazanos\/lectores_160X135.png\" alt=\"\u00c1rbol ABC lecturas cortas para ni\u00f1os\"> <\/a><\/p>\n<p>\u00c1rbol ABC lecturas cortas para ni\u00f1os<\/p>\n<p>&nbsp;<\/p>\n<p><a href=\"https:\/\/arbolabc.com\/juegos-de-matematicas\"> <img decoding=\"async\" src=\"https:\/\/arbolabc.nyc3.cdn.digitaloceanspaces.com\/Enlazanos\/img-matematicas150.png\" alt=\"\u00c1rbol ABC Juegos de matem\u00e1ticas para ni\u00f1os\"><\/a><\/p>\n<p>\u00c1rbol ABC juegos de matem\u00e1ticas para ni\u00f1os<\/p>\n<p>&nbsp;<\/p>\n<p><a href=\"https:\/\/arbolabc.com\/juegos-del-abecedario\"> <img decoding=\"async\" src=\"https:\/\/arbolabc.nyc3.cdn.digitaloceanspaces.com\/Enlazanos\/img-lenguaje150.png\" alt=\"\u00c1rbol ABC Juegos del abecedario para ni\u00f1os\"><\/a><\/p>\n<p>\u00c1rbol ABC juegos del abecedario para ni\u00f1os<\/p>\n<p>&nbsp;<\/p>\n<p><a href=\"https:\/\/arbolabc.com\/cuentos-infantiles-cortos\"> <img decoding=\"async\" src=\"https:\/\/arbolabc.nyc3.cdn.digitaloceanspaces.com\/Enlazanos\/img-libros150.png\" alt=\"\u00c1rbol ABC Cuentos infantiles cortos\"><\/a><\/p>\n<p>\u00c1rbol ABC cuentos infantiles cortos<\/p>\n<p>&nbsp;<\/p>\n<p><a href=\"https:\/\/arbolabc.com\/canciones-infantiles\"> <img decoding=\"async\" src=\"https:\/\/arbolabc.nyc3.cdn.digitaloceanspaces.com\/Enlazanos\/img-canciones150.png\" alt=\"\u00c1rbol ABC Canciones infantiles\"><\/a><\/p>\n<p>\u00c1rbol ABC canciones infantiles<\/p>\n<p>&nbsp;<\/p>\n<p><a href=\"https:\/\/arbolabc.com\/juegos-infantiles\"> <img decoding=\"async\" src=\"https:\/\/arbolabc.nyc3.cdn.digitaloceanspaces.com\/Enlazanos\/img-diversion150.png\" alt=\"\u00c1rbol ABC Juegos infantiles\"><\/a><\/p>\n<p>\u00c1rbol ABC juegos infantiles<\/p>\n<p>&nbsp;<\/p>\n<p><a href=\"https:\/\/arbolabc.com\/ciencia-para-ni\u00f1os\"> <img decoding=\"async\" src=\"https:\/\/arbolabc.nyc3.cdn.digitaloceanspaces.com\/Enlazanos\/img-ciencia150.png\" alt=\"\u00c1rbol ABC Ciencias y experimentos caseros para ni\u00f1os\"><\/a><\/p>\n<p>\u00c1rbol ABC ciencias para ni\u00f1os<\/p>\n<p>&nbsp;<\/p>\n<p><a href=\"https:\/\/arbolabc.com\/adivinanzas-para-ninos\"> <img decoding=\"async\" src=\"https:\/\/arbolabc.nyc3.cdn.digitaloceanspaces.com\/Enlazanos\/img-adivinanzas150.png\" alt=\"\u00c1rbol ABC Adivinanzas para ni\u00f1os\"><\/a><\/p>\n<p>\u00c1rbol ABC adivinanzas para ni\u00f1os<\/p>\n<p>&nbsp;<\/p>\n<p><a href=\"https:\/\/arbolabc.com\/trabalenguas-para-ninos\"> <img decoding=\"async\" src=\"https:\/\/arbolabc.nyc3.cdn.digitaloceanspaces.com\/Enlazanos\/img-trabalenguas150.png\" alt=\"\u00c1rbol ABC Trabalenguas para ni\u00f1os\"><\/a><\/p>\n<p>\u00c1rbol ABC trabalenguas para ni\u00f1os<\/p>\n<p>&nbsp;<\/p>\n<p><a href=\"https:\/\/arbolabc.com\/chistes-cortos-para-ninos\"> <img decoding=\"async\" src=\"https:\/\/arbolabc.nyc3.cdn.digitaloceanspaces.com\/Enlazanos\/img-chistes150.png\" alt=\"\u00c1rbol ABC Chistes cortos para ni\u00f1os\"><\/a><\/p>\n<p>\u00c1rbol ABC chistes cortos para ni\u00f1os<\/p>\n<p>Copyright \u00a9 2016 \u00c1rbol ABC, L.L.C. &#8211; juegos educativos para ni\u00f1os. Todos los derechos reservados.<\/p>\n","protected":false},"excerpt":{"rendered":"<p>\u00c1rbol ABC juegos educativos para ni\u00f1os &nbsp; \u00c1rbol ABC juegos para ni\u00f1os de preescolar\u00bb &nbsp; \u00c1rbol ABC juegos para ni\u00f1os de 6 y 7 a\u00f1os &nbsp; \u00c1rbol ABC lecturas cortas para ni\u00f1os &nbsp; \u00c1rbol&#46;&#46;&#46;<\/p>\n","protected":false},"author":9994,"featured_media":0,"parent":0,"menu_order":0,"comment_status":"closed","ping_status":"closed","template":"","meta":{"ngg_post_thumbnail":0,"footnotes":""},"aioseo_notices":[],"_links":{"self":[{"href":"https:\/\/blogsaverroes.juntadeandalucia.es\/alviqui13\/wp-json\/wp\/v2\/pages\/123"}],"collection":[{"href":"https:\/\/blogsaverroes.juntadeandalucia.es\/alviqui13\/wp-json\/wp\/v2\/pages"}],"about":[{"href":"https:\/\/blogsaverroes.juntadeandalucia.es\/alviqui13\/wp-json\/wp\/v2\/types\/page"}],"author":[{"embeddable":true,"href":"https:\/\/blogsaverroes.juntadeandalucia.es\/alviqui13\/wp-json\/wp\/v2\/users\/9994"}],"replies":[{"embeddable":true,"href":"https:\/\/blogsaverroes.juntadeandalucia.es\/alviqui13\/wp-json\/wp\/v2\/comments?post=123"}],"version-history":[{"count":4,"href":"https:\/\/blogsaverroes.juntadeandalucia.es\/alviqui13\/wp-json\/wp\/v2\/pages\/123\/revisions"}],"predecessor-version":[{"id":145,"href":"https:\/\/blogsaverroes.juntadeandalucia.es\/alviqui13\/wp-json\/wp\/v2\/pages\/123\/revisions\/145"}],"wp:attachment":[{"href":"https:\/\/blogsaverroes.juntadeandalucia.es\/alviqui13\/wp-json\/wp\/v2\/media?parent=123"}],"curies":[{"name":"wp","href":"https:\/\/api.w.org\/{rel}","templated":true}]}}