{"id":11,"date":"2022-11-07T21:18:55","date_gmt":"2022-11-07T21:18:55","guid":{"rendered":"https:\/\/blogsaverroes.juntadeandalucia.es\/ambitocomunicacionespa2\/contact-us\/"},"modified":"2022-11-08T13:52:38","modified_gmt":"2022-11-08T13:52:38","slug":"contact-us","status":"publish","type":"page","link":"https:\/\/blogsaverroes.juntadeandalucia.es\/ambitocomunicacionespa2\/contact-us\/","title":{"rendered":"Contacta con nosotros"},"content":{"rendered":"<div class=\"mb-3\"><span style=\"font-size: 24pt\"><strong><img loading=\"lazy\" decoding=\"async\" class=\"\" src=\"https:\/\/i.pinimg.com\/originals\/89\/30\/60\/893060a1caa8220cd2c0155d24443eb0.jpg\" alt=\"icono de tel\u00e9fono icono de tel\u00e9fono s\u00edmbolo de aplicaci\u00f3n y ...\" width=\"67\" height=\"67\">Tel\u00e9fono: <\/strong><span style=\"color: #000000\">956257606&nbsp; &nbsp;<\/span><\/span><span style=\"font-size: 24pt\"><strong>&nbsp;<img loading=\"lazy\" decoding=\"async\" class=\"\" src=\"https:\/\/thumbs.dreamstime.com\/b\/vector-del-icono-de-impresora-s%C3%ADmbolo-ejemplo-mobiliario-oficinas-logotipo-fax-para-la-web-o-el-m%C3%B3vil-154413834.jpg\" alt=\"Vector Del Icono De Impresora S\u00edmbolo Del Ejemplo Del Mobiliario De Oficinas Logotipo Del Fax Stock de ilustraci\u00f3n - Ilustraci\u00f3n de tinta, prensa: 154413834\" width=\"75\" height=\"75\">Fax:<\/strong>&nbsp;956243246<\/span><\/div>\n<div>&nbsp;<\/div>\n<div class=\"mb-3\"><span style=\"font-size: 24pt\"><strong>&nbsp; <img loading=\"lazy\" decoding=\"async\" class=\"\" src=\"https:\/\/cdn-icons-png.flaticon.com\/512\/4804\/4804075.png\" alt=\"Correo electr\u00f3nico - Iconos gratis de comunicaciones\" width=\"49\" height=\"49\">&nbsp; Email:<\/strong>&nbsp;<a class=\"text-break\" href=\"mailto:11500389.edu@juntadeandalucia.es\" target=\"_blank\" rel=\"noopener noreferrer\">11500389.edu@juntadeandalucia.es<\/a><\/span><\/div>\n","protected":false},"excerpt":{"rendered":"<p>Tel\u00e9fono: 956257606&nbsp; &nbsp;&nbsp;Fax:&nbsp;956243246 &nbsp; &nbsp; &nbsp; Email:&nbsp;11500389.edu@juntadeandalucia.es<\/p>\n","protected":false},"author":1,"featured_media":0,"parent":0,"menu_order":0,"comment_status":"closed","ping_status":"closed","template":"","meta":{"ngg_post_thumbnail":0,"footnotes":""},"aioseo_notices":[],"_links":{"self":[{"href":"https:\/\/blogsaverroes.juntadeandalucia.es\/ambitocomunicacionespa2\/wp-json\/wp\/v2\/pages\/11"}],"collection":[{"href":"https:\/\/blogsaverroes.juntadeandalucia.es\/ambitocomunicacionespa2\/wp-json\/wp\/v2\/pages"}],"about":[{"href":"https:\/\/blogsaverroes.juntadeandalucia.es\/ambitocomunicacionespa2\/wp-json\/wp\/v2\/types\/page"}],"author":[{"embeddable":true,"href":"https:\/\/blogsaverroes.juntadeandalucia.es\/ambitocomunicacionespa2\/wp-json\/wp\/v2\/users\/1"}],"replies":[{"embeddable":true,"href":"https:\/\/blogsaverroes.juntadeandalucia.es\/ambitocomunicacionespa2\/wp-json\/wp\/v2\/comments?post=11"}],"version-history":[{"count":4,"href":"https:\/\/blogsaverroes.juntadeandalucia.es\/ambitocomunicacionespa2\/wp-json\/wp\/v2\/pages\/11\/revisions"}],"predecessor-version":[{"id":169,"href":"https:\/\/blogsaverroes.juntadeandalucia.es\/ambitocomunicacionespa2\/wp-json\/wp\/v2\/pages\/11\/revisions\/169"}],"wp:attachment":[{"href":"https:\/\/blogsaverroes.juntadeandalucia.es\/ambitocomunicacionespa2\/wp-json\/wp\/v2\/media?parent=11"}],"curies":[{"name":"wp","href":"https:\/\/api.w.org\/{rel}","templated":true}]}}