{"id":33,"date":"2018-08-08T11:30:05","date_gmt":"2018-08-08T11:30:05","guid":{"rendered":"https:\/\/themify.me\/demo\/themes\/ultra-education\/?page_id=34"},"modified":"2021-03-03T09:42:34","modified_gmt":"2021-03-03T09:42:34","slug":"contacto","status":"publish","type":"page","link":"https:\/\/blogsaverroes.juntadeandalucia.es\/americocastrofoodfactory\/contacto\/","title":{"rendered":"Contacto"},"content":{"rendered":"<p><!--themify_builder_static--><\/p>\n<p style=\"text-align: justify\"><strong>Si quieres conocer m\u00e1s sobre los ciclos de Formaci\u00f3n Profesional de Industrias Alimentarias que se imparten en el IES Am\u00e9rico Castro, puedes ponerte en contacto con el centro en la siguiente direcci\u00f3n:<\/strong><\/p>\n<p style=\"text-align: justify\">IES Am\u00e9rico Castro<\/p>\n<p style=\"text-align: justify\">C\/Juan Ram\u00f3n Jim\u00e9nez s\/n<\/p>\n<p style=\"text-align: justify\">18360 &#8211; Hu\u00e9tor T\u00e1jar<\/p>\n<p style=\"text-align: justify\">Tlf: 958 33 89 44<\/p>\n<p style=\"text-align: justify\">Email: industriasalimentarias@iesamericocastro.com<\/p>\n","protected":false},"excerpt":{"rendered":"<p>Si quieres conocer m\u00e1s sobre los ciclos de Formaci\u00f3n Profesional de Industrias Alimentarias que se imparten en el IES Am\u00e9rico Castro, puedes ponerte en contacto con el centro en la siguiente direcci\u00f3n: IES Am\u00e9rico&#46;&#46;&#46;<\/p>\n","protected":false},"author":4031,"featured_media":267,"parent":0,"menu_order":0,"comment_status":"closed","ping_status":"closed","template":"","meta":{"ngg_post_thumbnail":0,"footnotes":""},"aioseo_notices":[],"_links":{"self":[{"href":"https:\/\/blogsaverroes.juntadeandalucia.es\/americocastrofoodfactory\/wp-json\/wp\/v2\/pages\/33"}],"collection":[{"href":"https:\/\/blogsaverroes.juntadeandalucia.es\/americocastrofoodfactory\/wp-json\/wp\/v2\/pages"}],"about":[{"href":"https:\/\/blogsaverroes.juntadeandalucia.es\/americocastrofoodfactory\/wp-json\/wp\/v2\/types\/page"}],"author":[{"embeddable":true,"href":"https:\/\/blogsaverroes.juntadeandalucia.es\/americocastrofoodfactory\/wp-json\/wp\/v2\/users\/4031"}],"replies":[{"embeddable":true,"href":"https:\/\/blogsaverroes.juntadeandalucia.es\/americocastrofoodfactory\/wp-json\/wp\/v2\/comments?post=33"}],"version-history":[{"count":6,"href":"https:\/\/blogsaverroes.juntadeandalucia.es\/americocastrofoodfactory\/wp-json\/wp\/v2\/pages\/33\/revisions"}],"predecessor-version":[{"id":588,"href":"https:\/\/blogsaverroes.juntadeandalucia.es\/americocastrofoodfactory\/wp-json\/wp\/v2\/pages\/33\/revisions\/588"}],"wp:featuredmedia":[{"embeddable":true,"href":"https:\/\/blogsaverroes.juntadeandalucia.es\/americocastrofoodfactory\/wp-json\/wp\/v2\/media\/267"}],"wp:attachment":[{"href":"https:\/\/blogsaverroes.juntadeandalucia.es\/americocastrofoodfactory\/wp-json\/wp\/v2\/media?parent=33"}],"curies":[{"name":"wp","href":"https:\/\/api.w.org\/{rel}","templated":true}]}}