{"id":2421,"date":"2015-06-27T21:15:14","date_gmt":"2015-06-27T21:15:14","guid":{"rendered":"http:\/\/blogsaverroes.juntadeandalucia.es\/ampaolea\/?page_id=2421"},"modified":"2023-06-18T17:53:59","modified_gmt":"2023-06-18T17:53:59","slug":"socios","status":"publish","type":"page","link":"https:\/\/blogsaverroes.juntadeandalucia.es\/ampaolea\/socios\/","title":{"rendered":"SOCIOS &#8211; COMERCIOS"},"content":{"rendered":"<p style=\"text-align: center\">AN\u00cdMATE!!, NO SEAS EL \u00daLTIMO EN ASOCIARTE!<\/p>\n<p><span style=\"text-decoration: underline\"><strong>Invitamos a cualquier persona que tenga ganas de trabajar y colaborar con sus ideas o con su tiempo.<\/strong><\/span><br \/>\nCu\u00e1ntos m\u00e1s socios, M\u00c1S PARTICIPACI\u00d3N, y m\u00e1s iniciativas podr\u00e1n llevarse a cabo. Cuanto m\u00e1s socios,&nbsp; y con&nbsp; m\u00e1s&nbsp; fondos contemos, m\u00e1s inversiones conseguiremos.<br \/>\n<strong><a href=\"https:\/\/docs.google.com\/forms\/d\/e\/1FAIpQLScxw2AYnMYSQ2OOEb961KqIM0PgRSa0MPYNJc1j9fxB6V4AWw\/viewform\" target=\"_blank\" rel=\"noopener noreferrer\">La ficha de inscripci\u00f3n puedes rellenarla aqu\u00ed ON-LINE&nbsp;<\/a><\/strong><br \/>\n<strong>Adem\u00e1s de cumplimentar la ficha de inscripci\u00f3n, debes ingresar&nbsp; los 20\u20ac de cuota anual en la siguiente cuenta bancaria:&nbsp;<\/strong><\/p>\n<p>Nuestra cuenta bancaria es:<br \/>\nTriodos Bank&nbsp; &nbsp; &nbsp;ES49 1491 0001 2930 0013 3268<\/p>\n<p><strong>Tambi\u00e9n puede<a href=\"https:\/\/blogsaverroes.juntadeandalucia.es\/ampaolea\/files\/2023\/06\/Ficha-inscripci\u00f3n-AMPA-23-24.pdf\" target=\"_blank\" rel=\"noopener noreferrer\">s descargarte esta ficha<\/a><a href=\"https:\/\/blogsaverroes.juntadeandalucia.es\/ampaolea\/files\/2020\/12\/Ficha-inscripci\u00f3n-AMPA-20-21.pdf\" target=\"_blank\" rel=\"noopener noreferrer\">,<\/a> cumplimentarla a mano y&nbsp; hacernosla llegar junto al justificante de pago, a nuestro e-mail:&nbsp; &nbsp; ampaolea.palomares@gmail.com<\/strong><\/p>\n<p>Al asociarte se te ofrece un <strong><span style=\"text-decoration: underline\">carn\u00e9<\/span> <\/strong>que te permite obtener beneficios econ\u00f3micos en estos <a href=\"https:\/\/blogsaverroes.juntadeandalucia.es\/ampaolea\/files\/2022\/10\/COMERCIOS-COLABORADORES-01-10-2022.pdf\" target=\"_blank\" rel=\"noopener noreferrer\">COMERCIOS a fecha de 19 de octubre de 2022 (listado en constante actualizaci\u00f3n)<\/a><\/p>\n<p>Entre las cuatro AMPAs del pueblo, iremos poco a poco ampliando o actualizando el listado de comercios que ofrecen descuentos.&nbsp;<\/p>\n<p>&nbsp;<\/p>\n<p><img loading=\"lazy\" decoding=\"async\" class=\"alignleft wp-image-6798 size-medium\" src=\"https:\/\/blogsaverroes.juntadeandalucia.es\/ampaolea\/files\/2015\/06\/WhatsApp-Image-2018-10-29-at-10.41.53-300x196.jpeg\" alt=\"\" width=\"300\" height=\"196\" srcset=\"https:\/\/blogsaverroes.juntadeandalucia.es\/ampaolea\/files\/2015\/06\/WhatsApp-Image-2018-10-29-at-10.41.53-300x196.jpeg 300w, https:\/\/blogsaverroes.juntadeandalucia.es\/ampaolea\/files\/2015\/06\/WhatsApp-Image-2018-10-29-at-10.41.53-24x16.jpeg 24w, https:\/\/blogsaverroes.juntadeandalucia.es\/ampaolea\/files\/2015\/06\/WhatsApp-Image-2018-10-29-at-10.41.53-36x24.jpeg 36w, https:\/\/blogsaverroes.juntadeandalucia.es\/ampaolea\/files\/2015\/06\/WhatsApp-Image-2018-10-29-at-10.41.53-48x31.jpeg 48w, https:\/\/blogsaverroes.juntadeandalucia.es\/ampaolea\/files\/2015\/06\/WhatsApp-Image-2018-10-29-at-10.41.53.jpeg 626w\" sizes=\"(max-width: 300px) 100vw, 300px\" \/><img loading=\"lazy\" decoding=\"async\" class=\"size-medium wp-image-6799 alignright\" src=\"https:\/\/blogsaverroes.juntadeandalucia.es\/ampaolea\/files\/2015\/06\/WhatsApp-Image-2018-10-29-at-10.45.25-300x195.jpeg\" alt=\"\" width=\"300\" height=\"195\" srcset=\"https:\/\/blogsaverroes.juntadeandalucia.es\/ampaolea\/files\/2015\/06\/WhatsApp-Image-2018-10-29-at-10.45.25-300x195.jpeg 300w, https:\/\/blogsaverroes.juntadeandalucia.es\/ampaolea\/files\/2015\/06\/WhatsApp-Image-2018-10-29-at-10.45.25-24x16.jpeg 24w, https:\/\/blogsaverroes.juntadeandalucia.es\/ampaolea\/files\/2015\/06\/WhatsApp-Image-2018-10-29-at-10.45.25-36x23.jpeg 36w, https:\/\/blogsaverroes.juntadeandalucia.es\/ampaolea\/files\/2015\/06\/WhatsApp-Image-2018-10-29-at-10.45.25-48x31.jpeg 48w, https:\/\/blogsaverroes.juntadeandalucia.es\/ampaolea\/files\/2015\/06\/WhatsApp-Image-2018-10-29-at-10.45.25.jpeg 620w\" sizes=\"(max-width: 300px) 100vw, 300px\" \/><\/p>\n<p>&nbsp;<\/p>\n<p>&nbsp;<\/p>\n<p>&nbsp;<\/p>\n<p>&nbsp;<\/p>\n<p>&nbsp;<\/p>\n<p>&nbsp;<\/p>\n<p>Carn\u00e9s de otros a\u00f1os<\/p>\n<p><a href=\"http:\/\/blogsaverroes.juntadeandalucia.es\/ampaolea\/files\/2015\/11\/carne1invalidado.jpg\"><img loading=\"lazy\" decoding=\"async\" class=\" size-thumbnail wp-image-2907 alignleft\" src=\"http:\/\/blogsaverroes.juntadeandalucia.es\/ampaolea\/files\/2015\/11\/carne1invalidado-150x150.jpg\" alt=\"carne1invalidado\" width=\"150\" height=\"150\" srcset=\"https:\/\/blogsaverroes.juntadeandalucia.es\/ampaolea\/files\/2015\/11\/carne1invalidado-150x150.jpg 150w, https:\/\/blogsaverroes.juntadeandalucia.es\/ampaolea\/files\/2015\/11\/carne1invalidado-100x100.jpg 100w, https:\/\/blogsaverroes.juntadeandalucia.es\/ampaolea\/files\/2015\/11\/carne1invalidado-432x432.jpg 432w, https:\/\/blogsaverroes.juntadeandalucia.es\/ampaolea\/files\/2015\/11\/carne1invalidado-268x268.jpg 268w\" sizes=\"(max-width: 150px) 100vw, 150px\" \/><\/a><a href=\"http:\/\/blogsaverroes.juntadeandalucia.es\/ampaolea\/files\/2015\/11\/carne2invalidado.jpg\"><img loading=\"lazy\" decoding=\"async\" class=\" size-thumbnail wp-image-2906 alignleft\" src=\"http:\/\/blogsaverroes.juntadeandalucia.es\/ampaolea\/files\/2015\/11\/carne2invalidado-150x150.jpg\" alt=\"carne2invalidado\" width=\"150\" height=\"150\" srcset=\"https:\/\/blogsaverroes.juntadeandalucia.es\/ampaolea\/files\/2015\/11\/carne2invalidado-150x150.jpg 150w, https:\/\/blogsaverroes.juntadeandalucia.es\/ampaolea\/files\/2015\/11\/carne2invalidado-100x100.jpg 100w, https:\/\/blogsaverroes.juntadeandalucia.es\/ampaolea\/files\/2015\/11\/carne2invalidado-432x432.jpg 432w, https:\/\/blogsaverroes.juntadeandalucia.es\/ampaolea\/files\/2015\/11\/carne2invalidado-268x268.jpg 268w\" sizes=\"(max-width: 150px) 100vw, 150px\" \/><\/a><\/p>\n","protected":false},"excerpt":{"rendered":"<p>AN\u00cdMATE!!, NO SEAS EL \u00daLTIMO EN ASOCIARTE! Invitamos a cualquier persona que tenga ganas de trabajar y colaborar con sus ideas o con su tiempo. Cu\u00e1ntos m\u00e1s socios, M\u00c1S PARTICIPACI\u00d3N, y m\u00e1s iniciativas podr\u00e1n&#46;&#46;&#46;<\/p>\n","protected":false},"author":1806,"featured_media":0,"parent":0,"menu_order":0,"comment_status":"closed","ping_status":"open","template":"","meta":{"ngg_post_thumbnail":0,"footnotes":"","_mc_calendar":[]},"aioseo_notices":[],"_links":{"self":[{"href":"https:\/\/blogsaverroes.juntadeandalucia.es\/ampaolea\/wp-json\/wp\/v2\/pages\/2421"}],"collection":[{"href":"https:\/\/blogsaverroes.juntadeandalucia.es\/ampaolea\/wp-json\/wp\/v2\/pages"}],"about":[{"href":"https:\/\/blogsaverroes.juntadeandalucia.es\/ampaolea\/wp-json\/wp\/v2\/types\/page"}],"author":[{"embeddable":true,"href":"https:\/\/blogsaverroes.juntadeandalucia.es\/ampaolea\/wp-json\/wp\/v2\/users\/1806"}],"replies":[{"embeddable":true,"href":"https:\/\/blogsaverroes.juntadeandalucia.es\/ampaolea\/wp-json\/wp\/v2\/comments?post=2421"}],"version-history":[{"count":75,"href":"https:\/\/blogsaverroes.juntadeandalucia.es\/ampaolea\/wp-json\/wp\/v2\/pages\/2421\/revisions"}],"predecessor-version":[{"id":2477,"href":"https:\/\/blogsaverroes.juntadeandalucia.es\/ampaolea\/wp-json\/wp\/v2\/pages\/2421\/revisions\/2477"}],"wp:attachment":[{"href":"https:\/\/blogsaverroes.juntadeandalucia.es\/ampaolea\/wp-json\/wp\/v2\/media?parent=2421"}],"curies":[{"name":"wp","href":"https:\/\/api.w.org\/{rel}","templated":true}]}}