{"id":1004,"date":"2021-11-29T10:16:05","date_gmt":"2021-11-29T09:16:05","guid":{"rendered":"https:\/\/blogsaverroes.juntadeandalucia.es\/angelcampano\/?page_id=1004"},"modified":"2021-11-29T10:16:05","modified_gmt":"2021-11-29T09:16:05","slug":"fiesta-del-otono-2021","status":"publish","type":"page","link":"https:\/\/blogsaverroes.juntadeandalucia.es\/angelcampano\/fiesta-del-otono-2021\/","title":{"rendered":"Fiesta del Oto\u00f1o 2021."},"content":{"rendered":"<p>Buenos d\u00edas, os dejo un video de las actividades m\u00e1s destacadas de la fiesta del oto\u00f1o.<\/p>\n<p><iframe loading=\"lazy\" title=\"Fiesta del Oto\u00f1o 2021\" width=\"1080\" height=\"608\" src=\"https:\/\/www.youtube.com\/embed\/fQhAhTzYZs8?feature=oembed\" frameborder=\"0\" allow=\"accelerometer; autoplay; clipboard-write; encrypted-media; gyroscope; picture-in-picture\" allowfullscreen><\/iframe><\/p>\n","protected":false},"excerpt":{"rendered":"<p>Buenos d\u00edas, os dejo un video de las actividades m\u00e1s destacadas de la fiesta del oto\u00f1o.<\/p>\n","protected":false},"author":12188,"featured_media":0,"parent":0,"menu_order":0,"comment_status":"closed","ping_status":"closed","template":"","meta":{"_et_pb_use_builder":"","_et_pb_old_content":"","_et_gb_content_width":"","ngg_post_thumbnail":0,"footnotes":""},"aioseo_notices":[],"_links":{"self":[{"href":"https:\/\/blogsaverroes.juntadeandalucia.es\/angelcampano\/wp-json\/wp\/v2\/pages\/1004"}],"collection":[{"href":"https:\/\/blogsaverroes.juntadeandalucia.es\/angelcampano\/wp-json\/wp\/v2\/pages"}],"about":[{"href":"https:\/\/blogsaverroes.juntadeandalucia.es\/angelcampano\/wp-json\/wp\/v2\/types\/page"}],"author":[{"embeddable":true,"href":"https:\/\/blogsaverroes.juntadeandalucia.es\/angelcampano\/wp-json\/wp\/v2\/users\/12188"}],"replies":[{"embeddable":true,"href":"https:\/\/blogsaverroes.juntadeandalucia.es\/angelcampano\/wp-json\/wp\/v2\/comments?post=1004"}],"version-history":[{"count":1,"href":"https:\/\/blogsaverroes.juntadeandalucia.es\/angelcampano\/wp-json\/wp\/v2\/pages\/1004\/revisions"}],"predecessor-version":[{"id":1006,"href":"https:\/\/blogsaverroes.juntadeandalucia.es\/angelcampano\/wp-json\/wp\/v2\/pages\/1004\/revisions\/1006"}],"wp:attachment":[{"href":"https:\/\/blogsaverroes.juntadeandalucia.es\/angelcampano\/wp-json\/wp\/v2\/media?parent=1004"}],"curies":[{"name":"wp","href":"https:\/\/api.w.org\/{rel}","templated":true}]}}