{"id":86,"date":"2021-12-04T08:28:51","date_gmt":"2021-12-04T08:28:51","guid":{"rendered":"https:\/\/blogsaverroes.juntadeandalucia.es\/anteseracampo\/?page_id=86"},"modified":"2021-12-05T06:24:48","modified_gmt":"2021-12-05T06:24:48","slug":"recapacicla","status":"publish","type":"page","link":"https:\/\/blogsaverroes.juntadeandalucia.es\/anteseracampo\/recapacicla\/","title":{"rendered":"RECAPACICLA"},"content":{"rendered":"<p><strong>L\u00ednea de actuaci\u00f3n Recapacicla<\/strong>:<\/p>\n<p><strong>Objetivos espec\u00edficos:<\/strong><\/p>\n<ul>\n<li>Conocer el recorrido de los residuos desde que se generan en nuestro hogar hasta que llegan a ser reciclados The Journey of Mr Waste.<\/li>\n<\/ul>\n<ul>\n<li>Concienciar del problema que generan los residuos cuando no son separados correctamente.<\/li>\n<\/ul>\n<ul>\n<li>Mejorar los h\u00e1bitos de consumo y de separaci\u00f3n correcta de residuos, especialmente papel y basura electr\u00f3nica.<\/li>\n<\/ul>\n<p><strong>Contenidos espec\u00edficos:<\/strong><\/p>\n<ul>\n<li>Tipos de residuos y su impacto ambiental.<\/li>\n<li>Tipos de contenedores y puntos limpios.<\/li>\n<li>Importancia de la recogida de basura electr\u00f3nica.<\/li>\n<\/ul>\n","protected":false},"excerpt":{"rendered":"<p>L\u00ednea de actuaci\u00f3n Recapacicla: Objetivos espec\u00edficos: Conocer el recorrido de los residuos desde que se generan en nuestro hogar hasta que llegan a ser reciclados The Journey of Mr Waste. Concienciar del problema que&#46;&#46;&#46;<\/p>\n","protected":false},"author":11526,"featured_media":0,"parent":0,"menu_order":0,"comment_status":"closed","ping_status":"closed","template":"","meta":{"ngg_post_thumbnail":0,"footnotes":""},"aioseo_notices":[],"_links":{"self":[{"href":"https:\/\/blogsaverroes.juntadeandalucia.es\/anteseracampo\/wp-json\/wp\/v2\/pages\/86"}],"collection":[{"href":"https:\/\/blogsaverroes.juntadeandalucia.es\/anteseracampo\/wp-json\/wp\/v2\/pages"}],"about":[{"href":"https:\/\/blogsaverroes.juntadeandalucia.es\/anteseracampo\/wp-json\/wp\/v2\/types\/page"}],"author":[{"embeddable":true,"href":"https:\/\/blogsaverroes.juntadeandalucia.es\/anteseracampo\/wp-json\/wp\/v2\/users\/11526"}],"replies":[{"embeddable":true,"href":"https:\/\/blogsaverroes.juntadeandalucia.es\/anteseracampo\/wp-json\/wp\/v2\/comments?post=86"}],"version-history":[{"count":2,"href":"https:\/\/blogsaverroes.juntadeandalucia.es\/anteseracampo\/wp-json\/wp\/v2\/pages\/86\/revisions"}],"predecessor-version":[{"id":112,"href":"https:\/\/blogsaverroes.juntadeandalucia.es\/anteseracampo\/wp-json\/wp\/v2\/pages\/86\/revisions\/112"}],"wp:attachment":[{"href":"https:\/\/blogsaverroes.juntadeandalucia.es\/anteseracampo\/wp-json\/wp\/v2\/media?parent=86"}],"curies":[{"name":"wp","href":"https:\/\/api.w.org\/{rel}","templated":true}]}}