{"id":91,"date":"2021-12-04T08:39:03","date_gmt":"2021-12-04T08:39:03","guid":{"rendered":"https:\/\/blogsaverroes.juntadeandalucia.es\/anteseracampo\/?page_id=91"},"modified":"2021-12-05T07:00:37","modified_gmt":"2021-12-05T07:00:37","slug":"educaves-y-espacios-naturales","status":"publish","type":"page","link":"https:\/\/blogsaverroes.juntadeandalucia.es\/anteseracampo\/educaves-y-espacios-naturales\/","title":{"rendered":"EDUCAVES Y ESPACIOS NATURALES"},"content":{"rendered":"<p><strong>3.3. L\u00ednea de actuaci\u00f3n: Conservaci\u00f3n y mejora de la biodiversidad (educaves y espacios naturales)<\/strong><\/p>\n<p><strong>Objetivos espec\u00edficos: <\/strong><\/p>\n<ul>\n<li>Conocer la variedad de aves de nuestro entorno y sus h\u00e1bitats naturales<\/li>\n<li>Promover el inter\u00e9s por el conocimiento de los espacios naturales pr\u00f3ximos y de sus especies m\u00e1s emblem\u00e1ticas.<\/li>\n<li>Realizar entrevistas de temas de medioambientales a personas relacionadas con la biodiversidad y la conservaci\u00f3n.<\/li>\n<\/ul>\n<p><strong>Contenidos espec\u00edficos:<\/strong><\/p>\n<ul>\n<li>Especies aut\u00f3ctonas, al\u00f3ctonas, invasoras, amenazadas, en peligro<\/li>\n<li>Identificaci\u00f3n de las aves del entorno, h\u00e1bitats, reproducci\u00f3n, migraci\u00f3n, alimentaci\u00f3n.<\/li>\n<li>Importancia de preservar los ecosistemas y conocer nuestros espacios naturales.<\/li>\n<\/ul>\n","protected":false},"excerpt":{"rendered":"<p>3.3. L\u00ednea de actuaci\u00f3n: Conservaci\u00f3n y mejora de la biodiversidad (educaves y espacios naturales) Objetivos espec\u00edficos: Conocer la variedad de aves de nuestro entorno y sus h\u00e1bitats naturales Promover el inter\u00e9s por el conocimiento&#46;&#46;&#46;<\/p>\n","protected":false},"author":11526,"featured_media":0,"parent":0,"menu_order":0,"comment_status":"closed","ping_status":"closed","template":"","meta":{"ngg_post_thumbnail":0,"footnotes":""},"aioseo_notices":[],"_links":{"self":[{"href":"https:\/\/blogsaverroes.juntadeandalucia.es\/anteseracampo\/wp-json\/wp\/v2\/pages\/91"}],"collection":[{"href":"https:\/\/blogsaverroes.juntadeandalucia.es\/anteseracampo\/wp-json\/wp\/v2\/pages"}],"about":[{"href":"https:\/\/blogsaverroes.juntadeandalucia.es\/anteseracampo\/wp-json\/wp\/v2\/types\/page"}],"author":[{"embeddable":true,"href":"https:\/\/blogsaverroes.juntadeandalucia.es\/anteseracampo\/wp-json\/wp\/v2\/users\/11526"}],"replies":[{"embeddable":true,"href":"https:\/\/blogsaverroes.juntadeandalucia.es\/anteseracampo\/wp-json\/wp\/v2\/comments?post=91"}],"version-history":[{"count":5,"href":"https:\/\/blogsaverroes.juntadeandalucia.es\/anteseracampo\/wp-json\/wp\/v2\/pages\/91\/revisions"}],"predecessor-version":[{"id":121,"href":"https:\/\/blogsaverroes.juntadeandalucia.es\/anteseracampo\/wp-json\/wp\/v2\/pages\/91\/revisions\/121"}],"wp:attachment":[{"href":"https:\/\/blogsaverroes.juntadeandalucia.es\/anteseracampo\/wp-json\/wp\/v2\/media?parent=91"}],"curies":[{"name":"wp","href":"https:\/\/api.w.org\/{rel}","templated":true}]}}

<p><strong>3.3. Línea de actuación: Conservación y mejora de la biodiversidad (educaves y espacios naturales)</strong></p>
<p><strong>Objetivos específicos: </strong></p>
<ul>
<li>Conocer la variedad de aves de nuestro entorno y sus hábitats naturales</li>
<li>Promover el interés por el conocimiento de los espacios naturales próximos y de sus especies más emblemáticas.</li>
<li>Realizar entrevistas de temas de medioambientales a personas relacionadas con la biodiversidad y la conservación.</li>
</ul>
<p><strong>Contenidos específicos:</strong></p>
<ul>
<li>Especies autóctonas, alóctonas, invasoras, amenazadas, en peligro</li>
<li>Identificación de las aves del entorno, hábitats, reproducción, migración, alimentación.</li>
<li>Importancia de preservar los ecosistemas y conocer nuestros espacios naturales.</li>
</ul>

<p>3.3. Línea de actuación: Conservación y mejora de la biodiversidad (educaves y espacios naturales) Objetivos específicos: Conocer la variedad de aves de nuestro entorno y sus hábitats naturales Promover el interés por el conocimiento&#46;&#46;&#46;</p>
