{"id":252,"date":"2015-04-05T19:19:46","date_gmt":"2015-04-05T17:19:46","guid":{"rendered":"http:\/\/blogsaverroes.juntadeandalucia.es\/aprendeconmigo\/?page_id=252"},"modified":"2015-04-19T20:13:36","modified_gmt":"2015-04-19T18:13:36","slug":"contactar","status":"publish","type":"page","link":"https:\/\/blogsaverroes.juntadeandalucia.es\/aprendeconmigo\/contactar\/","title":{"rendered":"CONTACTAR"},"content":{"rendered":"<p style=\"text-align: justify\"><a href=\"http:\/\/blogsaverroes.juntadeandalucia.es\/aprendeconmigo\/files\/2015\/03\/ciencia_divertida_212.jpg\"><img loading=\"lazy\" decoding=\"async\" class=\"alignleft wp-image-115 \" src=\"http:\/\/blogsaverroes.juntadeandalucia.es\/aprendeconmigo\/files\/2015\/03\/ciencia_divertida_212-298x300.jpg\" alt=\"ciencia_divertida_212\" width=\"93\" height=\"94\" srcset=\"https:\/\/blogsaverroes.juntadeandalucia.es\/aprendeconmigo\/files\/2015\/03\/ciencia_divertida_212-298x300.jpg 298w, https:\/\/blogsaverroes.juntadeandalucia.es\/aprendeconmigo\/files\/2015\/03\/ciencia_divertida_212-150x150.jpg 150w, https:\/\/blogsaverroes.juntadeandalucia.es\/aprendeconmigo\/files\/2015\/03\/ciencia_divertida_212.jpg 318w\" sizes=\"(max-width: 93px) 100vw, 93px\" \/><\/a>Autor: Diego Garc\u00eda Poza.<\/p>\n<p style=\"text-align: justify\">Licenciado en Ciencias Qu\u00edmicas por la Universidad de Granada.<\/p>\n<p style=\"text-align: justify\">Profesor de Ense\u00f1anza Secundaria en la asignatura de F\u00edsica y Qu\u00edmica.<\/p>\n<p style=\"text-align: justify\">\n<p style=\"text-align: justify\">Actualmente desempe\u00f1o mi actividad docente en IES EL VALLE de Ja\u00e9n.<\/p>\n<p style=\"text-align: justify\">Si quieres comentar alguna sugerencia o cualquier duda, ponte en contacto a trav\u00e9s de este enlace.<\/p>\n<p style=\"text-align: justify\">En breve se atender\u00e1 tu petici\u00f3n. \u00a0Gracias.<\/p>\n<p style=\"text-align: justify\">[contact_form]<\/p>\n","protected":false},"excerpt":{"rendered":"<p>Autor: Diego Garc\u00eda Poza. Licenciado en Ciencias Qu\u00edmicas por la Universidad de Granada. Profesor de Ense\u00f1anza Secundaria en la asignatura de F\u00edsica y Qu\u00edmica. Actualmente desempe\u00f1o mi actividad docente en IES EL VALLE de Ja\u00e9n. Si quieres comentar alguna sugerencia o cualquier duda, ponte en contacto a trav\u00e9s de este enlace. En breve se atender\u00e1 &hellip; <a href=\"https:\/\/blogsaverroes.juntadeandalucia.es\/aprendeconmigo\/contactar\/\" class=\"more-link\">Seguir leyendo <span class=\"screen-reader-text\">CONTACTAR<\/span> <span class=\"meta-nav\">&rarr;<\/span><\/a><\/p>\n","protected":false},"author":1529,"featured_media":0,"parent":0,"menu_order":0,"comment_status":"open","ping_status":"open","template":"","meta":{"footnotes":""},"aioseo_notices":[],"_links":{"self":[{"href":"https:\/\/blogsaverroes.juntadeandalucia.es\/aprendeconmigo\/wp-json\/wp\/v2\/pages\/252"}],"collection":[{"href":"https:\/\/blogsaverroes.juntadeandalucia.es\/aprendeconmigo\/wp-json\/wp\/v2\/pages"}],"about":[{"href":"https:\/\/blogsaverroes.juntadeandalucia.es\/aprendeconmigo\/wp-json\/wp\/v2\/types\/page"}],"author":[{"embeddable":true,"href":"https:\/\/blogsaverroes.juntadeandalucia.es\/aprendeconmigo\/wp-json\/wp\/v2\/users\/1529"}],"replies":[{"embeddable":true,"href":"https:\/\/blogsaverroes.juntadeandalucia.es\/aprendeconmigo\/wp-json\/wp\/v2\/comments?post=252"}],"version-history":[{"count":10,"href":"https:\/\/blogsaverroes.juntadeandalucia.es\/aprendeconmigo\/wp-json\/wp\/v2\/pages\/252\/revisions"}],"predecessor-version":[{"id":306,"href":"https:\/\/blogsaverroes.juntadeandalucia.es\/aprendeconmigo\/wp-json\/wp\/v2\/pages\/252\/revisions\/306"}],"wp:attachment":[{"href":"https:\/\/blogsaverroes.juntadeandalucia.es\/aprendeconmigo\/wp-json\/wp\/v2\/media?parent=252"}],"curies":[{"name":"wp","href":"https:\/\/api.w.org\/{rel}","templated":true}]}}