{"id":216,"date":"2022-01-31T10:12:32","date_gmt":"2022-01-31T10:12:32","guid":{"rendered":"https:\/\/blogsaverroes.juntadeandalucia.es\/aprendiendotde\/?page_id=216"},"modified":"2022-01-31T12:47:45","modified_gmt":"2022-01-31T12:47:45","slug":"grupos-de-telegram","status":"publish","type":"page","link":"https:\/\/blogsaverroes.juntadeandalucia.es\/aprendiendotde\/grupos-de-telegram\/","title":{"rendered":"Grupos de Telegram."},"content":{"rendered":"<p>En este apartado ofrecemos una recopilaci\u00f3n de aquellos grupos de Telegram que pueden sernos de m\u00e1s utilidad en el desarrollo del proceso TDE.<\/p>\n<p><a title=\"Grupo de TDE Andaluc\u00eda.\" href=\"https:\/\/t.me\/TDEAndalucia\/64074\" target=\"_blank\" rel=\"noopener noreferrer\">Grupo de TDE Andaluc\u00eda.<\/a><\/p>\n<p><a title=\"Grupo de TDE no oficial de Andaluc\u00eda.\" href=\"https:\/\/t.me\/coordinacionTicAndalucia\" target=\"_blank\" rel=\"noopener noreferrer\">Grupo de TDE no oficial de Andaluc\u00eda.<\/a><\/p>\n<p><a title=\"Canal no oficial de S\u00e9neca en Telegram.\" href=\"https:\/\/t.me\/senecaeducacion\" target=\"_blank\" rel=\"noopener noreferrer\">Canal no oficial de S\u00e9neca en Telegram.<\/a><\/p>\n<p><a title=\"Canal no oficial de Moodle Centros.\" href=\"https:\/\/t.me\/joinchat\/Fk8cGFWIafimUy8dImLtrQ\">Canal no oficial de Moodle Centros.<\/a><\/p>\n<p><a title=\"Grupo de la asignatura de Rob\u00f3tica de Andaluc\u00eda.\" href=\"https:\/\/t.me\/roboticaandalucia\" target=\"_blank\" rel=\"noopener noreferrer\">Grupo de la asignatura de Rob\u00f3tica de Andaluc\u00eda.<\/a><\/p>\n<p><a title=\"Canal de Telegram de Genially.\" href=\"https:\/\/t.me\/Genially4all\" target=\"_blank\" rel=\"noopener noreferrer\">Canal de Telegram de Genially.<\/a><\/p>\n<p><a title=\"anal acerca del Google Workspace de EducaAnd.\" href=\"https:\/\/t.me\/geducaandes\" target=\"_blank\" rel=\"noopener noreferrer\">Canal acerca del Google Workspace de EducaAnd.<\/a><\/p>\n<p><a title=\"Canal oficial de eXeLearning.\" href=\"https:\/\/t.me\/eXeLearning\" target=\"_blank\" rel=\"noopener noreferrer\">Canal oficial de eXeLearning.<\/a><\/p>\n<p><a title=\"Canal del control de presencia de S\u00e9neca.\" href=\"https:\/\/t.me\/controlpresenciaseneca\" target=\"_blank\" rel=\"noopener noreferrer\">Canal del control de presencia de S\u00e9neca.<\/a><\/p>\n<p><a title=\"Canal oficial del proyecto mClon.\" href=\"https:\/\/t.me\/mClonRobot\" target=\"_blank\" rel=\"noopener noreferrer\">Canal oficial del proyecto&nbsp; mClon.<\/a><\/p>\n<p><a title=\"Canal de RPG Maker.\" href=\"https:\/\/t.me\/joinchat\/SLFoRrRDkNUc0sLN\" target=\"_blank\" rel=\"noopener noreferrer\">Canal de RPG Maker.<\/a><\/p>\n<p><a title=\"Canal del Proyecto STEAM de Investigaci\u00f3n Aeroespacial\" href=\"https:\/\/t.me\/joinchat\/pUlEhJJ2831iNGI0\" target=\"_blank\" rel=\"noopener noreferrer\">Canal del Proyecto STEAM de Investigaci\u00f3n Aeroespacial<\/a> (Andaluc\u00eda).<\/p>\n<p><a title=\"Canal del Proyecto STEAM de Investigaci\u00f3n Aeroespacial, nivel avanzado\" href=\"https:\/\/t.me\/joinchat\/pUlEhJJ2831iNGI0\" target=\"_blank\" rel=\"noopener noreferrer\">Canal del Proyecto STEAM de Investigaci\u00f3n Aeroespacial, nivel avanzado<\/a> (M\u00e1laga).<\/p>\n<p>&nbsp;<\/p>\n","protected":false},"excerpt":{"rendered":"<p>En este apartado ofrecemos una recopilaci\u00f3n de aquellos grupos de Telegram que pueden sernos de m\u00e1s utilidad en el desarrollo del proceso TDE. Grupo de TDE Andaluc\u00eda. Grupo de TDE no oficial de Andaluc\u00eda. Canal no oficial de S\u00e9neca en Telegram. Canal no oficial de Moodle Centros. Grupo de la asignatura de Rob\u00f3tica de Andaluc\u00eda. &hellip; <a href=\"https:\/\/blogsaverroes.juntadeandalucia.es\/aprendiendotde\/grupos-de-telegram\/\" class=\"more-link\">Seguir leyendo <span class=\"screen-reader-text\">Grupos de Telegram.<\/span> <span class=\"meta-nav\">&rarr;<\/span><\/a><\/p>\n","protected":false},"author":7900,"featured_media":0,"parent":0,"menu_order":0,"comment_status":"closed","ping_status":"closed","template":"","meta":{"ngg_post_thumbnail":0,"footnotes":""},"aioseo_notices":[],"_links":{"self":[{"href":"https:\/\/blogsaverroes.juntadeandalucia.es\/aprendiendotde\/wp-json\/wp\/v2\/pages\/216"}],"collection":[{"href":"https:\/\/blogsaverroes.juntadeandalucia.es\/aprendiendotde\/wp-json\/wp\/v2\/pages"}],"about":[{"href":"https:\/\/blogsaverroes.juntadeandalucia.es\/aprendiendotde\/wp-json\/wp\/v2\/types\/page"}],"author":[{"embeddable":true,"href":"https:\/\/blogsaverroes.juntadeandalucia.es\/aprendiendotde\/wp-json\/wp\/v2\/users\/7900"}],"replies":[{"embeddable":true,"href":"https:\/\/blogsaverroes.juntadeandalucia.es\/aprendiendotde\/wp-json\/wp\/v2\/comments?post=216"}],"version-history":[{"count":6,"href":"https:\/\/blogsaverroes.juntadeandalucia.es\/aprendiendotde\/wp-json\/wp\/v2\/pages\/216\/revisions"}],"predecessor-version":[{"id":224,"href":"https:\/\/blogsaverroes.juntadeandalucia.es\/aprendiendotde\/wp-json\/wp\/v2\/pages\/216\/revisions\/224"}],"wp:attachment":[{"href":"https:\/\/blogsaverroes.juntadeandalucia.es\/aprendiendotde\/wp-json\/wp\/v2\/media?parent=216"}],"curies":[{"name":"wp","href":"https:\/\/api.w.org\/{rel}","templated":true}]}}