{"id":2468,"date":"2018-09-02T09:41:47","date_gmt":"2018-09-02T09:41:47","guid":{"rendered":"http:\/\/blogsaverroes.juntadeandalucia.es\/aralmodovar\/?page_id=2468"},"modified":"2018-09-02T09:46:28","modified_gmt":"2018-09-02T09:46:28","slug":"plan-de-autoproteccion","status":"publish","type":"page","link":"https:\/\/blogsaverroes.juntadeandalucia.es\/aralmodovar\/planes-y-proyectos-2\/plan-de-autoproteccion\/","title":{"rendered":"Plan de Autoprotecci\u00f3n"},"content":{"rendered":"<p>El Plan de Autoprotecci\u00f3n de nuestro centro es el sistema de acciones y medidas adoptadas por los titulares o responsables de las actividades educativas que se llevan a cabo en el mismo, con sus propios medios y recursos, dentro de su \u00e1mbito de competencia, encaminadas a prevenir y controlar los riesgos sobre las personas y los bienes, a dar respuestas adecuadas a las posibles situaciones de emergencias y a garantizar la integraci\u00f3n de estas actuaciones en el sistema p\u00fablico de Protecci\u00f3n Civil.<\/p>\n<p>Hace referencia al conjunto de medidas organizativas que el centro dise\u00f1a y pone en pr\u00e1ctica, para planificar las actuaciones de seguridad tendentes a neutralizar accidentes y sus posibles consecuencias, hasta la llegada de las ayudas externas.<\/p>\n<p>&nbsp;<\/p>\n","protected":false},"excerpt":{"rendered":"<p>El Plan de Autoprotecci\u00f3n de nuestro centro es el sistema de acciones y medidas adoptadas por los titulares o responsables de las actividades educativas que&hellip;<\/p>\n","protected":false},"author":1441,"featured_media":0,"parent":2336,"menu_order":0,"comment_status":"closed","ping_status":"closed","template":"","meta":{"ngg_post_thumbnail":0,"footnotes":"","_mc_calendar":[]},"aioseo_notices":[],"_links":{"self":[{"href":"https:\/\/blogsaverroes.juntadeandalucia.es\/aralmodovar\/wp-json\/wp\/v2\/pages\/2468"}],"collection":[{"href":"https:\/\/blogsaverroes.juntadeandalucia.es\/aralmodovar\/wp-json\/wp\/v2\/pages"}],"about":[{"href":"https:\/\/blogsaverroes.juntadeandalucia.es\/aralmodovar\/wp-json\/wp\/v2\/types\/page"}],"author":[{"embeddable":true,"href":"https:\/\/blogsaverroes.juntadeandalucia.es\/aralmodovar\/wp-json\/wp\/v2\/users\/1441"}],"replies":[{"embeddable":true,"href":"https:\/\/blogsaverroes.juntadeandalucia.es\/aralmodovar\/wp-json\/wp\/v2\/comments?post=2468"}],"version-history":[{"count":4,"href":"https:\/\/blogsaverroes.juntadeandalucia.es\/aralmodovar\/wp-json\/wp\/v2\/pages\/2468\/revisions"}],"predecessor-version":[{"id":2473,"href":"https:\/\/blogsaverroes.juntadeandalucia.es\/aralmodovar\/wp-json\/wp\/v2\/pages\/2468\/revisions\/2473"}],"up":[{"embeddable":true,"href":"https:\/\/blogsaverroes.juntadeandalucia.es\/aralmodovar\/wp-json\/wp\/v2\/pages\/2336"}],"wp:attachment":[{"href":"https:\/\/blogsaverroes.juntadeandalucia.es\/aralmodovar\/wp-json\/wp\/v2\/media?parent=2468"}],"curies":[{"name":"wp","href":"https:\/\/api.w.org\/{rel}","templated":true}]}}

Plan de Autoprotección

<p>El Plan de Autoprotección de nuestro centro es el sistema de acciones y medidas adoptadas por los titulares o responsables de las actividades educativas que se llevan a cabo en el mismo, con sus propios medios y recursos, dentro de su ámbito de competencia, encaminadas a prevenir y controlar los riesgos sobre las personas y los bienes, a dar respuestas adecuadas a las posibles situaciones de emergencias y a garantizar la integración de estas actuaciones en el sistema público de Protección Civil.</p>
<p>Hace referencia al conjunto de medidas organizativas que el centro diseña y pone en práctica, para planificar las actuaciones de seguridad tendentes a neutralizar accidentes y sus posibles consecuencias, hasta la llegada de las ayudas externas.</p>
<p>&nbsp;</p>

<p>El Plan de Autoprotección de nuestro centro es el sistema de acciones y medidas adoptadas por los titulares o responsables de las actividades educativas que&hellip;</p>
