{"id":2089,"date":"2016-01-14T08:11:02","date_gmt":"2016-01-14T08:11:02","guid":{"rendered":"http:\/\/blogsaverroes.juntadeandalucia.es\/ariasmontano\/?page_id=2089"},"modified":"2025-11-03T13:34:25","modified_gmt":"2025-11-03T12:34:25","slug":"historia","status":"publish","type":"page","link":"https:\/\/blogsaverroes.juntadeandalucia.es\/ariasmontano\/historia\/","title":{"rendered":"Nosotros"},"content":{"rendered":"<h1><strong><span style=\"color: #003366\">NUESTRA HISTORIA<\/span><\/strong><\/h1>\n<p style=\"text-align: justify\">Arias Montano fue el nombre destinado para aquel Colegio P\u00fablico de Educaci\u00f3n Primaria que empez\u00f3 a funcionar en nuestra capital al inicio de la d\u00e9cada de los 70 en el \u00e1rea de circunvalaci\u00f3n de La Orden. Estaba situado, concretamente, en los terrenos del actual parque junto el Colegio \u201c3 Carabelas\u201d y pertenec\u00eda a una serie de edificios destinados a la ense\u00f1anza primaria, que fueron construidos por aquella \u00e9poca y por toda la provincia, con id\u00e9nticas caracter\u00edsticas arquitect\u00f3nicas. Esta edificaci\u00f3n funcion\u00f3 unos a\u00f1os hasta que plante\u00f3 serios problemas con el terreno donde estaba asentado y hubo de ser derribado, teniendo que desplazarse su poblaci\u00f3n escolar, en forma de desdoble, a otro colegio pr\u00f3ximo, el \u201cGiner de los R\u00edos\u201d. En consecuencia se procede a la Construcci\u00f3n del Centro en su ubicaci\u00f3n actual y, tras alg\u00fan curso desdoblado, se produce la incorporaci\u00f3n al nuevo edificio en el a\u00f1o 1985. \u00c9ste fue inaugurado de manera oficial el 4 de Octubre de ese a\u00f1o por el Consejero de educaci\u00f3n de la Junta de Andaluc\u00eda, D. Manuel Gracia, y por las primeras autoridades locales y provinciales. A este acto oficial le sigui\u00f3, el d\u00eda 24, una inauguraci\u00f3n efectiva, de una manera m\u00e1s c\u00e1lida en la que pudieron participar tanto el alumnado como los profesores y la direcci\u00f3n. Se realizaron diversos actos culturales y deportivos a trav\u00e9s de la Asociaci\u00f3n de Padres de Alumnos, dando comienzo \u00e9stos con la bendici\u00f3n del colegio y la celebraci\u00f3n de una misa. Seguidamente se celebr\u00f3 una prueba de pi\u00f1ata, diversas carreras de sacos y el juego de la patata. A continuaci\u00f3n se disputaron partidos de futbito entre varias selecciones de alumnos del Colegio vecino \u201cMarismas del Odiel\u201d y del nuestro. Por la tarde se realiz\u00f3 una proyecci\u00f3n de cine. Sin embargo la principal atracci\u00f3n de aquella memorable jornada fue el encuentro de f\u00fatbol sala que disputaron un combinado de los alumnos del Ciclo Superior y una selecci\u00f3n de padres y profesores. Tras este acto deportivo, los padres fueron invitados a recorrer y visitar las distintas instalaciones al tiempo que contemplaban, por las distintas clases, los dibujos aleg\u00f3ricos realizados por los alumnos sobre su opini\u00f3n del Centro. La jornada finaliz\u00f3 con una gran verbena.<\/p>\n<p style=\"text-align: justify\">El siete de Noviembre de ese a\u00f1o de 1985 se constituy\u00f3 el Consejo de Direcci\u00f3n del Centro, integrado por miembros de los diferentes sectores de la Comunidad Educativa. D. Manuel N\u00fa\u00f1ez Gonz\u00e1lez fue el primer Director, en esta nueva etapa, acompa\u00f1ado por los siguientes vocales: D. Felipe Morales G\u00f3mez, Jefe de Estudios; D. Jes\u00fas Chac\u00f3n Delgado, D. Manuel G\u00f3mez Mendoza y D. Nicol\u00e1s Sierra Garc\u00eda, representantes del Claustro; D. Daniel Rodr\u00edguez Morillo, D. Guillermo Carbajosa S\u00e1nchez, D. Francisco Hormigo Cruz y D. Manuel Moya N\u00fa\u00f1ez, representantes de los Padres; D\u00aa Estrella Prieto Abril y D. Eduardo Manuel Rabazo Mart\u00edn, representante de los Alumnos; D\u00aa Amalia Peri\u00e1nez Camacho, representante Municipal; D. Jaime Guerra S\u00e1nchez representante del Personal No Docente; y D. Jos\u00e9 Ram\u00f3n Quil\u00f3n Jaramillo como Secretario.<\/p>\n<p style=\"text-align: justify\">En este nuevo periplo con una nueva ubicaci\u00f3n y flamante edificio, el Colegio P\u00fablico Arias Montano comenz\u00f3 a funcionar con 24 unidades, disponiendo, adem\u00e1s, de biblioteca, dos laboratorios, sala de pretecnolog\u00eda, cocina, comedor, sala de usos m\u00faltiples, dos pistas deportivas y vestuarios. Posteriormente se habilit\u00f3 el porche trasero como Sal\u00f3n de Usos M\u00faltiples, construyendo tabiques laterales. M\u00e1s recientemente se desdobl\u00f3 este espacio, consiguiendo una sala para ejercicios f\u00edsicos, usada, en la actualidad, para judo.<\/p>\n<p style=\"text-align: justify\">A lo largo de varios cursos, nuestro Centro desarroll\u00f3 una intensa vida participativa en el \u00e1mbito deportivo, presentando equipos bajo el pabell\u00f3n del \u201cArias Montano\u201d en diferentes categor\u00edas y disciplinas, destacando los resultados obtenidos, sobre todo, en Baloncesto y en Voleibol. Esto acontec\u00eda en la d\u00e9cada de los 80 y 90, \u00e9poca en la que los Centros Educativos desempe\u00f1aron un importante papel en la realizaci\u00f3n de actividades deportivas con ni\u00f1os.<\/p>\n<p style=\"text-align: justify\">Igualmente se desarroll\u00f3 una intensa labor teatral en esos a\u00f1os, con constantes representaciones en nuestro Sal\u00f3n de Actos, lleg\u00e1ndose, incluso a actuar en el Gran Teatro de nuestra capital y en Moguer.<\/p>\n<p style=\"text-align: justify\">Durante todos estos a\u00f1os se han producido fluctuaciones en el n\u00famero de unidades, debido a las variaciones de poblaci\u00f3n en la zona. Asimismo hemos vivido la conversi\u00f3n de los cursos 7\u00ba y 8\u00ba de E.G.B. en 1\u00ba y 2\u00ba de E.S.O., que se cursaron durante tres a\u00f1os (1996-1997, 1997-1998 y 1998-1999), siendo, finalmente remitidos a los institutos de referencia. Se llev\u00f3 a acabo un proyecto para adelantar el idioma extranjero (Ingl\u00e9s) al Primer Ciclo de primaria, cuando a\u00fan no estaba oficialmente establecido. Igualmente se adelant\u00f3 el inicio de la escolaridad infantil a los 3 a\u00f1os, ya de manera oficial. De esta forma, nuestro Centro dej\u00f3 de impartir Educaci\u00f3n Secundaria y qued\u00f3 configurado como Colegio de Ed. Infantil y Primaria con un alumnado que ronda las 350 personas, ofreciendo, en la actualidad, los servicios de Aula Matinal, Comedor, Actividades extraescolares, adem\u00e1s de ser Centro DIG.<\/p>\n","protected":false},"excerpt":{"rendered":"<p>NUESTRA HISTORIA Arias Montano fue el nombre destinado para aquel Colegio P\u00fablico de Educaci\u00f3n Primaria que empez\u00f3 a funcionar en nuestra capital al inicio de&hellip;<\/p>\n","protected":false},"author":2828,"featured_media":0,"parent":0,"menu_order":0,"comment_status":"open","ping_status":"closed","template":"","meta":{"ngg_post_thumbnail":0,"footnotes":"","_mc_calendar":[]},"aioseo_notices":[],"post_mailing_queue_ids":[],"_links":{"self":[{"href":"https:\/\/blogsaverroes.juntadeandalucia.es\/ariasmontano\/wp-json\/wp\/v2\/pages\/2089"}],"collection":[{"href":"https:\/\/blogsaverroes.juntadeandalucia.es\/ariasmontano\/wp-json\/wp\/v2\/pages"}],"about":[{"href":"https:\/\/blogsaverroes.juntadeandalucia.es\/ariasmontano\/wp-json\/wp\/v2\/types\/page"}],"author":[{"embeddable":true,"href":"https:\/\/blogsaverroes.juntadeandalucia.es\/ariasmontano\/wp-json\/wp\/v2\/users\/2828"}],"replies":[{"embeddable":true,"href":"https:\/\/blogsaverroes.juntadeandalucia.es\/ariasmontano\/wp-json\/wp\/v2\/comments?post=2089"}],"version-history":[{"count":7,"href":"https:\/\/blogsaverroes.juntadeandalucia.es\/ariasmontano\/wp-json\/wp\/v2\/pages\/2089\/revisions"}],"predecessor-version":[{"id":3857,"href":"https:\/\/blogsaverroes.juntadeandalucia.es\/ariasmontano\/wp-json\/wp\/v2\/pages\/2089\/revisions\/3857"}],"wp:attachment":[{"href":"https:\/\/blogsaverroes.juntadeandalucia.es\/ariasmontano\/wp-json\/wp\/v2\/media?parent=2089"}],"curies":[{"name":"wp","href":"https:\/\/api.w.org\/{rel}","templated":true}]}}