{"id":2241,"date":"2016-01-14T12:06:19","date_gmt":"2016-01-14T12:06:19","guid":{"rendered":"http:\/\/blogsaverroes.juntadeandalucia.es\/ariasmontano\/?page_id=2241"},"modified":"2025-11-17T11:36:20","modified_gmt":"2025-11-17T10:36:20","slug":"aula-matinal-2","status":"publish","type":"page","link":"https:\/\/blogsaverroes.juntadeandalucia.es\/ariasmontano\/aula-matinal-2\/","title":{"rendered":"Aula Matinal"},"content":{"rendered":"<h1 align=\"center\"><strong><span style=\"color: #000080\">AULA MATINAL<\/span><\/strong><\/h1>\n<p style=\"text-align: center\"><a href=\"https:\/\/blogsaverroes.juntadeandalucia.es\/ariasmontano\/files\/2025\/11\/Foto-aula-matinal.jpg\"><img loading=\"lazy\" decoding=\"async\" class=\"alignnone size-medium wp-image-3919\" src=\"https:\/\/blogsaverroes.juntadeandalucia.es\/ariasmontano\/files\/2025\/11\/Foto-aula-matinal-300x131.jpg\" alt=\"\" width=\"300\" height=\"131\" srcset=\"https:\/\/blogsaverroes.juntadeandalucia.es\/ariasmontano\/files\/2025\/11\/Foto-aula-matinal-300x131.jpg 300w, https:\/\/blogsaverroes.juntadeandalucia.es\/ariasmontano\/files\/2025\/11\/Foto-aula-matinal.jpg 549w\" sizes=\"(max-width: 300px) 100vw, 300px\" \/><\/a><\/p>\n<p style=\"text-align: center\"><span style=\"color: #3366ff\"><strong>Estimadas familias,<\/strong><\/span><\/p>\n<p style=\"text-align: justify;padding-left: 40px\"><span style=\"color: #3187de\">Le comunicamos que EULEN , S.A a trav\u00e9s de su marca EULEN EDUCA, es la encargada de gestionar<\/span><br \/>\n<span style=\"color: #3187de\">el servicio de Aula Matinal en su centro escolar.<\/span><\/p>\n<p style=\"text-align: justify;padding-left: 40px\"><span style=\"color: #3187de\">Eulen Educa har\u00e1 de este espacio un lugar donde Conciliaci\u00f3n y Educaci\u00f3n vayan de la mano. La<\/span><br \/>\n<span style=\"color: #3187de\">programaci\u00f3n que se desarrollar\u00e1 durante el curso 2025\/2026 tiene como eje principal la Educaci\u00f3n en<\/span><br \/>\n<span style=\"color: #3187de\">Valores, entendida esta como un proceso de aprendizaje centrado en la adquisici\u00f3n de h\u00e1bitos sociales,<\/span><br \/>\n<span style=\"color: #3187de\">educaci\u00f3n para la convivencia, el respeto y la igualdad.<\/span><\/p>\n<p style=\"text-align: justify;padding-left: 40px\"><span style=\"color: #3187de\">El precio del servicio es el establecido por la Junta de Andaluc\u00eda:<\/span><\/p>\n<ul>\n<li style=\"list-style-type: none\">\n<ul>\n<li><strong><span style=\"color: #3187de\">Precio mensual: 17,51\u20ac<\/span><\/strong><\/li>\n<li><strong><span style=\"color: #3187de\">Precio por d\u00eda: 1,33\u20ac<\/span><\/strong><\/li>\n<\/ul>\n<\/li>\n<\/ul>\n<p style=\"padding-left: 40px\"><span style=\"color: #3187de\">El cobro de recibos se har\u00e1 por domiciliaci\u00f3n bancaria y se pasar\u00e1n a mes vencido. Es importante para<\/span><br \/>\n<span style=\"color: #3187de\">ello que los usuarios tengan actualizados sus datos bancarios y, en caso de modificaciones, se pongan<\/span><br \/>\n<span style=\"color: #3187de\">en contacto con nosotros para cualquier aclaraci\u00f3n.<\/span><\/p>\n<p style=\"padding-left: 40px\"><span style=\"color: #3187de\">Los tel\u00e9fonos de contacto son los siguientes: <\/span><\/p>\n<p>&nbsp;<\/p>\n<p style=\"padding-left: 40px;text-align: left\"><strong><span style=\"color: #3187de\">Sandra Jim\u00e9nez Escobar 649 651 936<a href=\"https:\/\/blogsaverroes.juntadeandalucia.es\/ariasmontano\/files\/2025\/10\/telefono-2.png\"><img loading=\"lazy\" decoding=\"async\" class=\" wp-image-3821 alignleft\" src=\"https:\/\/blogsaverroes.juntadeandalucia.es\/ariasmontano\/files\/2025\/10\/telefono-2.png\" alt=\"\" width=\"107\" height=\"107\" srcset=\"https:\/\/blogsaverroes.juntadeandalucia.es\/ariasmontano\/files\/2025\/10\/telefono-2.png 225w, https:\/\/blogsaverroes.juntadeandalucia.es\/ariasmontano\/files\/2025\/10\/telefono-2-150x150.png 150w\" sizes=\"(max-width: 107px) 100vw, 107px\" \/><\/a><\/span><\/strong><\/p>\n<p style=\"padding-left: 160px;text-align: left\"><strong><span style=\"color: #3187de\">Mar\u00eda Mac\u00edas <\/span><span style=\"color: #3187de\">Mori\u00e1n 648 849551 <\/span><\/strong><\/p>\n<p style=\"padding-left: 160px;text-align: left\"><strong><span style=\"color: #3187de\">Luc\u00eda Andr\u00e9s Aparicio 627 926 046<\/span><\/strong><\/p>\n<p>&nbsp;<\/p>\n<h3 style=\"padding-left: 40px;text-align: center\"><span style=\"color: #3366ff\"><strong>\u00a1\u00a1GRACIAS POR CONFIAR EN NOSOTROS!<\/strong><\/span><\/h3>\n<p class=\"Estilo1\" align=\"justify\">&nbsp;<\/p>\n","protected":false},"excerpt":{"rendered":"<p>AULA MATINAL Estimadas familias, Le comunicamos que EULEN , S.A a trav\u00e9s de su marca EULEN EDUCA, es la encargada de gestionar el servicio de&hellip;<\/p>\n","protected":false},"author":2828,"featured_media":0,"parent":0,"menu_order":0,"comment_status":"open","ping_status":"open","template":"","meta":{"ngg_post_thumbnail":0,"footnotes":"","_mc_calendar":[]},"aioseo_notices":[],"post_mailing_queue_ids":[],"_links":{"self":[{"href":"https:\/\/blogsaverroes.juntadeandalucia.es\/ariasmontano\/wp-json\/wp\/v2\/pages\/2241"}],"collection":[{"href":"https:\/\/blogsaverroes.juntadeandalucia.es\/ariasmontano\/wp-json\/wp\/v2\/pages"}],"about":[{"href":"https:\/\/blogsaverroes.juntadeandalucia.es\/ariasmontano\/wp-json\/wp\/v2\/types\/page"}],"author":[{"embeddable":true,"href":"https:\/\/blogsaverroes.juntadeandalucia.es\/ariasmontano\/wp-json\/wp\/v2\/users\/2828"}],"replies":[{"embeddable":true,"href":"https:\/\/blogsaverroes.juntadeandalucia.es\/ariasmontano\/wp-json\/wp\/v2\/comments?post=2241"}],"version-history":[{"count":9,"href":"https:\/\/blogsaverroes.juntadeandalucia.es\/ariasmontano\/wp-json\/wp\/v2\/pages\/2241\/revisions"}],"predecessor-version":[{"id":3922,"href":"https:\/\/blogsaverroes.juntadeandalucia.es\/ariasmontano\/wp-json\/wp\/v2\/pages\/2241\/revisions\/3922"}],"wp:attachment":[{"href":"https:\/\/blogsaverroes.juntadeandalucia.es\/ariasmontano\/wp-json\/wp\/v2\/media?parent=2241"}],"curies":[{"name":"wp","href":"https:\/\/api.w.org\/{rel}","templated":true}]}}