{"id":871,"date":"2015-03-16T07:25:46","date_gmt":"2015-03-16T07:25:46","guid":{"rendered":"http:\/\/blogsaverroes.juntadeandalucia.es\/pre\/ceip\/?page_id=106"},"modified":"2020-10-26T21:20:35","modified_gmt":"2020-10-26T20:20:35","slug":"actividades-extraescolares","status":"publish","type":"page","link":"https:\/\/blogsaverroes.juntadeandalucia.es\/ariasmontano\/actividades-extraescolares\/","title":{"rendered":"Actividades extraescolares"},"content":{"rendered":"<h3 align=\"center\">ACTIVIDADES EXTRAESCOLARES<\/h3>\n<p class=\"Estilo1\">Debido a la evoluci\u00f3n del COVID-19, en pro de un bien com\u00fan y con el fin de reducir la curva del contagio, suspendemos temporalmente las actividades extraescolares de f\u00fatbol sala, baile moderno e ingl\u00e9s.<\/p>\n<p>Lamentamos profundamente las molestias que se puedan ocasionar.<\/p>\n<h2>Durante el curso 2020\/21 se mantiene el PROA, puesto que se garantiza la atenci\u00f3n en cada grupo de convivencia:<\/h2>\n<ul>\n<li><strong>PLAN DE ACOMPA\u00d1AMIENTO ESCOLAR: MARTES Y JUEVES, DE 16 A 18 HORAS.&nbsp;<\/strong><\/li>\n<\/ul>\n<p>&nbsp;<\/p>\n","protected":false},"excerpt":{"rendered":"<p>ACTIVIDADES EXTRAESCOLARES Debido a la evoluci\u00f3n del COVID-19, en pro de un bien com\u00fan y con el fin de reducir la curva del contagio, suspendemos&hellip;<\/p>\n","protected":false},"author":2828,"featured_media":0,"parent":0,"menu_order":0,"comment_status":"closed","ping_status":"open","template":"","meta":{"ngg_post_thumbnail":0,"footnotes":"","_mc_calendar":[]},"aioseo_notices":[],"post_mailing_queue_ids":[],"_links":{"self":[{"href":"https:\/\/blogsaverroes.juntadeandalucia.es\/ariasmontano\/wp-json\/wp\/v2\/pages\/871"}],"collection":[{"href":"https:\/\/blogsaverroes.juntadeandalucia.es\/ariasmontano\/wp-json\/wp\/v2\/pages"}],"about":[{"href":"https:\/\/blogsaverroes.juntadeandalucia.es\/ariasmontano\/wp-json\/wp\/v2\/types\/page"}],"author":[{"embeddable":true,"href":"https:\/\/blogsaverroes.juntadeandalucia.es\/ariasmontano\/wp-json\/wp\/v2\/users\/2828"}],"replies":[{"embeddable":true,"href":"https:\/\/blogsaverroes.juntadeandalucia.es\/ariasmontano\/wp-json\/wp\/v2\/comments?post=871"}],"version-history":[{"count":19,"href":"https:\/\/blogsaverroes.juntadeandalucia.es\/ariasmontano\/wp-json\/wp\/v2\/pages\/871\/revisions"}],"predecessor-version":[{"id":3111,"href":"https:\/\/blogsaverroes.juntadeandalucia.es\/ariasmontano\/wp-json\/wp\/v2\/pages\/871\/revisions\/3111"}],"wp:attachment":[{"href":"https:\/\/blogsaverroes.juntadeandalucia.es\/ariasmontano\/wp-json\/wp\/v2\/media?parent=871"}],"curies":[{"name":"wp","href":"https:\/\/api.w.org\/{rel}","templated":true}]}}

<h3 align="center">ACTIVIDADES EXTRAESCOLARES</h3>
<p class="Estilo1">Debido a la evolución del COVID-19, en pro de un bien común y con el fin de reducir la curva del contagio, suspendemos temporalmente las actividades extraescolares de fútbol sala, baile moderno e inglés.</p>
<p>Lamentamos profundamente las molestias que se puedan ocasionar.</p>
<h2>Durante el curso 2020/21 se mantiene el PROA, puesto que se garantiza la atención en cada grupo de convivencia:</h2>
<ul>
<li><strong>PLAN DE ACOMPAÑAMIENTO ESCOLAR: MARTES Y JUEVES, DE 16 A 18 HORAS.&nbsp;</strong></li>
</ul>
<p>&nbsp;</p>

<p>ACTIVIDADES EXTRAESCOLARES Debido a la evolución del COVID-19, en pro de un bien común y con el fin de reducir la curva del contagio, suspendemos&hellip;</p>
