{"id":439,"date":"2020-06-27T13:49:36","date_gmt":"2020-06-27T11:49:36","guid":{"rendered":"https:\/\/blogsaverroes.juntadeandalucia.es\/arpegiodecorcheas\/?page_id=439"},"modified":"2023-11-29T22:57:44","modified_gmt":"2023-11-29T21:57:44","slug":"blog-aims","status":"publish","type":"page","link":"https:\/\/blogsaverroes.juntadeandalucia.es\/arpegiodecorcheas\/blog-aims\/","title":{"rendered":"BLOG AIMS"},"content":{"rendered":"<p style=\"text-align: justify\"><span style=\"font-family: 'book antiqua', palatino, serif;font-size: 14pt\">The Keyboard Music Box alberga una finalidad sin \u00e1nimo de lucro, principalmente divulgativa en el marco de las Ense\u00f1anzas Profesionales de M\u00fasica en la especialidad de Piano, dirigi\u00e9ndose a la comunidad educativa participante en los Conservatorios, Escuelas de M\u00fasica y Academias. Persigue una aportaci\u00f3n especializada por medio de contenidos diversificados y enfoques de la pedagog\u00eda y tradici\u00f3n pian\u00edsticas que contribuyan a generar en el seguidor del blog, una inquietud y ampliaci\u00f3n&nbsp; de miras y&nbsp; horizontes, promoviendo una labor de curiosidad e investigac\u00edon en torno a la inabarcable riqueza que brinda la tradici\u00f3n musical de los instrumentos de teclado desde el siglo XVIII hasta nuestros d\u00edas. Pretende adem\u00e1s ser una puerta de entrada, para todos los estudiantes pianistas, a un contexto amplio y ambicioso, a la par que ameno y atractivo, de conocimiento de toda esa herencia que debemos esforzarnos en preservar y transmitir con el mayor de los grados de excelencia y honestidad, tal y como nosotros la hemos podido recibir. Sed bienvenidos a este espacio org\u00e1nico y altruista, que espero disfrut\u00e9is al m\u00e1ximo.&nbsp;&nbsp;<\/span><\/p>\n","protected":false},"excerpt":{"rendered":"<p>The Keyboard Music Box alberga una finalidad sin \u00e1nimo de lucro, principalmente divulgativa en el marco de las Ense\u00f1anzas Profesionales de M\u00fasica en la especialidad de Piano, dirigi\u00e9ndose a la comunidad educativa participante en los Conservatorios, Escuelas de M\u00fasica y Academias. Persigue una aportaci\u00f3n especializada por medio de contenidos diversificados y enfoques de la pedagog\u00eda &hellip; <\/p>\n<p class=\"link-more\"><a href=\"https:\/\/blogsaverroes.juntadeandalucia.es\/arpegiodecorcheas\/blog-aims\/\" class=\"more-link\">Continuar leyendo<span class=\"screen-reader-text\"> \u00abBLOG AIMS\u00bb<\/span><\/a><\/p>\n","protected":false},"author":10238,"featured_media":0,"parent":0,"menu_order":0,"comment_status":"closed","ping_status":"closed","template":"","meta":{"ngg_post_thumbnail":0,"footnotes":""},"aioseo_notices":[],"_links":{"self":[{"href":"https:\/\/blogsaverroes.juntadeandalucia.es\/arpegiodecorcheas\/wp-json\/wp\/v2\/pages\/439"}],"collection":[{"href":"https:\/\/blogsaverroes.juntadeandalucia.es\/arpegiodecorcheas\/wp-json\/wp\/v2\/pages"}],"about":[{"href":"https:\/\/blogsaverroes.juntadeandalucia.es\/arpegiodecorcheas\/wp-json\/wp\/v2\/types\/page"}],"author":[{"embeddable":true,"href":"https:\/\/blogsaverroes.juntadeandalucia.es\/arpegiodecorcheas\/wp-json\/wp\/v2\/users\/10238"}],"replies":[{"embeddable":true,"href":"https:\/\/blogsaverroes.juntadeandalucia.es\/arpegiodecorcheas\/wp-json\/wp\/v2\/comments?post=439"}],"version-history":[{"count":4,"href":"https:\/\/blogsaverroes.juntadeandalucia.es\/arpegiodecorcheas\/wp-json\/wp\/v2\/pages\/439\/revisions"}],"predecessor-version":[{"id":787,"href":"https:\/\/blogsaverroes.juntadeandalucia.es\/arpegiodecorcheas\/wp-json\/wp\/v2\/pages\/439\/revisions\/787"}],"wp:attachment":[{"href":"https:\/\/blogsaverroes.juntadeandalucia.es\/arpegiodecorcheas\/wp-json\/wp\/v2\/media?parent=439"}],"curies":[{"name":"wp","href":"https:\/\/api.w.org\/{rel}","templated":true}]}}