{"id":236,"date":"2020-03-23T23:42:54","date_gmt":"2020-03-23T22:42:54","guid":{"rendered":"https:\/\/blogsaverroes.juntadeandalucia.es\/astronautasyrobotsvscoronavirus\/?page_id=236"},"modified":"2020-04-02T02:25:35","modified_gmt":"2020-04-02T00:25:35","slug":"videos-de-secundaria-y-bachillerato","status":"publish","type":"page","link":"https:\/\/blogsaverroes.juntadeandalucia.es\/astronautasyrobotsvscoronavirus\/videos-de-secundaria-y-bachillerato\/","title":{"rendered":"V\u00eddeos de Secundaria y Bachillerato"},"content":{"rendered":"<p style=\"text-align: left\">Esta vez os quiero presentar a nuestro compa\u00f1ero valenciano Lluis Bonet, \u00e9l me dio la idea del v\u00eddeo que pod\u00e9is ver en la presentaci\u00f3n, y recientemente ha sido nombrado Mejor Profesor de Espa\u00f1a que est\u00e1 aqu\u00ed conmigo en la Estaci\u00f3n Espacial Internacional, y nos manda este divertido v\u00eddeo. Adem\u00e1s de profe, trabaja a tiempo parcial como astronauta y como v\u00e9is se ha dado un peque\u00f1o golpe en la cabeza. En su canal de youtube pod\u00e9is acceder a m\u00e1s v\u00eddeos divertidos y con problemas matem\u00e1ticos, se llama <a href=\"https:\/\/www.youtube.com\/channel\/UCNZ2ch5N_wNe_JlEHhhoTGQ\" target=\"_blank\" rel=\"noopener noreferrer\">Integrant Matem\u00e0tiques<\/a>.<\/p>\n<p style=\"text-align: left\">Por cierto, una pregunta que os hago, \u00bfpens\u00e1is que aqu\u00ed, en la Estaci\u00f3n Espacial,&nbsp; pueda existir el Coronavirus?<\/p>\n<p>&nbsp;<\/p>\n<p><a href=\"https:\/\/youtu.be\/u5D0fQUnBv8\" target=\"_blank\" rel=\"noopener noreferrer\"><img loading=\"lazy\" decoding=\"async\" class=\"aligncenter size-full wp-image-675\" src=\"https:\/\/blogsaverroes.juntadeandalucia.es\/astronautasyrobotsvscoronavirus\/files\/2020\/03\/lluis.png\" alt=\"\" width=\"839\" height=\"474\" srcset=\"https:\/\/blogsaverroes.juntadeandalucia.es\/astronautasyrobotsvscoronavirus\/files\/2020\/03\/lluis.png 839w, https:\/\/blogsaverroes.juntadeandalucia.es\/astronautasyrobotsvscoronavirus\/files\/2020\/03\/lluis-300x169.png 300w, https:\/\/blogsaverroes.juntadeandalucia.es\/astronautasyrobotsvscoronavirus\/files\/2020\/03\/lluis-768x434.png 768w, https:\/\/blogsaverroes.juntadeandalucia.es\/astronautasyrobotsvscoronavirus\/files\/2020\/03\/lluis-24x14.png 24w, https:\/\/blogsaverroes.juntadeandalucia.es\/astronautasyrobotsvscoronavirus\/files\/2020\/03\/lluis-36x20.png 36w, https:\/\/blogsaverroes.juntadeandalucia.es\/astronautasyrobotsvscoronavirus\/files\/2020\/03\/lluis-48x27.png 48w\" sizes=\"(max-width: 839px) 100vw, 839px\" \/><\/a><\/p>\n<p style=\"text-align: left\">En este otro v\u00eddeo nos preguntamos acerca de si los astronautas deben llevar crema solar, v\u00eddeo disponible en interesante canal de youtube el de Mr Ryan, pero \u00bfT\u00fa qu\u00e9 crees, necesitan crema solar o no?<\/p>\n<p>&nbsp;<\/p>\n<p><a href=\"https:\/\/youtu.be\/OmZee5XgYaI\" target=\"_blank\" rel=\"noopener noreferrer\"><img loading=\"lazy\" decoding=\"async\" class=\"aligncenter size-large wp-image-676\" src=\"https:\/\/blogsaverroes.juntadeandalucia.es\/astronautasyrobotsvscoronavirus\/files\/2020\/03\/crema-1024x540.png\" alt=\"\" width=\"1024\" height=\"540\" srcset=\"https:\/\/blogsaverroes.juntadeandalucia.es\/astronautasyrobotsvscoronavirus\/files\/2020\/03\/crema-1024x540.png 1024w, https:\/\/blogsaverroes.juntadeandalucia.es\/astronautasyrobotsvscoronavirus\/files\/2020\/03\/crema-300x158.png 300w, https:\/\/blogsaverroes.juntadeandalucia.es\/astronautasyrobotsvscoronavirus\/files\/2020\/03\/crema-768x405.png 768w, https:\/\/blogsaverroes.juntadeandalucia.es\/astronautasyrobotsvscoronavirus\/files\/2020\/03\/crema-24x13.png 24w, https:\/\/blogsaverroes.juntadeandalucia.es\/astronautasyrobotsvscoronavirus\/files\/2020\/03\/crema-36x19.png 36w, https:\/\/blogsaverroes.juntadeandalucia.es\/astronautasyrobotsvscoronavirus\/files\/2020\/03\/crema-48x25.png 48w, https:\/\/blogsaverroes.juntadeandalucia.es\/astronautasyrobotsvscoronavirus\/files\/2020\/03\/crema.png 1117w\" sizes=\"(max-width: 1024px) 100vw, 1024px\" \/><\/a><\/p>\n<p><span style=\"font-size: 10pt\">Un v\u00eddeo que me hace mucha ilusi\u00f3n presentaros, es la entrevista que hice con mi alumnado a Alyssa Carson, una adolescente que se est\u00e1 preparando para ser la primera persona en pisar Marte en el a\u00f1o 2033. Puedes acceder esta&nbsp; entrevista tan&nbsp; interesante aqu\u00ed:<\/span><\/p>\n<p>&nbsp;<\/p>\n<p><a href=\"https:\/\/youtu.be\/sUJgzNbuslY\" target=\"_blank\" rel=\"noopener noreferrer\"><img loading=\"lazy\" decoding=\"async\" class=\"aligncenter size-large wp-image-862\" src=\"https:\/\/blogsaverroes.juntadeandalucia.es\/astronautasyrobotsvscoronavirus\/files\/2020\/04\/inter-1024x575.png\" alt=\"\" width=\"1024\" height=\"575\" srcset=\"https:\/\/blogsaverroes.juntadeandalucia.es\/astronautasyrobotsvscoronavirus\/files\/2020\/04\/inter-1024x575.png 1024w, https:\/\/blogsaverroes.juntadeandalucia.es\/astronautasyrobotsvscoronavirus\/files\/2020\/04\/inter-300x168.png 300w, https:\/\/blogsaverroes.juntadeandalucia.es\/astronautasyrobotsvscoronavirus\/files\/2020\/04\/inter-768x431.png 768w, https:\/\/blogsaverroes.juntadeandalucia.es\/astronautasyrobotsvscoronavirus\/files\/2020\/04\/inter-24x13.png 24w, https:\/\/blogsaverroes.juntadeandalucia.es\/astronautasyrobotsvscoronavirus\/files\/2020\/04\/inter-36x20.png 36w, https:\/\/blogsaverroes.juntadeandalucia.es\/astronautasyrobotsvscoronavirus\/files\/2020\/04\/inter-48x27.png 48w, https:\/\/blogsaverroes.juntadeandalucia.es\/astronautasyrobotsvscoronavirus\/files\/2020\/04\/inter.png 1184w\" sizes=\"(max-width: 1024px) 100vw, 1024px\" \/><\/a><\/p>\n<p>&nbsp;<\/p>\n<p style=\"text-align: left\">En la web de ESA KIDS hay disponibles muchos v\u00eddeos educativos relacionados con el espacio de tem\u00e1tica aeroespacial, m\u00e1s orientados a los ni\u00f1os y ni\u00f1as de primaria pero que tambi\u00e9n os aconsejo visitar<\/p>\n<p style=\"text-align: left\"><a href=\"https:\/\/www.esa.int\/kids\/es\/Multimedia\" target=\"_blank\" rel=\"noopener noreferrer\">\u00a1PULSA AQU\u00cd PARA ACCEDER!<\/a><\/p>\n<p><img loading=\"lazy\" decoding=\"async\" class=\" wp-image-301 alignleft\" src=\"https:\/\/blogsaverroes.juntadeandalucia.es\/astronautasyrobotsvscoronavirus\/files\/2020\/03\/bitmoji-20200324121955-300x300.png\" alt=\"\" width=\"237\" height=\"237\" srcset=\"https:\/\/blogsaverroes.juntadeandalucia.es\/astronautasyrobotsvscoronavirus\/files\/2020\/03\/bitmoji-20200324121955-300x300.png 300w, https:\/\/blogsaverroes.juntadeandalucia.es\/astronautasyrobotsvscoronavirus\/files\/2020\/03\/bitmoji-20200324121955-150x150.png 150w, https:\/\/blogsaverroes.juntadeandalucia.es\/astronautasyrobotsvscoronavirus\/files\/2020\/03\/bitmoji-20200324121955-100x100.png 100w, https:\/\/blogsaverroes.juntadeandalucia.es\/astronautasyrobotsvscoronavirus\/files\/2020\/03\/bitmoji-20200324121955-24x24.png 24w, https:\/\/blogsaverroes.juntadeandalucia.es\/astronautasyrobotsvscoronavirus\/files\/2020\/03\/bitmoji-20200324121955-36x36.png 36w, https:\/\/blogsaverroes.juntadeandalucia.es\/astronautasyrobotsvscoronavirus\/files\/2020\/03\/bitmoji-20200324121955-48x48.png 48w, https:\/\/blogsaverroes.juntadeandalucia.es\/astronautasyrobotsvscoronavirus\/files\/2020\/03\/bitmoji-20200324121955.png 398w\" sizes=\"(max-width: 237px) 100vw, 237px\" \/><\/p>\n<p>&nbsp;<\/p>\n","protected":false},"excerpt":{"rendered":"<p>Esta vez os quiero presentar a nuestro compa\u00f1ero valenciano Lluis Bonet, \u00e9l me dio la idea del v\u00eddeo que pod\u00e9is ver en la presentaci\u00f3n, y recientemente ha sido nombrado Mejor Profesor de Espa\u00f1a que est\u00e1 aqu\u00ed conmigo en la Estaci\u00f3n Espacial Internacional, y nos manda este divertido v\u00eddeo. Adem\u00e1s de profe, trabaja a tiempo parcial [&hellip;]<\/p>\n","protected":false},"author":7639,"featured_media":0,"parent":0,"menu_order":0,"comment_status":"closed","ping_status":"closed","template":"","meta":{"ngg_post_thumbnail":0,"footnotes":""},"aioseo_notices":[],"_links":{"self":[{"href":"https:\/\/blogsaverroes.juntadeandalucia.es\/astronautasyrobotsvscoronavirus\/wp-json\/wp\/v2\/pages\/236"}],"collection":[{"href":"https:\/\/blogsaverroes.juntadeandalucia.es\/astronautasyrobotsvscoronavirus\/wp-json\/wp\/v2\/pages"}],"about":[{"href":"https:\/\/blogsaverroes.juntadeandalucia.es\/astronautasyrobotsvscoronavirus\/wp-json\/wp\/v2\/types\/page"}],"author":[{"embeddable":true,"href":"https:\/\/blogsaverroes.juntadeandalucia.es\/astronautasyrobotsvscoronavirus\/wp-json\/wp\/v2\/users\/7639"}],"replies":[{"embeddable":true,"href":"https:\/\/blogsaverroes.juntadeandalucia.es\/astronautasyrobotsvscoronavirus\/wp-json\/wp\/v2\/comments?post=236"}],"version-history":[{"count":12,"href":"https:\/\/blogsaverroes.juntadeandalucia.es\/astronautasyrobotsvscoronavirus\/wp-json\/wp\/v2\/pages\/236\/revisions"}],"predecessor-version":[{"id":863,"href":"https:\/\/blogsaverroes.juntadeandalucia.es\/astronautasyrobotsvscoronavirus\/wp-json\/wp\/v2\/pages\/236\/revisions\/863"}],"wp:attachment":[{"href":"https:\/\/blogsaverroes.juntadeandalucia.es\/astronautasyrobotsvscoronavirus\/wp-json\/wp\/v2\/media?parent=236"}],"curies":[{"name":"wp","href":"https:\/\/api.w.org\/{rel}","templated":true}]}}