{"id":390,"date":"2020-03-24T09:07:33","date_gmt":"2020-03-24T08:07:33","guid":{"rendered":"https:\/\/blogsaverroes.juntadeandalucia.es\/astronautasyrobotsvscoronavirus\/?page_id=390"},"modified":"2020-03-28T12:37:45","modified_gmt":"2020-03-28T11:37:45","slug":"dibujos","status":"publish","type":"page","link":"https:\/\/blogsaverroes.juntadeandalucia.es\/astronautasyrobotsvscoronavirus\/dibujos\/","title":{"rendered":"Dibujos"},"content":{"rendered":"<p style=\"text-align: left\"><span style=\"font-size: 10pt\">Tambi\u00e9n hay exitosas series de dibujos animados con cap\u00edtulos en el espacio exterior, como \u00abPepa Pig, viaje al espacio\u00bb, muy did\u00e1ctico para los m\u00e1s peque\u00f1os:<\/span><\/p>\n<p>&nbsp;<\/p>\n<p><span style=\"font-size: 10pt\"><a href=\"https:\/\/youtu.be\/02c1AUcejog\" target=\"_blank\" rel=\"noopener noreferrer\"><img loading=\"lazy\" decoding=\"async\" class=\"aligncenter size-full wp-image-678\" src=\"https:\/\/blogsaverroes.juntadeandalucia.es\/astronautasyrobotsvscoronavirus\/files\/2020\/03\/pep.png\" alt=\"\" width=\"840\" height=\"474\" srcset=\"https:\/\/blogsaverroes.juntadeandalucia.es\/astronautasyrobotsvscoronavirus\/files\/2020\/03\/pep.png 840w, https:\/\/blogsaverroes.juntadeandalucia.es\/astronautasyrobotsvscoronavirus\/files\/2020\/03\/pep-300x169.png 300w, https:\/\/blogsaverroes.juntadeandalucia.es\/astronautasyrobotsvscoronavirus\/files\/2020\/03\/pep-768x433.png 768w, https:\/\/blogsaverroes.juntadeandalucia.es\/astronautasyrobotsvscoronavirus\/files\/2020\/03\/pep-24x14.png 24w, https:\/\/blogsaverroes.juntadeandalucia.es\/astronautasyrobotsvscoronavirus\/files\/2020\/03\/pep-36x20.png 36w, https:\/\/blogsaverroes.juntadeandalucia.es\/astronautasyrobotsvscoronavirus\/files\/2020\/03\/pep-48x27.png 48w\" sizes=\"(max-width: 840px) 100vw, 840px\" \/><\/a>&nbsp;<\/span><\/p>\n<p style=\"text-align: left\"><span style=\"font-size: 10pt\">Incluso hay series que conocer\u00e1n vuestros Pap\u00e1s y Mam\u00e1s, como la de los \u00abSupers\u00f3nicos\u00bb, ambientadas en su totalidad en el espacio, para toda la familia. Pinchando en la siguiente imagen puedes acceder a uno de sus cap\u00edtulos<\/span><\/p>\n<p style=\"text-align: left\"><span style=\"font-size: 10pt\"><a href=\"https:\/\/www.dailymotion.com\/video\/x6110ok\" target=\"_blank\" rel=\"noopener noreferrer\"><img loading=\"lazy\" decoding=\"async\" class=\"aligncenter size-full wp-image-458\" src=\"https:\/\/blogsaverroes.juntadeandalucia.es\/astronautasyrobotsvscoronavirus\/files\/2020\/03\/jetsons.png\" alt=\"\" width=\"272\" height=\"140\" srcset=\"https:\/\/blogsaverroes.juntadeandalucia.es\/astronautasyrobotsvscoronavirus\/files\/2020\/03\/jetsons.png 272w, https:\/\/blogsaverroes.juntadeandalucia.es\/astronautasyrobotsvscoronavirus\/files\/2020\/03\/jetsons-24x12.png 24w, https:\/\/blogsaverroes.juntadeandalucia.es\/astronautasyrobotsvscoronavirus\/files\/2020\/03\/jetsons-36x19.png 36w, https:\/\/blogsaverroes.juntadeandalucia.es\/astronautasyrobotsvscoronavirus\/files\/2020\/03\/jetsons-48x25.png 48w\" sizes=\"(max-width: 272px) 100vw, 272px\" \/><\/a><\/span><\/p>\n","protected":false},"excerpt":{"rendered":"<p>Tambi\u00e9n hay exitosas series de dibujos animados con cap\u00edtulos en el espacio exterior, como \u00abPepa Pig, viaje al espacio\u00bb, muy did\u00e1ctico para los m\u00e1s peque\u00f1os: &nbsp; &nbsp; Incluso hay series que conocer\u00e1n vuestros Pap\u00e1s y Mam\u00e1s, como la de los \u00abSupers\u00f3nicos\u00bb, ambientadas en su totalidad en el espacio, para toda la familia. Pinchando en la [&hellip;]<\/p>\n","protected":false},"author":7639,"featured_media":0,"parent":0,"menu_order":0,"comment_status":"closed","ping_status":"closed","template":"","meta":{"ngg_post_thumbnail":0,"footnotes":""},"aioseo_notices":[],"_links":{"self":[{"href":"https:\/\/blogsaverroes.juntadeandalucia.es\/astronautasyrobotsvscoronavirus\/wp-json\/wp\/v2\/pages\/390"}],"collection":[{"href":"https:\/\/blogsaverroes.juntadeandalucia.es\/astronautasyrobotsvscoronavirus\/wp-json\/wp\/v2\/pages"}],"about":[{"href":"https:\/\/blogsaverroes.juntadeandalucia.es\/astronautasyrobotsvscoronavirus\/wp-json\/wp\/v2\/types\/page"}],"author":[{"embeddable":true,"href":"https:\/\/blogsaverroes.juntadeandalucia.es\/astronautasyrobotsvscoronavirus\/wp-json\/wp\/v2\/users\/7639"}],"replies":[{"embeddable":true,"href":"https:\/\/blogsaverroes.juntadeandalucia.es\/astronautasyrobotsvscoronavirus\/wp-json\/wp\/v2\/comments?post=390"}],"version-history":[{"count":9,"href":"https:\/\/blogsaverroes.juntadeandalucia.es\/astronautasyrobotsvscoronavirus\/wp-json\/wp\/v2\/pages\/390\/revisions"}],"predecessor-version":[{"id":789,"href":"https:\/\/blogsaverroes.juntadeandalucia.es\/astronautasyrobotsvscoronavirus\/wp-json\/wp\/v2\/pages\/390\/revisions\/789"}],"wp:attachment":[{"href":"https:\/\/blogsaverroes.juntadeandalucia.es\/astronautasyrobotsvscoronavirus\/wp-json\/wp\/v2\/media?parent=390"}],"curies":[{"name":"wp","href":"https:\/\/api.w.org\/{rel}","templated":true}]}}