{"id":417,"date":"2020-03-24T14:35:14","date_gmt":"2020-03-24T13:35:14","guid":{"rendered":"https:\/\/blogsaverroes.juntadeandalucia.es\/astronautasyrobotsvscoronavirus\/?page_id=417"},"modified":"2020-04-02T02:51:14","modified_gmt":"2020-04-02T00:51:14","slug":"recursos-genially","status":"publish","type":"page","link":"https:\/\/blogsaverroes.juntadeandalucia.es\/astronautasyrobotsvscoronavirus\/recursos-genially\/","title":{"rendered":"Recursos Genially"},"content":{"rendered":"<p style=\"text-align: left\"><span style=\"font-size: 10pt\">Aqu\u00ed os dejo recursos educativos digitales, de diferentes asignaturas, para que aprend\u00e1is mucho m\u00e1s sobre el espacio:<\/span><\/p>\n<p>&nbsp;<\/p>\n<p style=\"text-align: center\"><a href=\"https:\/\/view.genial.ly\/57712d8afe0a9551f8a0fbfa\/interactive-content-apollo-11\" target=\"_blank\" rel=\"noopener noreferrer\"><strong>Apolo 11<\/strong><\/a>, de Historia<\/p>\n<p><img loading=\"lazy\" decoding=\"async\" class=\"wp-image-418 alignnone\" src=\"https:\/\/blogsaverroes.juntadeandalucia.es\/astronautasyrobotsvscoronavirus\/files\/2020\/03\/apolo-292x300.png\" alt=\"\" width=\"245\" height=\"252\" srcset=\"https:\/\/blogsaverroes.juntadeandalucia.es\/astronautasyrobotsvscoronavirus\/files\/2020\/03\/apolo-292x300.png 292w, https:\/\/blogsaverroes.juntadeandalucia.es\/astronautasyrobotsvscoronavirus\/files\/2020\/03\/apolo-768x788.png 768w, https:\/\/blogsaverroes.juntadeandalucia.es\/astronautasyrobotsvscoronavirus\/files\/2020\/03\/apolo-24x24.png 24w, https:\/\/blogsaverroes.juntadeandalucia.es\/astronautasyrobotsvscoronavirus\/files\/2020\/03\/apolo-36x36.png 36w, https:\/\/blogsaverroes.juntadeandalucia.es\/astronautasyrobotsvscoronavirus\/files\/2020\/03\/apolo-48x48.png 48w, https:\/\/blogsaverroes.juntadeandalucia.es\/astronautasyrobotsvscoronavirus\/files\/2020\/03\/apolo.png 915w\" sizes=\"(max-width: 245px) 100vw, 245px\" \/><\/p>\n<p>&nbsp;<\/p>\n<p style=\"text-align: center\"><a href=\"https:\/\/view.genial.ly\/5e7350bd66abcc0f6863b49e\/game-breakout-la-galaxia-gramatical\" target=\"_blank\" rel=\"noopener noreferrer\"><strong>La Galaxia Gramatical<\/strong><\/a>, de Lengua<\/p>\n<p><img loading=\"lazy\" decoding=\"async\" class=\"wp-image-453 alignnone\" src=\"https:\/\/blogsaverroes.juntadeandalucia.es\/astronautasyrobotsvscoronavirus\/files\/2020\/03\/galaxia-gramatical-300x167.png\" alt=\"\" width=\"320\" height=\"178\" srcset=\"https:\/\/blogsaverroes.juntadeandalucia.es\/astronautasyrobotsvscoronavirus\/files\/2020\/03\/galaxia-gramatical-300x167.png 300w, https:\/\/blogsaverroes.juntadeandalucia.es\/astronautasyrobotsvscoronavirus\/files\/2020\/03\/galaxia-gramatical-768x426.png 768w, https:\/\/blogsaverroes.juntadeandalucia.es\/astronautasyrobotsvscoronavirus\/files\/2020\/03\/galaxia-gramatical-1024x569.png 1024w, https:\/\/blogsaverroes.juntadeandalucia.es\/astronautasyrobotsvscoronavirus\/files\/2020\/03\/galaxia-gramatical-24x13.png 24w, https:\/\/blogsaverroes.juntadeandalucia.es\/astronautasyrobotsvscoronavirus\/files\/2020\/03\/galaxia-gramatical-36x20.png 36w, https:\/\/blogsaverroes.juntadeandalucia.es\/astronautasyrobotsvscoronavirus\/files\/2020\/03\/galaxia-gramatical-48x27.png 48w, https:\/\/blogsaverroes.juntadeandalucia.es\/astronautasyrobotsvscoronavirus\/files\/2020\/03\/galaxia-gramatical.png 1567w\" sizes=\"(max-width: 320px) 100vw, 320px\" \/><\/p>\n<p>&nbsp;<\/p>\n<p style=\"text-align: center\"><a href=\"https:\/\/view.genial.ly\/5dc1da3f13ffe70fb9069e57\/guide-el-maravilloso-sistema-solar\" target=\"_blank\" rel=\"noopener noreferrer\"><strong>El maravilloso sistema solar<\/strong><\/a>, de Ciencias<\/p>\n<p><img loading=\"lazy\" decoding=\"async\" class=\"wp-image-455 alignnone\" src=\"https:\/\/blogsaverroes.juntadeandalucia.es\/astronautasyrobotsvscoronavirus\/files\/2020\/03\/sistema-solar-300x156.png\" alt=\"\" width=\"329\" height=\"171\" srcset=\"https:\/\/blogsaverroes.juntadeandalucia.es\/astronautasyrobotsvscoronavirus\/files\/2020\/03\/sistema-solar-300x156.png 300w, https:\/\/blogsaverroes.juntadeandalucia.es\/astronautasyrobotsvscoronavirus\/files\/2020\/03\/sistema-solar-768x400.png 768w, https:\/\/blogsaverroes.juntadeandalucia.es\/astronautasyrobotsvscoronavirus\/files\/2020\/03\/sistema-solar-1024x533.png 1024w, https:\/\/blogsaverroes.juntadeandalucia.es\/astronautasyrobotsvscoronavirus\/files\/2020\/03\/sistema-solar-24x12.png 24w, https:\/\/blogsaverroes.juntadeandalucia.es\/astronautasyrobotsvscoronavirus\/files\/2020\/03\/sistema-solar-36x19.png 36w, https:\/\/blogsaverroes.juntadeandalucia.es\/astronautasyrobotsvscoronavirus\/files\/2020\/03\/sistema-solar-48x25.png 48w, https:\/\/blogsaverroes.juntadeandalucia.es\/astronautasyrobotsvscoronavirus\/files\/2020\/03\/sistema-solar.png 1680w\" sizes=\"(max-width: 329px) 100vw, 329px\" \/><\/p>\n<p style=\"text-align: left\">&nbsp;<\/p>\n<p>&nbsp;<\/p>\n<p>&nbsp;<\/p>\n<p><span style=\"font-size: 10pt\">La conocida profesora de matem\u00e1ticas, Mayte Jim\u00e9nez ofrece tambi\u00e9n&nbsp; su propia colecci\u00f3n de recursos Genially dirigidos principalmente a Secundaria, tambi\u00e9n de tem\u00e1tica aeroespacial, que dispongo aqu\u00ed, en forma de tabla:<br \/>\n<\/span><\/p>\n<p>&nbsp;<\/p>\n<table>\n<tbody>\n<tr>\n<td style=\"text-align: center\">&nbsp;<\/td>\n<td style=\"text-align: center\"><span style=\"font-family: georgia, palatino, serif\"><span style=\"font-size: 10pt\"><strong>T\u00cdTULO<\/strong><\/span><\/span><\/td>\n<td style=\"text-align: center\"><span style=\"font-size: 10pt\"><strong>TEMA<\/strong><\/span><\/td>\n<\/tr>\n<tr>\n<td style=\"text-align: center\"><img loading=\"lazy\" decoding=\"async\" class=\"aligncenter wp-image-836\" src=\"https:\/\/blogsaverroes.juntadeandalucia.es\/astronautasyrobotsvscoronavirus\/files\/2020\/04\/h\u00e9roes-de-la-galaxia-300x168.png\" alt=\"\" width=\"268\" height=\"150\" srcset=\"https:\/\/blogsaverroes.juntadeandalucia.es\/astronautasyrobotsvscoronavirus\/files\/2020\/04\/h\u00e9roes-de-la-galaxia-300x168.png 300w, https:\/\/blogsaverroes.juntadeandalucia.es\/astronautasyrobotsvscoronavirus\/files\/2020\/04\/h\u00e9roes-de-la-galaxia-768x430.png 768w, https:\/\/blogsaverroes.juntadeandalucia.es\/astronautasyrobotsvscoronavirus\/files\/2020\/04\/h\u00e9roes-de-la-galaxia-24x13.png 24w, https:\/\/blogsaverroes.juntadeandalucia.es\/astronautasyrobotsvscoronavirus\/files\/2020\/04\/h\u00e9roes-de-la-galaxia-36x20.png 36w, https:\/\/blogsaverroes.juntadeandalucia.es\/astronautasyrobotsvscoronavirus\/files\/2020\/04\/h\u00e9roes-de-la-galaxia-48x27.png 48w, https:\/\/blogsaverroes.juntadeandalucia.es\/astronautasyrobotsvscoronavirus\/files\/2020\/04\/h\u00e9roes-de-la-galaxia.png 947w\" sizes=\"(max-width: 268px) 100vw, 268px\" \/><\/td>\n<td style=\"text-align: center\"><span style=\"font-family: georgia, palatino, serif\"><a href=\"https:\/\/quevamosahacerhoy.com\/heroes-de-la-galaxia-divide-polinomios-y-venceras\/\" target=\"_blank\" rel=\"noopener noreferrer\"><span style=\"font-size: 10pt\"><strong>H\u00e9roes de la Galaxia<\/strong><\/span><\/a><\/span><\/td>\n<td style=\"text-align: center\"><span style=\"font-size: 10pt\"><strong>Polinomios<\/strong><\/span><\/td>\n<\/tr>\n<tr>\n<td><img loading=\"lazy\" decoding=\"async\" class=\"aligncenter size-medium wp-image-837\" src=\"https:\/\/blogsaverroes.juntadeandalucia.es\/astronautasyrobotsvscoronavirus\/files\/2020\/04\/EXPRESIONES-ALGEBRAICAS-300x169.png\" alt=\"\" width=\"300\" height=\"169\" srcset=\"https:\/\/blogsaverroes.juntadeandalucia.es\/astronautasyrobotsvscoronavirus\/files\/2020\/04\/EXPRESIONES-ALGEBRAICAS-300x169.png 300w, https:\/\/blogsaverroes.juntadeandalucia.es\/astronautasyrobotsvscoronavirus\/files\/2020\/04\/EXPRESIONES-ALGEBRAICAS-768x434.png 768w, https:\/\/blogsaverroes.juntadeandalucia.es\/astronautasyrobotsvscoronavirus\/files\/2020\/04\/EXPRESIONES-ALGEBRAICAS-24x14.png 24w, https:\/\/blogsaverroes.juntadeandalucia.es\/astronautasyrobotsvscoronavirus\/files\/2020\/04\/EXPRESIONES-ALGEBRAICAS-36x20.png 36w, https:\/\/blogsaverroes.juntadeandalucia.es\/astronautasyrobotsvscoronavirus\/files\/2020\/04\/EXPRESIONES-ALGEBRAICAS-48x27.png 48w, https:\/\/blogsaverroes.juntadeandalucia.es\/astronautasyrobotsvscoronavirus\/files\/2020\/04\/EXPRESIONES-ALGEBRAICAS.png 949w\" sizes=\"(max-width: 300px) 100vw, 300px\" \/><\/td>\n<td style=\"text-align: center\"><a href=\"https:\/\/quevamosahacerhoy.com\/expresiones-algebraicas-quiz\/\" target=\"_blank\" rel=\"noopener noreferrer\"><strong><span style=\"font-size: 10pt\">Quiz Mates<\/span><\/strong><\/a><\/td>\n<td style=\"text-align: center\"><span style=\"font-size: 10pt\"><strong>Expresiones algebraicas<\/strong><\/span><\/td>\n<\/tr>\n<\/tbody>\n<\/table>\n<p>&nbsp;<\/p>\n<p>Tambi\u00e9n pod\u00e9is disfrutar del entretenido reto \u00ab<em>Misi\u00f3n: Conocer la Tierra<\/em>\u00ab, disponible pinchando en la siguiente imagen:<\/p>\n<p>&nbsp;<\/p>\n<p><img loading=\"lazy\" decoding=\"async\" class=\"aligncenter size-large wp-image-842\" src=\"https:\/\/blogsaverroes.juntadeandalucia.es\/astronautasyrobotsvscoronavirus\/files\/2020\/04\/misi\u00f3n-1024x580.png\" alt=\"\" width=\"1024\" height=\"580\" srcset=\"https:\/\/blogsaverroes.juntadeandalucia.es\/astronautasyrobotsvscoronavirus\/files\/2020\/04\/misi\u00f3n-1024x580.png 1024w, https:\/\/blogsaverroes.juntadeandalucia.es\/astronautasyrobotsvscoronavirus\/files\/2020\/04\/misi\u00f3n-300x170.png 300w, https:\/\/blogsaverroes.juntadeandalucia.es\/astronautasyrobotsvscoronavirus\/files\/2020\/04\/misi\u00f3n-768x435.png 768w, https:\/\/blogsaverroes.juntadeandalucia.es\/astronautasyrobotsvscoronavirus\/files\/2020\/04\/misi\u00f3n-24x14.png 24w, https:\/\/blogsaverroes.juntadeandalucia.es\/astronautasyrobotsvscoronavirus\/files\/2020\/04\/misi\u00f3n-36x20.png 36w, https:\/\/blogsaverroes.juntadeandalucia.es\/astronautasyrobotsvscoronavirus\/files\/2020\/04\/misi\u00f3n-48x27.png 48w, https:\/\/blogsaverroes.juntadeandalucia.es\/astronautasyrobotsvscoronavirus\/files\/2020\/04\/misi\u00f3n.png 1434w\" sizes=\"(max-width: 1024px) 100vw, 1024px\" \/><\/p>\n<p>&nbsp;<\/p>\n<p>\u00a1Pues venga, a divertirse!. Y si eres profe an\u00edmate a crear tu propio genially, del espacio o de cualquier tem\u00e1tica, tus alumnos y alumnas te lo agradecer\u00e1n<\/p>\n","protected":false},"excerpt":{"rendered":"<p>Aqu\u00ed os dejo recursos educativos digitales, de diferentes asignaturas, para que aprend\u00e1is mucho m\u00e1s sobre el espacio: &nbsp; Apolo 11, de Historia &nbsp; La Galaxia Gramatical, de Lengua &nbsp; El maravilloso sistema solar, de Ciencias &nbsp; &nbsp; &nbsp; La conocida profesora de matem\u00e1ticas, Mayte Jim\u00e9nez ofrece tambi\u00e9n&nbsp; su propia colecci\u00f3n de recursos Genially dirigidos principalmente [&hellip;]<\/p>\n","protected":false},"author":7639,"featured_media":0,"parent":0,"menu_order":0,"comment_status":"closed","ping_status":"closed","template":"","meta":{"ngg_post_thumbnail":0,"footnotes":""},"aioseo_notices":[],"_links":{"self":[{"href":"https:\/\/blogsaverroes.juntadeandalucia.es\/astronautasyrobotsvscoronavirus\/wp-json\/wp\/v2\/pages\/417"}],"collection":[{"href":"https:\/\/blogsaverroes.juntadeandalucia.es\/astronautasyrobotsvscoronavirus\/wp-json\/wp\/v2\/pages"}],"about":[{"href":"https:\/\/blogsaverroes.juntadeandalucia.es\/astronautasyrobotsvscoronavirus\/wp-json\/wp\/v2\/types\/page"}],"author":[{"embeddable":true,"href":"https:\/\/blogsaverroes.juntadeandalucia.es\/astronautasyrobotsvscoronavirus\/wp-json\/wp\/v2\/users\/7639"}],"replies":[{"embeddable":true,"href":"https:\/\/blogsaverroes.juntadeandalucia.es\/astronautasyrobotsvscoronavirus\/wp-json\/wp\/v2\/comments?post=417"}],"version-history":[{"count":23,"href":"https:\/\/blogsaverroes.juntadeandalucia.es\/astronautasyrobotsvscoronavirus\/wp-json\/wp\/v2\/pages\/417\/revisions"}],"predecessor-version":[{"id":877,"href":"https:\/\/blogsaverroes.juntadeandalucia.es\/astronautasyrobotsvscoronavirus\/wp-json\/wp\/v2\/pages\/417\/revisions\/877"}],"wp:attachment":[{"href":"https:\/\/blogsaverroes.juntadeandalucia.es\/astronautasyrobotsvscoronavirus\/wp-json\/wp\/v2\/media?parent=417"}],"curies":[{"name":"wp","href":"https:\/\/api.w.org\/{rel}","templated":true}]}}