{"id":327,"date":"2021-03-12T11:31:47","date_gmt":"2021-03-12T11:31:47","guid":{"rendered":"https:\/\/blogsaverroes.juntadeandalucia.es\/atalmalaga\/?page_id=327"},"modified":"2025-11-12T11:23:54","modified_gmt":"2025-11-12T11:23:54","slug":"nuevos-centros-solicitud-atal","status":"publish","type":"page","link":"https:\/\/blogsaverroes.juntadeandalucia.es\/atalmalaga\/nuevos-centros-solicitud-atal\/","title":{"rendered":"Solicitud ATAL 25\/26"},"content":{"rendered":"<p><span style=\"font-size: 10pt\">En el caso&nbsp; <strong><em>de matriculaci\u00f3n de alumnado susceptible del <a href=\"https:\/\/www.adideandalucia.es\/normas\/ordenes\/Orden%2015-1-2007%20Inmigrantes%20ATAL.pdf\">Aula Temporal de Adaptaci\u00f3n Ling\u00fc\u00edstica<\/a> en su centro para el curso 25\/26:<\/em><\/strong><\/span><\/p>\n<p><strong><span style=\"font-size: 10pt\">Dirigido a:&nbsp; <\/span><\/strong><span style=\"font-size: 10pt\">Alumnado inmigrante con desconocimiento del espa\u00f1ol como lengua vehicular para solicitar su primer a\u00f1o de ATAL. <\/span><\/p>\n<p style=\"text-align: justify\"><span style=\"font-size: 10pt\">A. Matriculado por primera vez en nuestro sistema educativo en el curso escolar 2025\/26, desde 3\u00ba de Primaria hasta 4\u00ba de Educaci\u00f3n Secundaria Obligatoria. <\/span><\/p>\n<p style=\"text-align: justify\"><span style=\"font-size: 10pt\">B. Matriculado por primera vez en nuestro sistema educativo en el curso escolar 2024\/25, que curse en 2025\/26 desde 3\u00ba de Primaria hasta 4\u00ba de Educaci\u00f3n Secundaria Obligatoria que <strong>no<\/strong> haya sido atendido en un Aula Temporal de Adaptaci\u00f3n Ling\u00fc\u00edstica. <\/span><\/p>\n<p><span style=\"font-size: 10pt\"><strong>Plazo, documentaci\u00f3n y forma de env\u00edo:&nbsp;<\/strong><\/span><\/p>\n<ul>\n<li style=\"list-style-type: none\">\n<ul>\n<li style=\"list-style-type: none\">\n<ul>\n<li>\n<p align=\"justify\"><span style=\"font-size: 10pt\"><a href=\"https:\/\/blogsaverroes.juntadeandalucia.es\/atalmalaga\/files\/2025\/06\/Instrucciones-Anexo-II_2526.pdf\">Instrucciones Anexo II_2526<\/a><\/span><\/p>\n<\/li>\n<li>\n<p align=\"justify\"><span style=\"color: #21211e\"><span style=\"font-family: Source Sans Pro, sans-serif\"><span style=\"font-size: small\">Anexo II&nbsp; <a href=\"https:\/\/blogsaverroes.juntadeandalucia.es\/atalmalaga\/files\/2025\/06\/Anexo-II_2526_doc.doc\">.doc<\/a> \/ <a href=\"https:\/\/blogsaverroes.juntadeandalucia.es\/atalmalaga\/files\/2025\/06\/Anexo-II_2526.odt\">.odt<\/a><\/span><\/span><\/span><\/p>\n<\/li>\n<li>\n<p align=\"justify\"><span style=\"color: #21211e\"><span style=\"font-family: Source Sans Pro, sans-serif\"><span style=\"font-size: small\">Enlaces:<\/span><\/span><\/span><\/p>\n<ul>\n<li>\n<p align=\"justify\"><span style=\"font-size: 10pt\"><span lang=\"es-ES\">Primaria: <a href=\"https:\/\/forms.gle\/MQTp8F2KGNuhqh9G8\">https:\/\/forms.gle\/MQTp8F2KGNuhqh9G8<\/a>&nbsp; &nbsp; &nbsp; &nbsp; &nbsp; &nbsp; &nbsp; <\/span>Plazo: <span style=\"color: #ff0000\">del 9 al 24 de junio de 2025. <\/span><\/span><\/p>\n<\/li>\n<li>\n<p align=\"justify\"><span style=\"font-size: 10pt\"><span lang=\"es-ES\">Secundaria: <a href=\"https:\/\/forms.gle\/pS2BxrS3wPmZKyHcA\">https:\/\/forms.gle\/pS2BxrS3wPmZKyHcA<\/a>&nbsp; &nbsp; &nbsp; &nbsp; &nbsp; &nbsp;<\/span>Plazo: <span style=\"color: #ff0000\">del 1 al 10 de julio de 2025.<\/span><\/span><\/p>\n<\/li>\n<\/ul>\n<\/li>\n<\/ul>\n<\/li>\n<\/ul>\n<\/li>\n<\/ul>\n<p align=\"justify\"><span style=\"font-size: 10pt\"><span style=\"color: #ff0000\"><span style=\"color: #000000\">&nbsp; &nbsp; &nbsp; &nbsp; &nbsp; &nbsp; &nbsp; &nbsp; &nbsp; &nbsp; &nbsp; &nbsp; &nbsp; &nbsp; &nbsp;Plazo extraordinario (Primaria\/Secundaria):<\/span> durante todo el curso escolar 25\/26<\/span><\/span><\/p>\n<p style=\"text-align: justify\"><span style=\"font-size: 10pt\"><strong>Nota<\/strong>: Se ruega a los centros educativos que, en caso de producirse modificaciones en los datos enviados inicialmente (como nuevas matr\u00edculas o bajas del alumnado), procedan a actualizarlos a la mayor brevedad posible con el fin de garantizar una correcta atenci\u00f3n a los centros y una adecuada planificaci\u00f3n de los recursos del programa ATAL. Asimismo, se recuerda que deber\u00e1 especificarse s\u00f3lo y exclusivamente el alumnado que cumple los requisitos establecidos para ser destinatario del programa. <span style=\"text-decoration: underline\"><strong>No proceder\u00e1 aquella solicitud que est\u00e9 incompleta o no siga las instrucciones indicadas.<\/strong><\/span><\/span><\/p>\n<p><span style=\"font-size: 10pt\"><strong><em>Para m\u00e1s informaci\u00f3n, a trav\u00e9s de la pesta\u00f1a <a href=\"https:\/\/blogsaverroes.juntadeandalucia.es\/atalmalaga\/contacto\/\">Contacto<\/a>.<\/em><\/strong><\/span><\/p>\n<p>&nbsp;<\/p>\n<p>&nbsp;<\/p>\n<p>&nbsp;<\/p>\n<p>&nbsp;<\/p>\n<p><span style=\"font-size: 12pt\">&nbsp;<\/span><\/p>\n<p>&nbsp;<\/p>\n<p>&nbsp;<\/p>\n","protected":false},"excerpt":{"rendered":"<p>En el caso&nbsp; de matriculaci\u00f3n de alumnado susceptible del Aula Temporal de Adaptaci\u00f3n Ling\u00fc\u00edstica en su centro para el curso 25\/26: Dirigido a:&nbsp; Alumnado inmigrante con desconocimiento del espa\u00f1ol como lengua vehicular para solicitar&#46;&#46;&#46;<\/p>\n","protected":false},"author":11521,"featured_media":0,"parent":0,"menu_order":0,"comment_status":"closed","ping_status":"closed","template":"","meta":{"ngg_post_thumbnail":0,"footnotes":""},"aioseo_notices":[],"_links":{"self":[{"href":"https:\/\/blogsaverroes.juntadeandalucia.es\/atalmalaga\/wp-json\/wp\/v2\/pages\/327"}],"collection":[{"href":"https:\/\/blogsaverroes.juntadeandalucia.es\/atalmalaga\/wp-json\/wp\/v2\/pages"}],"about":[{"href":"https:\/\/blogsaverroes.juntadeandalucia.es\/atalmalaga\/wp-json\/wp\/v2\/types\/page"}],"author":[{"embeddable":true,"href":"https:\/\/blogsaverroes.juntadeandalucia.es\/atalmalaga\/wp-json\/wp\/v2\/users\/11521"}],"replies":[{"embeddable":true,"href":"https:\/\/blogsaverroes.juntadeandalucia.es\/atalmalaga\/wp-json\/wp\/v2\/comments?post=327"}],"version-history":[{"count":116,"href":"https:\/\/blogsaverroes.juntadeandalucia.es\/atalmalaga\/wp-json\/wp\/v2\/pages\/327\/revisions"}],"predecessor-version":[{"id":1638,"href":"https:\/\/blogsaverroes.juntadeandalucia.es\/atalmalaga\/wp-json\/wp\/v2\/pages\/327\/revisions\/1638"}],"wp:attachment":[{"href":"https:\/\/blogsaverroes.juntadeandalucia.es\/atalmalaga\/wp-json\/wp\/v2\/media?parent=327"}],"curies":[{"name":"wp","href":"https:\/\/api.w.org\/{rel}","templated":true}]}}