{"id":82,"date":"2022-04-06T08:29:22","date_gmt":"2022-04-06T08:29:22","guid":{"rendered":"https:\/\/blogsaverroes.juntadeandalucia.es\/atenciontempranajaen\/?page_id=82"},"modified":"2022-12-22T11:35:41","modified_gmt":"2022-12-22T11:35:41","slug":"normativa","status":"publish","type":"page","link":"https:\/\/blogsaverroes.juntadeandalucia.es\/atenciontempranajaen\/normativa\/","title":{"rendered":"Normativa"},"content":{"rendered":"<ul class=\"lista\">\n<li><a href=\"https:\/\/www.adideandalucia.es\/normas\/instruc\/Instruccion11-2022OrganizacionEducacionInfantil.pdf\" target=\"_blank\" rel=\"noopener noreferrer\">INSTRUCCI\u00d3N 11\/2022<\/a>, de 23 de junio, de la Direcci\u00f3n General de Ordenaci\u00f3n y Evaluaci\u00f3n Educativa, por la que se establecen aspectos de organizaci\u00f3n y funcionamiento para los centros que impartan Educaci\u00f3n Infantil para el curso 2022\/2023.<\/li>\n<li><a href=\"https:\/\/www.adideandalucia.es\/normas\/decretos\/Decreto85_2016AtencionInfantilTemprana.pdf\" target=\"_blank\" rel=\"noopener noreferrer\">DECRETO 85\/2016<\/a>, de 26 de abril, por el que se regula la intervenci\u00f3n integral de la Atenci\u00f3n Infantil Temprana en Andaluc\u00eda (BOJA 29-04-2016).<\/li>\n<li><a href=\"https:\/\/www.adideandalucia.es\/normas\/decretos\/Decreto%20428-2008%20Educacion%20Infantil.pdf\" target=\"_blank\" rel=\"noopener noreferrer\">DECRETO 428\/2008, de 29 de julio,<\/a>&nbsp;por el que se establece la ordenaci\u00f3n y las ense\u00f1anzas correspondientes a la Educaci\u00f3n Infantil en Andaluc\u00eda. (BOJA 19-8-2008)<\/li>\n<li><a href=\"https:\/\/www.adideandalucia.es\/normas\/RD\/RealDecreto95-2022EducacionInfantil.pdf\" target=\"_blank\" rel=\"noopener noreferrer\">REAL DECRETO 95\/2022<\/a>, de 1 de febrero, por el que se establece la ordenaci\u00f3n y las ense\u00f1anzas m\u00ednimas de la Educaci\u00f3n Infantil (BOE 02-02-2022).<\/li>\n<li><a href=\"https:\/\/www.adideandalucia.es\/normas\/decretos\/Decreto149-12mayoprimercicloinfantil.pdf\" target=\"_blank\" rel=\"noopener noreferrer\">DECRETO 149\/2009, de 12 de mayo<\/a>, por el que se regulan los centros que imparten el primer ciclo de la educaci\u00f3n infantil (BOJA 15-05-2009).<\/li>\n<li><a href=\"https:\/\/www.adideandalucia.es\/normas\/ordenes\/Orden8marzo2011escolarizacioncentrosinfantil03.pdf\" target=\"_blank\" rel=\"noopener noreferrer\">ORDEN de 8 de marzo de 2011<\/a>, por la que se regula el procedimiento de admisi\u00f3n para el primer ciclo de la educaci\u00f3n infantil en las escuelas infantiles de titularidad de la Junta de Andaluc\u00eda y en las escuelas infantiles y centros de educaci\u00f3n infantil de convenio (BOJA 14-03-2011).<\/li>\n<li><a href=\"https:\/\/www.adideandalucia.es\/normas\/instruc\/Instrucciones21febrero2020MatriculacionEI.pdf\" target=\"_blank\" rel=\"noopener noreferrer\">INSTRUCCI\u00d3N de 21 de febrero de 2022<\/a>, de la Direcci\u00f3n General de Planificaci\u00f3n y Centros, sobre determinados aspectos del procedimiento de admisi\u00f3n y matriculaci\u00f3n del alumnado en el primer ciclo de la educaci\u00f3n infantil para el curso 2022\/23 en escuelas infantiles de titularidad de la Junta de Andaluc\u00eda.<\/li>\n<li><a href=\"https:\/\/www.adideandalucia.es\/normas\/instruc\/Instrucciones21febrero2022MatriculacionCEIadheridos.pdf\" target=\"_blank\" rel=\"noopener noreferrer\">INSTRUCCI\u00d3N conjunta de 21 de febrero de 2022<\/a>, de la Direcci\u00f3n General de Planificaci\u00f3n y Centros y de la Direcci\u00f3n General de la Agencia P\u00fablica Andaluza de Educaci\u00f3n, sobre determinados aspectos relativos al procedimiento de admisi\u00f3n y matriculaci\u00f3n del alumnado y a la concesi\u00f3n de ayudas econ\u00f3micas a las familias en el primer ciclo de la educaci\u00f3n infantil para el curso 2022\/23 en centros adheridos al Programa de Ayuda a las Familias para el Fomento de la Escolarizaci\u00f3n en el primer ciclo de la educaci\u00f3n infantil en Andaluc\u00eda.<\/li>\n<li><a href=\"https:\/\/www.adideandalucia.es\/normas\/instruc\/Instrucciones21febrero2020ReservaPlazaInfantil.pdf\" target=\"_blank\" rel=\"noopener noreferrer\">INSTRUCCIONES de 21 de febrero de 2022<\/a>, de la Direcci\u00f3n General de Planificaci\u00f3n y Centros, para la reserva de plazas del alumnado matriculado en centros que no permanecen adheridos al Programa de Ayuda a las Familias para el Fomento de la Escolarizaci\u00f3n en el primer ciclo de educaci\u00f3n infantil a partir del curso 2022\/23.<\/li>\n<li><a href=\"https:\/\/www.adideandalucia.es\/normas\/instruc\/Instrucc11marzo2016PermanenciaExtraordinariaInfantil.pdf\" target=\"_blank\" rel=\"noopener noreferrer\">INSTRUCCIONES del 11 de marzo de 2016<\/a>, de la Direcci\u00f3n General de Participaci\u00f3n y Equidad, por las que se regula el procedimiento y los criterios para solicitar la permanencia extraordinaria del alumnado con necesidades educativas en el primer ciclo de la etapa de educaci\u00f3n infantil.<\/li>\n<li><a href=\"https:\/\/www.adideandalucia.es\/normas\/instruc\/Instrucciones8marzo2017ActualizacionProtocoloNEAE.pdf\" target=\"_blank\" rel=\"noopener noreferrer\">INSTRUCCIONES de 8 de marzo de 2017<\/a>, de la Direcci\u00f3n General de Participaci\u00f3n y Equidad, por las que se actualiza el protocolo de detecci\u00f3n, identificaci\u00f3n del alumnado con necesidades espec\u00edficas de apoyo educativo y organizaci\u00f3n de la respuesta educativa.<\/li>\n<li><a href=\"https:\/\/www.adideandalucia.es\/normas\/circulares\/Protocolo30marzo2015AtencionTemprana.pdf\" target=\"_blank\" rel=\"noopener noreferrer\">PROTOCOLO de 30 de marzo de 2015<\/a>&nbsp;de coordinaci\u00f3n entre las Consejer\u00edas de Igualdad, Salud y Pol\u00edticas Sociales y de Educaci\u00f3n, Cultura y Deporte para el desarrollo de la atenci\u00f3n temprana.<\/li>\n<li><a href=\"https:\/\/www.adideandalucia.es\/normas\/instruc\/Instruc10sept2010personalatenciontempranaEOEE.pdf\" target=\"_blank\" rel=\"noopener noreferrer\">INSTRUCCIONES de 10 de septiembre de 2010<\/a>&nbsp;de la Direcci\u00f3n General de Participaci\u00f3n e Innovaci\u00f3n Educativa por la que se regulan determinados aspectos sobre la organizaci\u00f3n y el funcionamiento de las y los profesionales especialistas en atenci\u00f3n temprana en la estructura de los Equipos de Orientaci\u00f3n Educativa Especializados.<\/li>\n<\/ul>\n","protected":false},"excerpt":{"rendered":"<p>INSTRUCCI\u00d3N 11\/2022, de 23 de junio, de la Direcci\u00f3n General de Ordenaci\u00f3n y Evaluaci\u00f3n Educativa, por la que se establecen aspectos de organizaci\u00f3n y funcionamiento&hellip;<\/p>\n","protected":false},"author":14942,"featured_media":0,"parent":0,"menu_order":0,"comment_status":"closed","ping_status":"closed","template":"","meta":{"ngg_post_thumbnail":0,"footnotes":""},"aioseo_notices":[],"_links":{"self":[{"href":"https:\/\/blogsaverroes.juntadeandalucia.es\/atenciontempranajaen\/wp-json\/wp\/v2\/pages\/82"}],"collection":[{"href":"https:\/\/blogsaverroes.juntadeandalucia.es\/atenciontempranajaen\/wp-json\/wp\/v2\/pages"}],"about":[{"href":"https:\/\/blogsaverroes.juntadeandalucia.es\/atenciontempranajaen\/wp-json\/wp\/v2\/types\/page"}],"author":[{"embeddable":true,"href":"https:\/\/blogsaverroes.juntadeandalucia.es\/atenciontempranajaen\/wp-json\/wp\/v2\/users\/14942"}],"replies":[{"embeddable":true,"href":"https:\/\/blogsaverroes.juntadeandalucia.es\/atenciontempranajaen\/wp-json\/wp\/v2\/comments?post=82"}],"version-history":[{"count":5,"href":"https:\/\/blogsaverroes.juntadeandalucia.es\/atenciontempranajaen\/wp-json\/wp\/v2\/pages\/82\/revisions"}],"predecessor-version":[{"id":263,"href":"https:\/\/blogsaverroes.juntadeandalucia.es\/atenciontempranajaen\/wp-json\/wp\/v2\/pages\/82\/revisions\/263"}],"wp:attachment":[{"href":"https:\/\/blogsaverroes.juntadeandalucia.es\/atenciontempranajaen\/wp-json\/wp\/v2\/media?parent=82"}],"curies":[{"name":"wp","href":"https:\/\/api.w.org\/{rel}","templated":true}]}}

<ul class="lista">
<li><a href="https://www.adideandalucia.es/normas/instruc/Instruccion11-2022OrganizacionEducacionInfantil.pdf" target="_blank" rel="noopener noreferrer">INSTRUCCIÓN 11/2022</a>, de 23 de junio, de la Dirección General de Ordenación y Evaluación Educativa, por la que se establecen aspectos de organización y funcionamiento para los centros que impartan Educación Infantil para el curso 2022/2023.</li>
<li><a href="https://www.adideandalucia.es/normas/decretos/Decreto85_2016AtencionInfantilTemprana.pdf" target="_blank" rel="noopener noreferrer">DECRETO 85/2016</a>, de 26 de abril, por el que se regula la intervención integral de la Atención Infantil Temprana en Andalucía (BOJA 29-04-2016).</li>
<li><a href="https://www.adideandalucia.es/normas/decretos/Decreto%20428-2008%20Educacion%20Infantil.pdf" target="_blank" rel="noopener noreferrer">DECRETO 428/2008, de 29 de julio,</a>&nbsp;por el que se establece la ordenación y las enseñanzas correspondientes a la Educación Infantil en Andalucía. (BOJA 19-8-2008)</li>
<li><a href="https://www.adideandalucia.es/normas/RD/RealDecreto95-2022EducacionInfantil.pdf" target="_blank" rel="noopener noreferrer">REAL DECRETO 95/2022</a>, de 1 de febrero, por el que se establece la ordenación y las enseñanzas mínimas de la Educación Infantil (BOE 02-02-2022).</li>
<li><a href="https://www.adideandalucia.es/normas/decretos/Decreto149-12mayoprimercicloinfantil.pdf" target="_blank" rel="noopener noreferrer">DECRETO 149/2009, de 12 de mayo</a>, por el que se regulan los centros que imparten el primer ciclo de la educación infantil (BOJA 15-05-2009).</li>
<li><a href="https://www.adideandalucia.es/normas/ordenes/Orden8marzo2011escolarizacioncentrosinfantil03.pdf" target="_blank" rel="noopener noreferrer">ORDEN de 8 de marzo de 2011</a>, por la que se regula el procedimiento de admisión para el primer ciclo de la educación infantil en las escuelas infantiles de titularidad de la Junta de Andalucía y en las escuelas infantiles y centros de educación infantil de convenio (BOJA 14-03-2011).</li>
<li><a href="https://www.adideandalucia.es/normas/instruc/Instrucciones21febrero2020MatriculacionEI.pdf" target="_blank" rel="noopener noreferrer">INSTRUCCIÓN de 21 de febrero de 2022</a>, de la Dirección General de Planificación y Centros, sobre determinados aspectos del procedimiento de admisión y matriculación del alumnado en el primer ciclo de la educación infantil para el curso 2022/23 en escuelas infantiles de titularidad de la Junta de Andalucía.</li>
<li><a href="https://www.adideandalucia.es/normas/instruc/Instrucciones21febrero2022MatriculacionCEIadheridos.pdf" target="_blank" rel="noopener noreferrer">INSTRUCCIÓN conjunta de 21 de febrero de 2022</a>, de la Dirección General de Planificación y Centros y de la Dirección General de la Agencia Pública Andaluza de Educación, sobre determinados aspectos relativos al procedimiento de admisión y matriculación del alumnado y a la concesión de ayudas económicas a las familias en el primer ciclo de la educación infantil para el curso 2022/23 en centros adheridos al Programa de Ayuda a las Familias para el Fomento de la Escolarización en el primer ciclo de la educación infantil en Andalucía.</li>
<li><a href="https://www.adideandalucia.es/normas/instruc/Instrucciones21febrero2020ReservaPlazaInfantil.pdf" target="_blank" rel="noopener noreferrer">INSTRUCCIONES de 21 de febrero de 2022</a>, de la Dirección General de Planificación y Centros, para la reserva de plazas del alumnado matriculado en centros que no permanecen adheridos al Programa de Ayuda a las Familias para el Fomento de la Escolarización en el primer ciclo de educación infantil a partir del curso 2022/23.</li>
<li><a href="https://www.adideandalucia.es/normas/instruc/Instrucc11marzo2016PermanenciaExtraordinariaInfantil.pdf" target="_blank" rel="noopener noreferrer">INSTRUCCIONES del 11 de marzo de 2016</a>, de la Dirección General de Participación y Equidad, por las que se regula el procedimiento y los criterios para solicitar la permanencia extraordinaria del alumnado con necesidades educativas en el primer ciclo de la etapa de educación infantil.</li>
<li><a href="https://www.adideandalucia.es/normas/instruc/Instrucciones8marzo2017ActualizacionProtocoloNEAE.pdf" target="_blank" rel="noopener noreferrer">INSTRUCCIONES de 8 de marzo de 2017</a>, de la Dirección General de Participación y Equidad, por las que se actualiza el protocolo de detección, identificación del alumnado con necesidades específicas de apoyo educativo y organización de la respuesta educativa.</li>
<li><a href="https://www.adideandalucia.es/normas/circulares/Protocolo30marzo2015AtencionTemprana.pdf" target="_blank" rel="noopener noreferrer">PROTOCOLO de 30 de marzo de 2015</a>&nbsp;de coordinación entre las Consejerías de Igualdad, Salud y Políticas Sociales y de Educación, Cultura y Deporte para el desarrollo de la atención temprana.</li>
<li><a href="https://www.adideandalucia.es/normas/instruc/Instruc10sept2010personalatenciontempranaEOEE.pdf" target="_blank" rel="noopener noreferrer">INSTRUCCIONES de 10 de septiembre de 2010</a>&nbsp;de la Dirección General de Participación e Innovación Educativa por la que se regulan determinados aspectos sobre la organización y el funcionamiento de las y los profesionales especialistas en atención temprana en la estructura de los Equipos de Orientación Educativa Especializados.</li>
</ul>

<p>INSTRUCCIÓN 11/2022, de 23 de junio, de la Dirección General de Ordenación y Evaluación Educativa, por la que se establecen aspectos de organización y funcionamiento&hellip;</p>
