{"id":64,"date":"2020-03-26T11:46:28","date_gmt":"2020-03-26T10:46:28","guid":{"rendered":"https:\/\/blogsaverroes.juntadeandalucia.es\/audicionylenguajetiernogalvan\/?page_id=64"},"modified":"2021-02-08T18:48:20","modified_gmt":"2021-02-08T17:48:20","slug":"el-aula-de-audicion-y-lenguaje","status":"publish","type":"page","link":"https:\/\/blogsaverroes.juntadeandalucia.es\/audicionylenguajetiernogalvan\/","title":{"rendered":"EL AULA DE AUDICI\u00d3N Y LENGUAJE"},"content":{"rendered":"<p>El aula de Audici\u00f3n y Lenguaje es el espacio destinado a la atenci\u00f3n individualizada o en peque\u00f1o grupo de aquel alumnado que en alg\u00fan momento precise una intervenci\u00f3n m\u00e1s espec\u00edfica de los diferentes aspectos comunicativo-ling\u00fc\u00edsticos necesarios para una comunicaci\u00f3n eficaz.<\/p>\n<p>Este blog de aula surgi\u00f3 como una necesidad de interacci\u00f3n con las familias y alumnado en un momento de emergencia sanitaria en nuestra sociedad, que en cierto modo,&nbsp; ofreci\u00f3 la oportunidad de disfrutar m\u00e1s intensamente de la familia y de peque\u00f1as cosas que en condiciones normales pasaban desapercibidas.&nbsp;<\/p>\n<p>Es b\u00e1sico el contacto con otras personas, ya que el ser humano es social por naturaleza. El blog puede ser una m\u00ednima alternativa de comunicaci\u00f3n entre las familias y el profesorado. La idea inicial es mostrar una parte del trabajo que se realiza en el aula, proponiendo una serie de juegos y actividades relacionadas siempre con el lenguaje para que las familias las pod\u00e1is llevar a la pr\u00e1ctica en el hogar. Al fin y al cabo, qu\u00e9 es el lenguaje sino la capacidad que tenemos para expresar pensamientos y sentimientos.<\/p>\n<p>El blog est\u00e1 distribuido de una manera muy sencilla. En la parte superior hay un men\u00fa con el grupo de alumnado que se atiende en el aula, el alumnado del aula espec\u00edfica, el de la etapa de infantil y el de la etapa de primaria. Tambi\u00e9n hay un apartado del Equipo de Orientaci\u00f3n, donde se a\u00f1adir\u00e1n entradas relacionadas con la participaci\u00f3n del equipo en el centro, y el programa de conciencia fonol\u00f3gica que se imparte en infantil, fundamental en el desarrollo del lenguaje oral y posterior aprendizaje de la lectoescritura.&nbsp;<\/p>\n<p>Para ver el contenido de cada una de las entradas, basta con pulsar en el grupo al que pertenezc\u00e1is y a partir de ah\u00ed, curiose\u00e1is o realiz\u00e1is lo que se os encomiende.<\/p>\n<p>Espero que os guste su navegaci\u00f3n.<\/p>\n<p>Muchas gracias y saludos!<\/p>\n<p>&nbsp;<\/p>\n","protected":false},"excerpt":{"rendered":"<p>El aula de Audici\u00f3n y Lenguaje es el espacio destinado a la atenci\u00f3n individualizada o en peque\u00f1o grupo de aquel alumnado que en alg\u00fan momento precise una intervenci\u00f3n m\u00e1s espec\u00edfica de los diferentes aspectos comunicativo-ling\u00fc\u00edsticos necesarios para una comunicaci\u00f3n eficaz. Este blog de aula surgi\u00f3 como una necesidad de interacci\u00f3n con las familias y alumnado &hellip; <\/p>\n<p class=\"link-more\"><a href=\"https:\/\/blogsaverroes.juntadeandalucia.es\/audicionylenguajetiernogalvan\/\" class=\"more-link\">Continuar leyendo<span class=\"screen-reader-text\"> \u00abEL AULA DE AUDICI\u00d3N Y LENGUAJE\u00bb<\/span><\/a><\/p>\n","protected":false},"author":9032,"featured_media":0,"parent":0,"menu_order":0,"comment_status":"closed","ping_status":"closed","template":"","meta":{"ngg_post_thumbnail":0,"footnotes":""},"aioseo_notices":[],"_links":{"self":[{"href":"https:\/\/blogsaverroes.juntadeandalucia.es\/audicionylenguajetiernogalvan\/wp-json\/wp\/v2\/pages\/64"}],"collection":[{"href":"https:\/\/blogsaverroes.juntadeandalucia.es\/audicionylenguajetiernogalvan\/wp-json\/wp\/v2\/pages"}],"about":[{"href":"https:\/\/blogsaverroes.juntadeandalucia.es\/audicionylenguajetiernogalvan\/wp-json\/wp\/v2\/types\/page"}],"author":[{"embeddable":true,"href":"https:\/\/blogsaverroes.juntadeandalucia.es\/audicionylenguajetiernogalvan\/wp-json\/wp\/v2\/users\/9032"}],"replies":[{"embeddable":true,"href":"https:\/\/blogsaverroes.juntadeandalucia.es\/audicionylenguajetiernogalvan\/wp-json\/wp\/v2\/comments?post=64"}],"version-history":[{"count":3,"href":"https:\/\/blogsaverroes.juntadeandalucia.es\/audicionylenguajetiernogalvan\/wp-json\/wp\/v2\/pages\/64\/revisions"}],"predecessor-version":[{"id":318,"href":"https:\/\/blogsaverroes.juntadeandalucia.es\/audicionylenguajetiernogalvan\/wp-json\/wp\/v2\/pages\/64\/revisions\/318"}],"wp:attachment":[{"href":"https:\/\/blogsaverroes.juntadeandalucia.es\/audicionylenguajetiernogalvan\/wp-json\/wp\/v2\/media?parent=64"}],"curies":[{"name":"wp","href":"https:\/\/api.w.org\/{rel}","templated":true}]}}

EL AULA DE AUDICIÓN Y LENGUAJE

<p>El aula de Audición y Lenguaje es el espacio destinado a la atención individualizada o en pequeño grupo de aquel alumnado que en algún momento precise una intervención más específica de los diferentes aspectos comunicativo-lingüísticos necesarios para una comunicación eficaz.</p>
<p>Este blog de aula surgió como una necesidad de interacción con las familias y alumnado en un momento de emergencia sanitaria en nuestra sociedad, que en cierto modo,&nbsp; ofreció la oportunidad de disfrutar más intensamente de la familia y de pequeñas cosas que en condiciones normales pasaban desapercibidas.&nbsp;</p>
<p>Es básico el contacto con otras personas, ya que el ser humano es social por naturaleza. El blog puede ser una mínima alternativa de comunicación entre las familias y el profesorado. La idea inicial es mostrar una parte del trabajo que se realiza en el aula, proponiendo una serie de juegos y actividades relacionadas siempre con el lenguaje para que las familias las podáis llevar a la práctica en el hogar. Al fin y al cabo, qué es el lenguaje sino la capacidad que tenemos para expresar pensamientos y sentimientos.</p>
<p>El blog está distribuido de una manera muy sencilla. En la parte superior hay un menú con el grupo de alumnado que se atiende en el aula, el alumnado del aula específica, el de la etapa de infantil y el de la etapa de primaria. También hay un apartado del Equipo de Orientación, donde se añadirán entradas relacionadas con la participación del equipo en el centro, y el programa de conciencia fonológica que se imparte en infantil, fundamental en el desarrollo del lenguaje oral y posterior aprendizaje de la lectoescritura.&nbsp;</p>
<p>Para ver el contenido de cada una de las entradas, basta con pulsar en el grupo al que pertenezcáis y a partir de ahí, curioseáis o realizáis lo que se os encomiende.</p>
<p>Espero que os guste su navegación.</p>
<p>Muchas gracias y saludos!</p>
<p>&nbsp;</p>

<p>El aula de Audición y Lenguaje es el espacio destinado a la atención individualizada o en pequeño grupo de aquel alumnado que en algún momento precise una intervención más específica de los diferentes aspectos comunicativo-lingüísticos necesarios para una comunicación eficaz. Este blog de aula surgió como una necesidad de interacción con las familias y alumnado &hellip; </p>
<p class="link-more"><a href="https://blogsaverroes.juntadeandalucia.es/audicionylenguajetiernogalvan/" class="more-link">Continuar leyendo<span class="screen-reader-text"> «EL AULA DE AUDICIÓN Y LENGUAJE»</span></a></p>
