{"id":1500,"date":"2025-11-20T21:54:09","date_gmt":"2025-11-20T20:54:09","guid":{"rendered":"https:\/\/blogsaverroes.juntadeandalucia.es\/auladematematicas\/?page_id=1500"},"modified":"2025-11-20T21:54:09","modified_gmt":"2025-11-20T20:54:09","slug":"curiosidades","status":"publish","type":"page","link":"https:\/\/blogsaverroes.juntadeandalucia.es\/auladematematicas\/curiosidades\/","title":{"rendered":"Curiosidades"},"content":{"rendered":"<p><span class=\"texto\">Las curiosidades matem\u00e1ticas son peque\u00f1as ventanas que nos permiten descubrir la belleza, la sorpresa y la creatividad que atesoran las Matem\u00e1ticas. A menudo pasan desapercibidas en el estudio formal de la materia, pero tienen la capacidad de despertar inter\u00e9s, cuestionar ideas previas y mostrar que las matem\u00e1ticas son mucho m\u00e1s que c\u00e1lculos y procedimientos.<\/span><\/p>\n<p><span class=\"texto\">En esta secci\u00f3n exploraremos fen\u00f3menos inesperados, patrones fascinantes, paradojas y resultados que parecen magia, pero que tienen detr\u00e1s una l\u00f3gica impecable, y nos invitan a disfrutar aprendiendo.<\/span><\/p>\n<div class=\"botonera\">\n<div class=\"botonera_fila\">\n<div class=\"boton_contenedor\"><a class=\"boton\" href=\"https:\/\/blogsaverroes.juntadeandalucia.es\/auladematematicas\/la-rae-y-los-numeros\/\">La RAE y los n\u00fameros<br \/>\n<span class=\"actualizado\">\u00a1Actualizado! (19\/11\/2025)<\/span><\/a><\/div>\n<\/p><\/div>\n<\/div>\n","protected":false},"excerpt":{"rendered":"<p>Las curiosidades matem\u00e1ticas son peque\u00f1as ventanas que nos permiten descubrir la belleza, la sorpresa y la creatividad que atesoran las Matem\u00e1ticas. A menudo pasan desapercibidas en el estudio formal de la materia, pero tienen la capacidad de despertar inter\u00e9s, cuestionar ideas previas y mostrar que las matem\u00e1ticas son mucho m\u00e1s que c\u00e1lculos y procedimientos. En &hellip; <\/p>\n<p><a class=\"more-link btn\" href=\"https:\/\/blogsaverroes.juntadeandalucia.es\/auladematematicas\/curiosidades\/\">Seguir leyendo<\/a><\/p>\n","protected":false},"author":19886,"featured_media":0,"parent":0,"menu_order":0,"comment_status":"closed","ping_status":"closed","template":"","meta":{"footnotes":""},"aioseo_notices":[],"_links":{"self":[{"href":"https:\/\/blogsaverroes.juntadeandalucia.es\/auladematematicas\/wp-json\/wp\/v2\/pages\/1500"}],"collection":[{"href":"https:\/\/blogsaverroes.juntadeandalucia.es\/auladematematicas\/wp-json\/wp\/v2\/pages"}],"about":[{"href":"https:\/\/blogsaverroes.juntadeandalucia.es\/auladematematicas\/wp-json\/wp\/v2\/types\/page"}],"author":[{"embeddable":true,"href":"https:\/\/blogsaverroes.juntadeandalucia.es\/auladematematicas\/wp-json\/wp\/v2\/users\/19886"}],"replies":[{"embeddable":true,"href":"https:\/\/blogsaverroes.juntadeandalucia.es\/auladematematicas\/wp-json\/wp\/v2\/comments?post=1500"}],"version-history":[{"count":8,"href":"https:\/\/blogsaverroes.juntadeandalucia.es\/auladematematicas\/wp-json\/wp\/v2\/pages\/1500\/revisions"}],"predecessor-version":[{"id":1509,"href":"https:\/\/blogsaverroes.juntadeandalucia.es\/auladematematicas\/wp-json\/wp\/v2\/pages\/1500\/revisions\/1509"}],"wp:attachment":[{"href":"https:\/\/blogsaverroes.juntadeandalucia.es\/auladematematicas\/wp-json\/wp\/v2\/media?parent=1500"}],"curies":[{"name":"wp","href":"https:\/\/api.w.org\/{rel}","templated":true}]}}