{"id":2244,"date":"2026-02-04T10:36:22","date_gmt":"2026-02-04T09:36:22","guid":{"rendered":"https:\/\/blogsaverroes.juntadeandalucia.es\/auladematematicas\/?page_id=2244"},"modified":"2026-02-05T13:57:25","modified_gmt":"2026-02-05T12:57:25","slug":"sda","status":"publish","type":"page","link":"https:\/\/blogsaverroes.juntadeandalucia.es\/auladematematicas\/sda\/","title":{"rendered":"Situaciones de Aprendizaje"},"content":{"rendered":"<p><span class=\"texto\">El <strong>producto final<\/strong> de una Situaci\u00f3n de Aprendizaje (<strong>SdA<\/strong>) representa un <strong>resultado tangible del trabajo realizado<\/strong> a lo largo del proceso de ense\u00f1anza y aprendizaje siendo as\u00ed una evidencia que muestra c\u00f3mo se han aplicado los conocimientos matem\u00e1ticos en contextos reales, c\u00f3mo se han tomado decisiones fundamentadas y c\u00f3mo se han desarrollado competencias clave m\u00e1s all\u00e1 del aula.<\/span><\/p>\n<p><span class=\"texto\">En esta secci\u00f3n presentamos algunos ejemplos de dichos productos finales: presentaciones, informes, proyectos, gr\u00e1ficos, modelos y cualquier creaci\u00f3n elaborada a partir de tareas significativas. Cada uno refleja un proceso de aprendizaje activo, cooperativo y orientado a resolver problemas aut\u00e9nticos, y muestra c\u00f3mo las Matem\u00e1ticas generan soluciones creativas, pr\u00e1cticas y bien fundamentadas.<\/span><\/p>\n<ul>\n<li><a title=\"SdA - Producto final - \u00bfQu\u00e9 calefacci\u00f3n emplear?\" href=\"https:\/\/docs.google.com\/document\/d\/1dLO8PmZmPBWaWzRbDsODXgsFSF-6Kp9rGr6T85iVMFU\/edit?usp=sharing\">\u00bfQu\u00e9 calefacci\u00f3n emplear?<\/a><\/li>\n<\/ul>\n","protected":false},"excerpt":{"rendered":"<p>El producto final de una Situaci\u00f3n de Aprendizaje (SdA) representa un resultado tangible del trabajo realizado a lo largo del proceso de ense\u00f1anza y aprendizaje siendo as\u00ed una evidencia que muestra c\u00f3mo se han aplicado los conocimientos matem\u00e1ticos en contextos reales, c\u00f3mo se han tomado decisiones fundamentadas y c\u00f3mo se han desarrollado competencias clave m\u00e1s &hellip; <\/p>\n<p><a class=\"more-link btn\" href=\"https:\/\/blogsaverroes.juntadeandalucia.es\/auladematematicas\/sda\/\">Seguir leyendo<\/a><\/p>\n","protected":false},"author":19886,"featured_media":0,"parent":0,"menu_order":0,"comment_status":"closed","ping_status":"closed","template":"","meta":{"footnotes":""},"aioseo_notices":[],"_links":{"self":[{"href":"https:\/\/blogsaverroes.juntadeandalucia.es\/auladematematicas\/wp-json\/wp\/v2\/pages\/2244"}],"collection":[{"href":"https:\/\/blogsaverroes.juntadeandalucia.es\/auladematematicas\/wp-json\/wp\/v2\/pages"}],"about":[{"href":"https:\/\/blogsaverroes.juntadeandalucia.es\/auladematematicas\/wp-json\/wp\/v2\/types\/page"}],"author":[{"embeddable":true,"href":"https:\/\/blogsaverroes.juntadeandalucia.es\/auladematematicas\/wp-json\/wp\/v2\/users\/19886"}],"replies":[{"embeddable":true,"href":"https:\/\/blogsaverroes.juntadeandalucia.es\/auladematematicas\/wp-json\/wp\/v2\/comments?post=2244"}],"version-history":[{"count":1,"href":"https:\/\/blogsaverroes.juntadeandalucia.es\/auladematematicas\/wp-json\/wp\/v2\/pages\/2244\/revisions"}],"predecessor-version":[{"id":2245,"href":"https:\/\/blogsaverroes.juntadeandalucia.es\/auladematematicas\/wp-json\/wp\/v2\/pages\/2244\/revisions\/2245"}],"wp:attachment":[{"href":"https:\/\/blogsaverroes.juntadeandalucia.es\/auladematematicas\/wp-json\/wp\/v2\/media?parent=2244"}],"curies":[{"name":"wp","href":"https:\/\/api.w.org\/{rel}","templated":true}]}}