{"id":743,"date":"2025-10-03T23:05:03","date_gmt":"2025-10-03T21:05:03","guid":{"rendered":"https:\/\/blogsaverroes.juntadeandalucia.es\/auladematematicas\/?page_id=743"},"modified":"2026-02-28T23:51:29","modified_gmt":"2026-02-28T22:51:29","slug":"problemas-aritmeticos","status":"publish","type":"page","link":"https:\/\/blogsaverroes.juntadeandalucia.es\/auladematematicas\/numeros\/problemas-aritmeticos\/","title":{"rendered":"Problemas aritm\u00e9ticos"},"content":{"rendered":"<p><span class=\"texto\">Los problemas aritm\u00e9ticos ponen a prueba nuestro <strong>razonamiento<\/strong> y <strong>comprensi\u00f3n num\u00e9rica<\/strong>, ya que abarcan multitud de situaciones que solemos encontrar en la vida cotidiana: <strong>porcentajes<\/strong>, <strong>proporcionalidad<\/strong>, <strong>repartos<\/strong>, <strong>mezclas<\/strong>, <strong>movimiento<\/strong>&#8230;<\/span><\/p>\n<div class=\"botonera\">\n<div class=\"botonera_fila\">\n<div class=\"boton_contenedor\"><a class=\"boton\" target=\"_blank\" rel=\"noopener noreferrer\" href=\"https:\/\/drive.google.com\/file\/d\/1yKx5bLcd-Ya3u7H5ggd129dekmdYwWKH\/view?usp=sharing\">Regla de tres<\/a><\/div>\n<div class=\"boton_contenedor\"><a class=\"boton\" target=\"_blank\" rel=\"noopener noreferrer\" href=\"https:\/\/drive.google.com\/file\/d\/1K20yUsRRnfpnYx-N8qYzZAUPWxog_4SH\/view?usp=sharing\">Porcentajes<\/a><\/div>\n<\/p><\/div>\n<div class=\"botonera_fila\">\n<div class=\"boton_contenedor\"><a class=\"boton\" target=\"_blank\" rel=\"noopener noreferrer\" href=\"https:\/\/drive.google.com\/file\/d\/1C0qBz5M55Y5vIVa0VoLkt1G_ca-SsPx8\/view?usp=sharing\">Repartos<\/a><\/div>\n<div class=\"boton_contenedor\"><a class=\"boton\" target=\"_blank\" rel=\"noopener noreferrer\" href=\"https:\/\/drive.google.com\/file\/d\/18VDy0zP6Ta7gpQgR-c-4kWg2JPBQlY_Q\/view?usp=sharing\">Mezclas<\/a><\/div>\n<\/p><\/div>\n<\/div>\n","protected":false},"excerpt":{"rendered":"<p>Los problemas aritm\u00e9ticos ponen a prueba nuestro razonamiento y comprensi\u00f3n num\u00e9rica, ya que abarcan multitud de situaciones que solemos encontrar en la vida cotidiana: porcentajes, proporcionalidad, repartos, mezclas, movimiento&#8230; Regla de tres Porcentajes Repartos Mezclas<\/p>\n","protected":false},"author":19886,"featured_media":0,"parent":118,"menu_order":0,"comment_status":"closed","ping_status":"closed","template":"","meta":{"footnotes":""},"aioseo_notices":[],"_links":{"self":[{"href":"https:\/\/blogsaverroes.juntadeandalucia.es\/auladematematicas\/wp-json\/wp\/v2\/pages\/743"}],"collection":[{"href":"https:\/\/blogsaverroes.juntadeandalucia.es\/auladematematicas\/wp-json\/wp\/v2\/pages"}],"about":[{"href":"https:\/\/blogsaverroes.juntadeandalucia.es\/auladematematicas\/wp-json\/wp\/v2\/types\/page"}],"author":[{"embeddable":true,"href":"https:\/\/blogsaverroes.juntadeandalucia.es\/auladematematicas\/wp-json\/wp\/v2\/users\/19886"}],"replies":[{"embeddable":true,"href":"https:\/\/blogsaverroes.juntadeandalucia.es\/auladematematicas\/wp-json\/wp\/v2\/comments?post=743"}],"version-history":[{"count":20,"href":"https:\/\/blogsaverroes.juntadeandalucia.es\/auladematematicas\/wp-json\/wp\/v2\/pages\/743\/revisions"}],"predecessor-version":[{"id":2310,"href":"https:\/\/blogsaverroes.juntadeandalucia.es\/auladematematicas\/wp-json\/wp\/v2\/pages\/743\/revisions\/2310"}],"up":[{"embeddable":true,"href":"https:\/\/blogsaverroes.juntadeandalucia.es\/auladematematicas\/wp-json\/wp\/v2\/pages\/118"}],"wp:attachment":[{"href":"https:\/\/blogsaverroes.juntadeandalucia.es\/auladematematicas\/wp-json\/wp\/v2\/media?parent=743"}],"curies":[{"name":"wp","href":"https:\/\/api.w.org\/{rel}","templated":true}]}}