{"id":134,"date":"2020-03-15T10:34:09","date_gmt":"2020-03-15T09:34:09","guid":{"rendered":"https:\/\/blogsaverroes.juntadeandalucia.es\/aulademusicagilena\/?page_id=134"},"modified":"2020-03-22T19:29:51","modified_gmt":"2020-03-22T18:29:51","slug":"la-musica-de-nuestro-cole","status":"publish","type":"page","link":"https:\/\/blogsaverroes.juntadeandalucia.es\/aulademusicagilena\/","title":{"rendered":"LA M\u00daSICA DE NUESTRO COLE"},"content":{"rendered":"<p>Bienvenidos a nuestra clase de m\u00fasica.<\/p>\n<p>&nbsp; &nbsp; El objetivo de mi blog es ofreceros herramientas \u00fatiles que os sirvan de apoyo para reforzar en casa lo que aprendemos en clase.<\/p>\n<p>&nbsp; &nbsp; &nbsp; Ser\u00e1n un medio en el que principalmente podr\u00e9is tener la m\u00fasica que escuchemos en clase, las partituras que estudiemos y las actividades que realicemos.<\/p>\n<p>&nbsp; &nbsp; &nbsp; &nbsp;Espero que os ayude en vuestro d\u00eda a d\u00eda con la m\u00fasica.<\/p>\n<p>&nbsp; &nbsp; &nbsp; &nbsp; &nbsp; &nbsp; &nbsp; &nbsp; \u00a1Viva la m\u00fasica!<\/p>\n<p>&nbsp; &nbsp; &nbsp; Aqu\u00ed os dejo unas fichas de pentagramas en blanco por si lo necesit\u00e1is:<\/p>\n<p><a href=\"https:\/\/blogsaverroes.juntadeandalucia.es\/aulademusicagilena\/files\/2020\/03\/hojas-pentagramadas-con-claves.pdf\">hojas-pentagramadas-con-claves<\/a><\/p>\n<p>&nbsp;<\/p>\n<p>&nbsp;Y adem\u00e1s os doy el enlace de esta p\u00e1gina para que de vez en cuando practiqu\u00e9is la lectura de notas.<\/p>\n<p><a href=\"https:\/\/aprendomusica.com\/\">LAS NOTAS MUSICALES.<\/a><\/p>\n<p>&nbsp;Y, por \u00faltimo, os dejo un peque\u00f1o detalle que nos deja nuestra compa\u00f1era <strong>Ana Mar\u00eda Reina Reina<\/strong>, del cual estamos muy orgullosos.&nbsp; &nbsp; &nbsp; &nbsp; Es una poes\u00eda que ha escrito con motivo del 21 de marzo,d\u00eda mundial de la poes\u00eda, y que ha sido un gran regalo para todos en estos d\u00edas tan dif\u00edciles que nos ha tocado vivir.Enhorabuena, Ana, eres una gran escritora.<\/p>\n<p style=\"text-align: left\">&nbsp; &nbsp; &nbsp; &nbsp; &nbsp; &nbsp; &nbsp; &nbsp; &nbsp; &nbsp; &nbsp; &nbsp; &nbsp; &nbsp; &nbsp; &nbsp; &nbsp;<\/p>\n<p style=\"text-align: center\"><strong>D\u00cdA MUNDIAL DE LA POES\u00cdA. (21 marzo)&nbsp;<\/strong><\/p>\n<p>&nbsp;<\/p>\n<p style=\"text-align: center\">Peque\u00f1as personitas,<\/p>\n<p style=\"text-align: center\">sus vidas no pueden hacer<\/p>\n<p style=\"text-align: center\">detr\u00e1s de las ventanas&nbsp;<\/p>\n<p style=\"text-align: center\">sus sue\u00f1os ven florecer.<\/p>\n<p style=\"text-align: center\">Alegr\u00edas desprend\u00e9is<\/p>\n<p style=\"text-align: center\">contenida por paredes<\/p>\n<p style=\"text-align: center\">Besos, caricias y abrazos<\/p>\n<p style=\"text-align: center\">No llegan donde quieren.<\/p>\n<p style=\"text-align: center\">Cientos de palomas<\/p>\n<p style=\"text-align: center\">pronto volar\u00e1n&nbsp;<\/p>\n<p style=\"text-align: center\">surcando nuestro cielos<\/p>\n<p style=\"text-align: center\">a vuestros hogares llegar\u00e1<\/p>\n<p style=\"text-align: center\">Re\u00edr, ni\u00f1os, re\u00edr y jugar<\/p>\n<p style=\"text-align: center\">que el maestro Juan Corrales<\/p>\n<p style=\"text-align: center\">pronto sus puertas abrir\u00e1.<\/p>\n<p style=\"text-align: center\">&nbsp;<\/p>\n","protected":false},"excerpt":{"rendered":"<p>Bienvenidos a nuestra clase de m\u00fasica. &nbsp; &nbsp; El objetivo de mi blog es ofreceros herramientas \u00fatiles que os sirvan de apoyo para reforzar en casa lo que aprendemos en clase. &nbsp; &nbsp; &nbsp;&#46;&#46;&#46;<\/p>\n","protected":false},"author":6037,"featured_media":99,"parent":0,"menu_order":0,"comment_status":"closed","ping_status":"closed","template":"","meta":{"ngg_post_thumbnail":0,"footnotes":""},"aioseo_notices":[],"_links":{"self":[{"href":"https:\/\/blogsaverroes.juntadeandalucia.es\/aulademusicagilena\/wp-json\/wp\/v2\/pages\/134"}],"collection":[{"href":"https:\/\/blogsaverroes.juntadeandalucia.es\/aulademusicagilena\/wp-json\/wp\/v2\/pages"}],"about":[{"href":"https:\/\/blogsaverroes.juntadeandalucia.es\/aulademusicagilena\/wp-json\/wp\/v2\/types\/page"}],"author":[{"embeddable":true,"href":"https:\/\/blogsaverroes.juntadeandalucia.es\/aulademusicagilena\/wp-json\/wp\/v2\/users\/6037"}],"replies":[{"embeddable":true,"href":"https:\/\/blogsaverroes.juntadeandalucia.es\/aulademusicagilena\/wp-json\/wp\/v2\/comments?post=134"}],"version-history":[{"count":5,"href":"https:\/\/blogsaverroes.juntadeandalucia.es\/aulademusicagilena\/wp-json\/wp\/v2\/pages\/134\/revisions"}],"predecessor-version":[{"id":251,"href":"https:\/\/blogsaverroes.juntadeandalucia.es\/aulademusicagilena\/wp-json\/wp\/v2\/pages\/134\/revisions\/251"}],"wp:featuredmedia":[{"embeddable":true,"href":"https:\/\/blogsaverroes.juntadeandalucia.es\/aulademusicagilena\/wp-json\/wp\/v2\/media\/99"}],"wp:attachment":[{"href":"https:\/\/blogsaverroes.juntadeandalucia.es\/aulademusicagilena\/wp-json\/wp\/v2\/media?parent=134"}],"curies":[{"name":"wp","href":"https:\/\/api.w.org\/{rel}","templated":true}]}}

LA MÚSICA DE NUESTRO COLE

<p>Bienvenidos a nuestra clase de música.</p>
<p>&nbsp; &nbsp; El objetivo de mi blog es ofreceros herramientas útiles que os sirvan de apoyo para reforzar en casa lo que aprendemos en clase.</p>
<p>&nbsp; &nbsp; &nbsp; Serán un medio en el que principalmente podréis tener la música que escuchemos en clase, las partituras que estudiemos y las actividades que realicemos.</p>
<p>&nbsp; &nbsp; &nbsp; &nbsp;Espero que os ayude en vuestro día a día con la música.</p>
<p>&nbsp; &nbsp; &nbsp; &nbsp; &nbsp; &nbsp; &nbsp; &nbsp; ¡Viva la música!</p>
<p>&nbsp; &nbsp; &nbsp; Aquí os dejo unas fichas de pentagramas en blanco por si lo necesitáis:</p>
<p><a href="https://blogsaverroes.juntadeandalucia.es/aulademusicagilena/files/2020/03/hojas-pentagramadas-con-claves.pdf">hojas-pentagramadas-con-claves</a></p>
<p>&nbsp;</p>
<p>&nbsp;Y además os doy el enlace de esta página para que de vez en cuando practiquéis la lectura de notas.</p>
<p><a href="https://aprendomusica.com/">LAS NOTAS MUSICALES.</a></p>
<p>&nbsp;Y, por último, os dejo un pequeño detalle que nos deja nuestra compañera <strong>Ana María Reina Reina</strong>, del cual estamos muy orgullosos.&nbsp; &nbsp; &nbsp; &nbsp; Es una poesía que ha escrito con motivo del 21 de marzo,día mundial de la poesía, y que ha sido un gran regalo para todos en estos días tan difíciles que nos ha tocado vivir.Enhorabuena, Ana, eres una gran escritora.</p>
<p style="text-align: left">&nbsp; &nbsp; &nbsp; &nbsp; &nbsp; &nbsp; &nbsp; &nbsp; &nbsp; &nbsp; &nbsp; &nbsp; &nbsp; &nbsp; &nbsp; &nbsp; &nbsp;</p>
<p style="text-align: center"><strong>DÍA MUNDIAL DE LA POESÍA. (21 marzo)&nbsp;</strong></p>
<p>&nbsp;</p>
<p style="text-align: center">Pequeñas personitas,</p>
<p style="text-align: center">sus vidas no pueden hacer</p>
<p style="text-align: center">detrás de las ventanas&nbsp;</p>
<p style="text-align: center">sus sueños ven florecer.</p>
<p style="text-align: center">Alegrías desprendéis</p>
<p style="text-align: center">contenida por paredes</p>
<p style="text-align: center">Besos, caricias y abrazos</p>
<p style="text-align: center">No llegan donde quieren.</p>
<p style="text-align: center">Cientos de palomas</p>
<p style="text-align: center">pronto volarán&nbsp;</p>
<p style="text-align: center">surcando nuestro cielos</p>
<p style="text-align: center">a vuestros hogares llegará</p>
<p style="text-align: center">Reír, niños, reír y jugar</p>
<p style="text-align: center">que el maestro Juan Corrales</p>
<p style="text-align: center">pronto sus puertas abrirá.</p>
<p style="text-align: center">&nbsp;</p>

<p>Bienvenidos a nuestra clase de música. &nbsp; &nbsp; El objetivo de mi blog es ofreceros herramientas útiles que os sirvan de apoyo para reforzar en casa lo que aprendemos en clase. &nbsp; &nbsp; &nbsp;&#46;&#46;&#46;</p>
