{"id":164,"date":"2024-11-10T23:16:52","date_gmt":"2024-11-10T22:16:52","guid":{"rendered":"https:\/\/blogsaverroes.juntadeandalucia.es\/auladnriquecimiento\/?page_id=164"},"modified":"2024-11-10T23:19:18","modified_gmt":"2024-11-10T22:19:18","slug":"os-propongo","status":"publish","type":"page","link":"https:\/\/blogsaverroes.juntadeandalucia.es\/auladnriquecimiento\/?page_id=164","title":{"rendered":"OS PROPONGO"},"content":{"rendered":"<p><span style=\"color: #ff6600\"><strong>PRIMER RETO:<\/strong><\/span><\/p>\n<p>Os propongo que le\u00e1is este peque\u00f1ito art\u00edculo:<\/p>\n<p><a href=\"https:\/\/www.esa.int\/kids\/es\/Aprende\/Nuestro_Universo\/Historia_del_Universo\/La_Luna_la_Tierra_y_la_gravedad\">https:\/\/www.esa.int\/kids\/es\/Aprende\/Nuestro_Universo\/Historia_del_Universo\/La_Luna_la_Tierra_y_la_gravedad<\/a><\/p>\n","protected":false},"excerpt":{"rendered":"<p>PRIMER RETO: Os propongo que le\u00e1is este peque\u00f1ito art\u00edculo: https:\/\/www.esa.int\/kids\/es\/Aprende\/Nuestro_Universo\/Historia_del_Universo\/La_Luna_la_Tierra_y_la_gravedad<\/p>\n","protected":false},"author":12832,"featured_media":0,"parent":0,"menu_order":0,"comment_status":"closed","ping_status":"closed","template":"","meta":{"footnotes":""},"aioseo_notices":[],"_links":{"self":[{"href":"https:\/\/blogsaverroes.juntadeandalucia.es\/auladnriquecimiento\/index.php?rest_route=\/wp\/v2\/pages\/164"}],"collection":[{"href":"https:\/\/blogsaverroes.juntadeandalucia.es\/auladnriquecimiento\/index.php?rest_route=\/wp\/v2\/pages"}],"about":[{"href":"https:\/\/blogsaverroes.juntadeandalucia.es\/auladnriquecimiento\/index.php?rest_route=\/wp\/v2\/types\/page"}],"author":[{"embeddable":true,"href":"https:\/\/blogsaverroes.juntadeandalucia.es\/auladnriquecimiento\/index.php?rest_route=\/wp\/v2\/users\/12832"}],"replies":[{"embeddable":true,"href":"https:\/\/blogsaverroes.juntadeandalucia.es\/auladnriquecimiento\/index.php?rest_route=%2Fwp%2Fv2%2Fcomments&post=164"}],"version-history":[{"count":2,"href":"https:\/\/blogsaverroes.juntadeandalucia.es\/auladnriquecimiento\/index.php?rest_route=\/wp\/v2\/pages\/164\/revisions"}],"predecessor-version":[{"id":167,"href":"https:\/\/blogsaverroes.juntadeandalucia.es\/auladnriquecimiento\/index.php?rest_route=\/wp\/v2\/pages\/164\/revisions\/167"}],"wp:attachment":[{"href":"https:\/\/blogsaverroes.juntadeandalucia.es\/auladnriquecimiento\/index.php?rest_route=%2Fwp%2Fv2%2Fmedia&parent=164"}],"curies":[{"name":"wp","href":"https:\/\/api.w.org\/{rel}","templated":true}]}}