{"id":101,"date":"2019-03-07T10:03:23","date_gmt":"2019-03-07T10:03:23","guid":{"rendered":"https:\/\/blogsaverroes.juntadeandalucia.es\/aulaflautistica\/?page_id=101"},"modified":"2023-07-04T08:06:35","modified_gmt":"2023-07-04T08:06:35","slug":"hola-chics","status":"publish","type":"page","link":"https:\/\/blogsaverroes.juntadeandalucia.es\/aulaflautistica\/","title":{"rendered":"\u00a1Hola flautistas!"},"content":{"rendered":"<p>\u00a1Por fin tenemos un aula virtual!. Lo importante de ella es que seamos participativos y aportemos informaci\u00f3n interesante y por supuesto flaut\u00edsticas. Comentad abajo qu\u00e9 esper\u00e1is de este blog y haced sugerencias de c\u00f3mo quer\u00e9is contribuir al mismo.&nbsp;<\/p>\n<p>\u00a1Respirad y disfrutad!<\/p>\n<p><img loading=\"lazy\" decoding=\"async\" class=\"alignnone size-medium wp-image-14\" src=\"https:\/\/blogsaverroes.juntadeandalucia.es\/aulaflautistica\/files\/2019\/03\/flauta8-300x271.jpg\" alt=\"\" width=\"300\" height=\"271\" srcset=\"https:\/\/blogsaverroes.juntadeandalucia.es\/aulaflautistica\/files\/2019\/03\/flauta8-300x271.jpg 300w, https:\/\/blogsaverroes.juntadeandalucia.es\/aulaflautistica\/files\/2019\/03\/flauta8-24x22.jpg 24w, https:\/\/blogsaverroes.juntadeandalucia.es\/aulaflautistica\/files\/2019\/03\/flauta8-36x33.jpg 36w, https:\/\/blogsaverroes.juntadeandalucia.es\/aulaflautistica\/files\/2019\/03\/flauta8-48x43.jpg 48w, https:\/\/blogsaverroes.juntadeandalucia.es\/aulaflautistica\/files\/2019\/03\/flauta8.jpg 500w\" sizes=\"(max-width: 300px) 100vw, 300px\" \/>,<\/p>\n<p>Andrea<\/p>\n","protected":false},"excerpt":{"rendered":"<p>\u00a1Por fin tenemos un aula virtual!. Lo importante de ella es que seamos participativos y aportemos informaci\u00f3n interesante y por supuesto flaut\u00edsticas. Comentad abajo qu\u00e9 esper\u00e1is de este blog y haced sugerencias de c\u00f3mo quer\u00e9is contribuir al mismo.&nbsp; \u00a1Respirad y disfrutad! , Andrea<\/p>\n","protected":false},"author":7272,"featured_media":0,"parent":0,"menu_order":0,"comment_status":"closed","ping_status":"closed","template":"","meta":{"ngg_post_thumbnail":0,"footnotes":""},"aioseo_notices":[],"_links":{"self":[{"href":"https:\/\/blogsaverroes.juntadeandalucia.es\/aulaflautistica\/wp-json\/wp\/v2\/pages\/101"}],"collection":[{"href":"https:\/\/blogsaverroes.juntadeandalucia.es\/aulaflautistica\/wp-json\/wp\/v2\/pages"}],"about":[{"href":"https:\/\/blogsaverroes.juntadeandalucia.es\/aulaflautistica\/wp-json\/wp\/v2\/types\/page"}],"author":[{"embeddable":true,"href":"https:\/\/blogsaverroes.juntadeandalucia.es\/aulaflautistica\/wp-json\/wp\/v2\/users\/7272"}],"replies":[{"embeddable":true,"href":"https:\/\/blogsaverroes.juntadeandalucia.es\/aulaflautistica\/wp-json\/wp\/v2\/comments?post=101"}],"version-history":[{"count":5,"href":"https:\/\/blogsaverroes.juntadeandalucia.es\/aulaflautistica\/wp-json\/wp\/v2\/pages\/101\/revisions"}],"predecessor-version":[{"id":239,"href":"https:\/\/blogsaverroes.juntadeandalucia.es\/aulaflautistica\/wp-json\/wp\/v2\/pages\/101\/revisions\/239"}],"wp:attachment":[{"href":"https:\/\/blogsaverroes.juntadeandalucia.es\/aulaflautistica\/wp-json\/wp\/v2\/media?parent=101"}],"curies":[{"name":"wp","href":"https:\/\/api.w.org\/{rel}","templated":true}]}}

<p>¡Por fin tenemos un aula virtual!. Lo importante de ella es que seamos participativos y aportemos información interesante y por supuesto flautísticas. Comentad abajo qué esperáis de este blog y haced sugerencias de cómo queréis contribuir al mismo.&nbsp;</p>
<p>¡Respirad y disfrutad!</p>
<p><img loading="lazy" decoding="async" class="alignnone size-medium wp-image-14" src="https://blogsaverroes.juntadeandalucia.es/aulaflautistica/files/2019/03/flauta8-300x271.jpg" alt="" width="300" height="271" srcset="https://blogsaverroes.juntadeandalucia.es/aulaflautistica/files/2019/03/flauta8-300x271.jpg 300w, https://blogsaverroes.juntadeandalucia.es/aulaflautistica/files/2019/03/flauta8-24x22.jpg 24w, https://blogsaverroes.juntadeandalucia.es/aulaflautistica/files/2019/03/flauta8-36x33.jpg 36w, https://blogsaverroes.juntadeandalucia.es/aulaflautistica/files/2019/03/flauta8-48x43.jpg 48w, https://blogsaverroes.juntadeandalucia.es/aulaflautistica/files/2019/03/flauta8.jpg 500w" sizes="(max-width: 300px) 100vw, 300px" />,</p>
<p>Andrea</p>

<p>¡Por fin tenemos un aula virtual!. Lo importante de ella es que seamos participativos y aportemos información interesante y por supuesto flautísticas. Comentad abajo qué esperáis de este blog y haced sugerencias de cómo queréis contribuir al mismo.&nbsp; ¡Respirad y disfrutad! , Andrea</p>
