{"id":229,"date":"2023-05-03T14:22:31","date_gmt":"2023-05-03T14:22:31","guid":{"rendered":"https:\/\/blogsaverroes.juntadeandalucia.es\/aulaflautistica\/?page_id=229"},"modified":"2023-07-04T16:31:02","modified_gmt":"2023-07-04T16:31:02","slug":"ondulando-el-sonido","status":"publish","type":"page","link":"https:\/\/blogsaverroes.juntadeandalucia.es\/aulaflautistica\/ondulando-el-sonido\/","title":{"rendered":"Ondulando el sonido"},"content":{"rendered":"<p>Tras las explicaciones en clase, \u00bfquedan dudas de c\u00f3mo empezar a poner en pr\u00e1ctica el vibrato?. No te preocupes, aqu\u00ed te dejo un v\u00eddeo para que puedas conocer m\u00e1s&#8230; y ya sabes, si tienes dudas, \u00a1PREGUNTA!<\/p>\n<p><a href=\"https:\/\/www.youtube.com\/watch?v=e6qyjv7oDxo&amp;ab_channel=CrisFaceFlute\">https:\/\/www.youtube.com\/watch?v=e6qyjv7oDxo&amp;ab_channel=CrisFaceFlute<\/a><\/p>\n<p>Recuerda nuestra inspiraci\u00f3n:&nbsp;<\/p>\n<p><iframe loading=\"lazy\" title=\"\u3010\u81ea\u7136\u97f3\u3011\u6d77\u306e\u6ce2\u306e\u97f3\u3067\u30ea\u30e9\u30c3\u30af\u30b9\u3059\u308b\uff11\u6642\u9593\uff08\u5b89\u7720\u30fb\u7791\u60f3\u30fb\u52c9\u5f37\u30fb\u4f5c\u696d\u7528 BGM\uff09\" width=\"525\" height=\"295\" src=\"https:\/\/www.youtube.com\/embed\/3MIKj7iCEFM?feature=oembed\" frameborder=\"0\" allow=\"accelerometer; autoplay; clipboard-write; encrypted-media; gyroscope; picture-in-picture; web-share\" allowfullscreen><\/iframe><\/p>\n","protected":false},"excerpt":{"rendered":"<p>Tras las explicaciones en clase, \u00bfquedan dudas de c\u00f3mo empezar a poner en pr\u00e1ctica el vibrato?. No te preocupes, aqu\u00ed te dejo un v\u00eddeo para que puedas conocer m\u00e1s&#8230; y ya sabes, si tienes dudas, \u00a1PREGUNTA! https:\/\/www.youtube.com\/watch?v=e6qyjv7oDxo&amp;ab_channel=CrisFaceFlute Recuerda nuestra inspiraci\u00f3n:&nbsp;<\/p>\n","protected":false},"author":7272,"featured_media":0,"parent":0,"menu_order":0,"comment_status":"closed","ping_status":"closed","template":"","meta":{"ngg_post_thumbnail":0,"footnotes":""},"aioseo_notices":[],"_links":{"self":[{"href":"https:\/\/blogsaverroes.juntadeandalucia.es\/aulaflautistica\/wp-json\/wp\/v2\/pages\/229"}],"collection":[{"href":"https:\/\/blogsaverroes.juntadeandalucia.es\/aulaflautistica\/wp-json\/wp\/v2\/pages"}],"about":[{"href":"https:\/\/blogsaverroes.juntadeandalucia.es\/aulaflautistica\/wp-json\/wp\/v2\/types\/page"}],"author":[{"embeddable":true,"href":"https:\/\/blogsaverroes.juntadeandalucia.es\/aulaflautistica\/wp-json\/wp\/v2\/users\/7272"}],"replies":[{"embeddable":true,"href":"https:\/\/blogsaverroes.juntadeandalucia.es\/aulaflautistica\/wp-json\/wp\/v2\/comments?post=229"}],"version-history":[{"count":5,"href":"https:\/\/blogsaverroes.juntadeandalucia.es\/aulaflautistica\/wp-json\/wp\/v2\/pages\/229\/revisions"}],"predecessor-version":[{"id":242,"href":"https:\/\/blogsaverroes.juntadeandalucia.es\/aulaflautistica\/wp-json\/wp\/v2\/pages\/229\/revisions\/242"}],"wp:attachment":[{"href":"https:\/\/blogsaverroes.juntadeandalucia.es\/aulaflautistica\/wp-json\/wp\/v2\/media?parent=229"}],"curies":[{"name":"wp","href":"https:\/\/api.w.org\/{rel}","templated":true}]}}

<p>Tras las explicaciones en clase, ¿quedan dudas de cómo empezar a poner en práctica el vibrato?. No te preocupes, aquí te dejo un vídeo para que puedas conocer más&#8230; y ya sabes, si tienes dudas, ¡PREGUNTA!</p>
<p><a href="https://www.youtube.com/watch?v=e6qyjv7oDxo&amp;ab_channel=CrisFaceFlute">https://www.youtube.com/watch?v=e6qyjv7oDxo&amp;ab_channel=CrisFaceFlute</a></p>
<p>Recuerda nuestra inspiración:&nbsp;</p>
<p><iframe loading="lazy" title="【自然音】海の波の音でリラックスする１時間（安眠・瞑想・勉強・作業用 BGM）" width="525" height="295" src="https://www.youtube.com/embed/3MIKj7iCEFM?feature=oembed" frameborder="0" allow="accelerometer; autoplay; clipboard-write; encrypted-media; gyroscope; picture-in-picture; web-share" allowfullscreen></iframe></p>

<p>Tras las explicaciones en clase, ¿quedan dudas de cómo empezar a poner en práctica el vibrato?. No te preocupes, aquí te dejo un vídeo para que puedas conocer más&#8230; y ya sabes, si tienes dudas, ¡PREGUNTA! https://www.youtube.com/watch?v=e6qyjv7oDxo&amp;ab_channel=CrisFaceFlute Recuerda nuestra inspiración:&nbsp;</p>
