{"id":46,"date":"2019-03-06T11:54:01","date_gmt":"2019-03-06T11:54:01","guid":{"rendered":"https:\/\/blogsaverroes.juntadeandalucia.es\/aulaflautistica\/my-calendar\/"},"modified":"2023-04-20T08:26:14","modified_gmt":"2023-04-20T08:26:14","slug":"my-calendar","status":"publish","type":"page","link":"https:\/\/blogsaverroes.juntadeandalucia.es\/aulaflautistica\/my-calendar\/","title":{"rendered":"Calendario escolar"},"content":{"rendered":"<p>Audici\u00f3n Santa Cecilia <strong>24 noviembre<\/strong><\/p>\n<p>Audici\u00f3n karaokes <strong>14 de febrero<\/strong><\/p>\n<p>Semana santa&nbsp;<strong>3-9 de abril<\/strong><\/p>\n<p>Clase para flautistas de sonido y t\u00e9cnica <strong>10 abril<\/strong><\/p>\n<p>Audici\u00f3n de d\u00faos <strong>19 de abril<\/strong><\/p>\n<p>Convenci\u00f3n de flautistas &#8211; M\u00e1laga 2023 <strong>29,30 de abril y 1 de mayo<\/strong><\/p>\n<p>Audici\u00f3n final <strong>2 de junio<\/strong><\/p>\n<p>&nbsp;<\/p>\n","protected":false},"excerpt":{"rendered":"<p>Audici\u00f3n Santa Cecilia 24 noviembre Audici\u00f3n karaokes 14 de febrero Semana santa&nbsp;3-9 de abril Clase para flautistas de sonido y t\u00e9cnica 10 abril Audici\u00f3n de d\u00faos 19 de abril Convenci\u00f3n de flautistas &#8211; M\u00e1laga 2023 29,30 de abril y 1 de mayo Audici\u00f3n final 2 de junio &nbsp;<\/p>\n","protected":false},"author":7272,"featured_media":0,"parent":0,"menu_order":0,"comment_status":"closed","ping_status":"closed","template":"","meta":{"ngg_post_thumbnail":0,"footnotes":""},"aioseo_notices":[],"_links":{"self":[{"href":"https:\/\/blogsaverroes.juntadeandalucia.es\/aulaflautistica\/wp-json\/wp\/v2\/pages\/46"}],"collection":[{"href":"https:\/\/blogsaverroes.juntadeandalucia.es\/aulaflautistica\/wp-json\/wp\/v2\/pages"}],"about":[{"href":"https:\/\/blogsaverroes.juntadeandalucia.es\/aulaflautistica\/wp-json\/wp\/v2\/types\/page"}],"author":[{"embeddable":true,"href":"https:\/\/blogsaverroes.juntadeandalucia.es\/aulaflautistica\/wp-json\/wp\/v2\/users\/7272"}],"replies":[{"embeddable":true,"href":"https:\/\/blogsaverroes.juntadeandalucia.es\/aulaflautistica\/wp-json\/wp\/v2\/comments?post=46"}],"version-history":[{"count":8,"href":"https:\/\/blogsaverroes.juntadeandalucia.es\/aulaflautistica\/wp-json\/wp\/v2\/pages\/46\/revisions"}],"predecessor-version":[{"id":186,"href":"https:\/\/blogsaverroes.juntadeandalucia.es\/aulaflautistica\/wp-json\/wp\/v2\/pages\/46\/revisions\/186"}],"wp:attachment":[{"href":"https:\/\/blogsaverroes.juntadeandalucia.es\/aulaflautistica\/wp-json\/wp\/v2\/media?parent=46"}],"curies":[{"name":"wp","href":"https:\/\/api.w.org\/{rel}","templated":true}]}}

<p>Audición Santa Cecilia <strong>24 noviembre</strong></p>
<p>Audición karaokes <strong>14 de febrero</strong></p>
<p>Semana santa&nbsp;<strong>3-9 de abril</strong></p>
<p>Clase para flautistas de sonido y técnica <strong>10 abril</strong></p>
<p>Audición de dúos <strong>19 de abril</strong></p>
<p>Convención de flautistas &#8211; Málaga 2023 <strong>29,30 de abril y 1 de mayo</strong></p>
<p>Audición final <strong>2 de junio</strong></p>
<p>&nbsp;</p>

<p>Audición Santa Cecilia 24 noviembre Audición karaokes 14 de febrero Semana santa&nbsp;3-9 de abril Clase para flautistas de sonido y técnica 10 abril Audición de dúos 19 de abril Convención de flautistas &#8211; Málaga 2023 29,30 de abril y 1 de mayo Audición final 2 de junio &nbsp;</p>
