{"id":19,"date":"2015-03-24T20:00:07","date_gmt":"2015-03-24T18:00:07","guid":{"rendered":"http:\/\/blogsaverroes.juntadeandalucia.es\/auroramorenoapsd\/?page_id=19"},"modified":"2015-04-19T20:33:46","modified_gmt":"2015-04-19T18:33:46","slug":"atencion-sanitaria","status":"publish","type":"page","link":"https:\/\/blogsaverroes.juntadeandalucia.es\/auroramorenoapsd\/atencion-sanitaria\/","title":{"rendered":"Atenci\u00f3n Sanitaria"},"content":{"rendered":"<p>Partiendo de la \u00a0competencia general de este t\u00edtulo\u00a0 que consiste en atender a las personas en situaci\u00f3n de dependencia en el \u00e1mbito domiciliario e institucional, a fin de mantener y mejorar su calidad de vida, realizando actividades asistenciales, no sanitarias, psicosociales y de apoyo a la gesti\u00f3n dom\u00e9stica, aplicando medidas y normas de prevenci\u00f3n y seguridad y deriv\u00e1ndolas a otros servicios cuando sea necesario, la atenci\u00f3n sanitaria cumple una funci\u00f3n fundamental ya que se desarrollan practicas de movilizaci\u00f3n, traslado y deambulaci\u00f3n de usuarios, administraci\u00f3n de medicamentos, alimentaci\u00f3n por sonda y por v\u00eda oral, toma de tensi\u00f3n arterial, pulso, respiraci\u00f3n y temperatura, administraci\u00f3n de oxigeno, colocaci\u00f3n de bolsa de diuresis y otras t\u00e9cnicas tan imprescindibles\u00a0 y necesarias en los pacientes dependientes.<\/p>\n<p>&nbsp;<\/p>\n","protected":false},"excerpt":{"rendered":"<p>Partiendo de la \u00a0competencia general de este t\u00edtulo\u00a0 que consiste en atender a las personas en situaci\u00f3n de dependencia en el \u00e1mbito domiciliario e institucional, a fin de mantener y mejorar su calidad de vida, realizando actividades asistenciales, no sanitarias, psicosociales y de apoyo a la gesti\u00f3n dom\u00e9stica, aplicando medidas y normas de prevenci\u00f3n y &hellip; <a href=\"https:\/\/blogsaverroes.juntadeandalucia.es\/auroramorenoapsd\/atencion-sanitaria\/\" class=\"more-link\">Seguir leyendo <span class=\"screen-reader-text\">Atenci\u00f3n Sanitaria<\/span> <span class=\"meta-nav\">&rarr;<\/span><\/a><\/p>\n","protected":false},"author":1615,"featured_media":0,"parent":0,"menu_order":0,"comment_status":"closed","ping_status":"closed","template":"","meta":{"ngg_post_thumbnail":0,"footnotes":""},"aioseo_notices":[],"_links":{"self":[{"href":"https:\/\/blogsaverroes.juntadeandalucia.es\/auroramorenoapsd\/wp-json\/wp\/v2\/pages\/19"}],"collection":[{"href":"https:\/\/blogsaverroes.juntadeandalucia.es\/auroramorenoapsd\/wp-json\/wp\/v2\/pages"}],"about":[{"href":"https:\/\/blogsaverroes.juntadeandalucia.es\/auroramorenoapsd\/wp-json\/wp\/v2\/types\/page"}],"author":[{"embeddable":true,"href":"https:\/\/blogsaverroes.juntadeandalucia.es\/auroramorenoapsd\/wp-json\/wp\/v2\/users\/1615"}],"replies":[{"embeddable":true,"href":"https:\/\/blogsaverroes.juntadeandalucia.es\/auroramorenoapsd\/wp-json\/wp\/v2\/comments?post=19"}],"version-history":[{"count":1,"href":"https:\/\/blogsaverroes.juntadeandalucia.es\/auroramorenoapsd\/wp-json\/wp\/v2\/pages\/19\/revisions"}],"predecessor-version":[{"id":20,"href":"https:\/\/blogsaverroes.juntadeandalucia.es\/auroramorenoapsd\/wp-json\/wp\/v2\/pages\/19\/revisions\/20"}],"wp:attachment":[{"href":"https:\/\/blogsaverroes.juntadeandalucia.es\/auroramorenoapsd\/wp-json\/wp\/v2\/media?parent=19"}],"curies":[{"name":"wp","href":"https:\/\/api.w.org\/{rel}","templated":true}]}}