{"id":49,"date":"2019-12-06T19:28:03","date_gmt":"2019-12-06T18:28:03","guid":{"rendered":"https:\/\/blogsaverroes.juntadeandalucia.es\/baacts\/?page_id=49"},"modified":"2021-11-24T18:44:30","modified_gmt":"2021-11-24T17:44:30","slug":"spain","status":"publish","type":"page","link":"https:\/\/blogsaverroes.juntadeandalucia.es\/baacts\/partners\/spain\/","title":{"rendered":"Spain"},"content":{"rendered":"<h1 style=\"text-align: center\"><strong>IES Jos\u00e9 Mar\u00eda Mor\u00f3n y Barrientos<\/strong><\/h1>\n<p><img loading=\"lazy\" decoding=\"async\" class=\"size-medium wp-image-135 aligncenter\" src=\"https:\/\/blogsaverroes.juntadeandalucia.es\/baacts\/files\/2020\/02\/2019-11-26-22.41.24-300x169.jpg\" alt=\"\" width=\"300\" height=\"169\" srcset=\"https:\/\/blogsaverroes.juntadeandalucia.es\/baacts\/files\/2020\/02\/2019-11-26-22.41.24-300x169.jpg 300w, https:\/\/blogsaverroes.juntadeandalucia.es\/baacts\/files\/2020\/02\/2019-11-26-22.41.24-768x432.jpg 768w, https:\/\/blogsaverroes.juntadeandalucia.es\/baacts\/files\/2020\/02\/2019-11-26-22.41.24-1024x576.jpg 1024w, https:\/\/blogsaverroes.juntadeandalucia.es\/baacts\/files\/2020\/02\/2019-11-26-22.41.24-24x14.jpg 24w, https:\/\/blogsaverroes.juntadeandalucia.es\/baacts\/files\/2020\/02\/2019-11-26-22.41.24-36x20.jpg 36w, https:\/\/blogsaverroes.juntadeandalucia.es\/baacts\/files\/2020\/02\/2019-11-26-22.41.24-48x27.jpg 48w, https:\/\/blogsaverroes.juntadeandalucia.es\/baacts\/files\/2020\/02\/2019-11-26-22.41.24.jpg 2000w\" sizes=\"(max-width: 300px) 100vw, 300px\" \/><\/p>\n<p style=\"text-align: center\"><a href=\"https:\/\/blogsaverroes.juntadeandalucia.es\/iesjosemariamoronybarrientos\/\" target=\"_blank\" rel=\"noopener noreferrer\">https:\/\/blogsaverroes.juntadeandalucia.es\/iesjosemariamoronybarrientos<\/a><\/p>\n<p style=\"text-align: center\"><span style=\"color: #000000;font-size: 18pt\"><span style=\"font-weight: 400\">The Compulsory Secondary Education School Jos\u00e9 M\u00aa Mor\u00f3n y Barrientos is in the town of Cumbres Mayores (Huelva) in Andalusia, at the northern end of the <\/span><i><span style=\"font-weight: 400\">Sierra de Aracena y Picos de Aroche Natural Park<\/span><\/i><span style=\"font-weight: 400\">, just on the border with Extremadura.&nbsp;<\/span><\/span><\/p>\n<p style=\"text-align: center\"><span style=\"color: #000000;font-size: 18pt\"><span style=\"font-weight: 400\">The school is located in the southeast of the town, in the flattest part, its main fa\u00e7ade in the <\/span><i><span style=\"font-weight: 400\">Plaza Nuestra Se\u00f1ora De la Esperanza<\/span><\/i><span style=\"font-weight: 400\">. The school building was built in 1939 as a Primary School and underwent several renovations during the 60\u2019s and 70\u2019s. In the school year 1996-97, it became a secondary school depending on Santa Olalla de Cala\u2019s secondary school. A year later, it became an independent centre of secondary education. Eventually, in the year 2002, the building was reformed and enlarged in order to adapt it to the required regulations for its use, remaining this way until today.&nbsp;<\/span><\/span><\/p>\n<p style=\"text-align: center\"><span style=\"font-weight: 400;color: #000000;font-size: 18pt\">Nowadays there are two buildings: the main one, where the classrooms are located, and a second one,&nbsp; made up of a gym and lockers, for Physical Education lessons. In addition, we have a fully equipped kitchen and dining area where the cooking and catering training lessons take place. Outside there is a football pitch\/basketball course and a playground area.&nbsp;<\/span><\/p>\n<p style=\"text-align: center\"><span style=\"font-weight: 400;color: #000000;font-size: 18pt\">The school teaches the four years of Compulsory Secondary Education plus the two years of Cooking and Catering Basic Vocational Training.<\/span><\/p>\n<p style=\"text-align: center\"><span style=\"font-weight: 400;color: #000000;font-size: 18pt\">Currently, we are around twenty teachers and eighty students. The students\u2019 ages range from twelve to sixteen years old in C.S. E. and from 16 to 21 in Basic Vocational Training.&nbsp;<\/span><\/p>\n<p style=\"text-align: center\"><span style=\"color: #000000;font-size: 18pt\"><span style=\"font-weight: 400\">Ours is officially tagged as an <\/span><i><span style=\"font-weight: 400\">ICT Centre<\/span><\/i><span style=\"font-weight: 400\"> and a <\/span><i><span style=\"font-weight: 400\">School: Space of Peace<\/span><\/i><span style=\"font-weight: 400\"> and we are developing the following projects:<\/span><\/span><\/p>\n<p style=\"text-align: left;padding-left: 160px\"><span style=\"font-weight: 400;color: #000000;font-size: 18pt\">Coeducation: Searching for equality.<\/span><\/p>\n<p style=\"text-align: left;padding-left: 160px\"><span style=\"font-weight: 400;color: #000000;font-size: 18pt\">Forma Joven<\/span><\/p>\n<p style=\"text-align: left;padding-left: 160px\"><span style=\"font-weight: 400;color: #000000;font-size: 18pt\">Programa Aldea<\/span><\/p>\n<p style=\"text-align: left;padding-left: 160px\"><span style=\"font-weight: 400;color: #000000;font-size: 18pt\">Library and Reading Plan<\/span><\/p>\n<p style=\"text-align: left;padding-left: 160px\"><span style=\"font-weight: 400;color: #000000;font-size: 18pt\">Erasmus+: Building Active and Critical Thinking Student.<\/span><\/p>\n<p style=\"text-align: center\"><span style=\"font-weight: 400;color: #000000;font-size: 18pt\">As far as ICT (Information and Communication Technology) programs are concerned, we are carrying out an European programme called PRODIG to improve the digital competence in our school. One of the key objectives of PRODIG is to use the latest technologies to transform the previous traditional methodologies, such as the use of radio as an educational tool, problem based learning, \u201cgamification\u201d and the use of educational platforms in order to update everyday classroom routines, raise our students motivation and prevent the current non-existent school dropout as well as promoting that the students stay at school developing their further education.&nbsp;<\/span><\/p>\n","protected":false},"excerpt":{"rendered":"<p>IES Jos\u00e9 Mar\u00eda Mor\u00f3n y Barrientos https:\/\/blogsaverroes.juntadeandalucia.es\/iesjosemariamoronybarrientos The Compulsory Secondary Education School Jos\u00e9 M\u00aa Mor\u00f3n y Barrientos is in the town of Cumbres Mayores (Huelva) in Andalusia, at the northern end of the Sierra&#46;&#46;&#46;<\/p>\n","protected":false},"author":8031,"featured_media":0,"parent":54,"menu_order":0,"comment_status":"closed","ping_status":"closed","template":"","meta":{"ngg_post_thumbnail":0,"footnotes":""},"aioseo_notices":[],"_links":{"self":[{"href":"https:\/\/blogsaverroes.juntadeandalucia.es\/baacts\/wp-json\/wp\/v2\/pages\/49"}],"collection":[{"href":"https:\/\/blogsaverroes.juntadeandalucia.es\/baacts\/wp-json\/wp\/v2\/pages"}],"about":[{"href":"https:\/\/blogsaverroes.juntadeandalucia.es\/baacts\/wp-json\/wp\/v2\/types\/page"}],"author":[{"embeddable":true,"href":"https:\/\/blogsaverroes.juntadeandalucia.es\/baacts\/wp-json\/wp\/v2\/users\/8031"}],"replies":[{"embeddable":true,"href":"https:\/\/blogsaverroes.juntadeandalucia.es\/baacts\/wp-json\/wp\/v2\/comments?post=49"}],"version-history":[{"count":12,"href":"https:\/\/blogsaverroes.juntadeandalucia.es\/baacts\/wp-json\/wp\/v2\/pages\/49\/revisions"}],"predecessor-version":[{"id":662,"href":"https:\/\/blogsaverroes.juntadeandalucia.es\/baacts\/wp-json\/wp\/v2\/pages\/49\/revisions\/662"}],"up":[{"embeddable":true,"href":"https:\/\/blogsaverroes.juntadeandalucia.es\/baacts\/wp-json\/wp\/v2\/pages\/54"}],"wp:attachment":[{"href":"https:\/\/blogsaverroes.juntadeandalucia.es\/baacts\/wp-json\/wp\/v2\/media?parent=49"}],"curies":[{"name":"wp","href":"https:\/\/api.w.org\/{rel}","templated":true}]}}

<h1 style="text-align: center"><strong>IES José María Morón y Barrientos</strong></h1>
<p><img loading="lazy" decoding="async" class="size-medium wp-image-135 aligncenter" src="https://blogsaverroes.juntadeandalucia.es/baacts/files/2020/02/2019-11-26-22.41.24-300x169.jpg" alt="" width="300" height="169" srcset="https://blogsaverroes.juntadeandalucia.es/baacts/files/2020/02/2019-11-26-22.41.24-300x169.jpg 300w, https://blogsaverroes.juntadeandalucia.es/baacts/files/2020/02/2019-11-26-22.41.24-768x432.jpg 768w, https://blogsaverroes.juntadeandalucia.es/baacts/files/2020/02/2019-11-26-22.41.24-1024x576.jpg 1024w, https://blogsaverroes.juntadeandalucia.es/baacts/files/2020/02/2019-11-26-22.41.24-24x14.jpg 24w, https://blogsaverroes.juntadeandalucia.es/baacts/files/2020/02/2019-11-26-22.41.24-36x20.jpg 36w, https://blogsaverroes.juntadeandalucia.es/baacts/files/2020/02/2019-11-26-22.41.24-48x27.jpg 48w, https://blogsaverroes.juntadeandalucia.es/baacts/files/2020/02/2019-11-26-22.41.24.jpg 2000w" sizes="(max-width: 300px) 100vw, 300px" /></p>
<p style="text-align: center"><a href="https://blogsaverroes.juntadeandalucia.es/iesjosemariamoronybarrientos/" target="_blank" rel="noopener noreferrer">https://blogsaverroes.juntadeandalucia.es/iesjosemariamoronybarrientos</a></p>
<p style="text-align: center"><span style="color: #000000;font-size: 18pt"><span style="font-weight: 400">The Compulsory Secondary Education School José Mª Morón y Barrientos is in the town of Cumbres Mayores (Huelva) in Andalusia, at the northern end of the </span><i><span style="font-weight: 400">Sierra de Aracena y Picos de Aroche Natural Park</span></i><span style="font-weight: 400">, just on the border with Extremadura.&nbsp;</span></span></p>
<p style="text-align: center"><span style="color: #000000;font-size: 18pt"><span style="font-weight: 400">The school is located in the southeast of the town, in the flattest part, its main façade in the </span><i><span style="font-weight: 400">Plaza Nuestra Señora De la Esperanza</span></i><span style="font-weight: 400">. The school building was built in 1939 as a Primary School and underwent several renovations during the 60’s and 70’s. In the school year 1996-97, it became a secondary school depending on Santa Olalla de Cala’s secondary school. A year later, it became an independent centre of secondary education. Eventually, in the year 2002, the building was reformed and enlarged in order to adapt it to the required regulations for its use, remaining this way until today.&nbsp;</span></span></p>
<p style="text-align: center"><span style="font-weight: 400;color: #000000;font-size: 18pt">Nowadays there are two buildings: the main one, where the classrooms are located, and a second one,&nbsp; made up of a gym and lockers, for Physical Education lessons. In addition, we have a fully equipped kitchen and dining area where the cooking and catering training lessons take place. Outside there is a football pitch/basketball course and a playground area.&nbsp;</span></p>
<p style="text-align: center"><span style="font-weight: 400;color: #000000;font-size: 18pt">The school teaches the four years of Compulsory Secondary Education plus the two years of Cooking and Catering Basic Vocational Training.</span></p>
<p style="text-align: center"><span style="font-weight: 400;color: #000000;font-size: 18pt">Currently, we are around twenty teachers and eighty students. The students’ ages range from twelve to sixteen years old in C.S. E. and from 16 to 21 in Basic Vocational Training.&nbsp;</span></p>
<p style="text-align: center"><span style="color: #000000;font-size: 18pt"><span style="font-weight: 400">Ours is officially tagged as an </span><i><span style="font-weight: 400">ICT Centre</span></i><span style="font-weight: 400"> and a </span><i><span style="font-weight: 400">School: Space of Peace</span></i><span style="font-weight: 400"> and we are developing the following projects:</span></span></p>
<p style="text-align: left;padding-left: 160px"><span style="font-weight: 400;color: #000000;font-size: 18pt">Coeducation: Searching for equality.</span></p>
<p style="text-align: left;padding-left: 160px"><span style="font-weight: 400;color: #000000;font-size: 18pt">Forma Joven</span></p>
<p style="text-align: left;padding-left: 160px"><span style="font-weight: 400;color: #000000;font-size: 18pt">Programa Aldea</span></p>
<p style="text-align: left;padding-left: 160px"><span style="font-weight: 400;color: #000000;font-size: 18pt">Library and Reading Plan</span></p>
<p style="text-align: left;padding-left: 160px"><span style="font-weight: 400;color: #000000;font-size: 18pt">Erasmus+: Building Active and Critical Thinking Student.</span></p>
<p style="text-align: center"><span style="font-weight: 400;color: #000000;font-size: 18pt">As far as ICT (Information and Communication Technology) programs are concerned, we are carrying out an European programme called PRODIG to improve the digital competence in our school. One of the key objectives of PRODIG is to use the latest technologies to transform the previous traditional methodologies, such as the use of radio as an educational tool, problem based learning, “gamification” and the use of educational platforms in order to update everyday classroom routines, raise our students motivation and prevent the current non-existent school dropout as well as promoting that the students stay at school developing their further education.&nbsp;</span></p>

<p>IES José María Morón y Barrientos https://blogsaverroes.juntadeandalucia.es/iesjosemariamoronybarrientos The Compulsory Secondary Education School José Mª Morón y Barrientos is in the town of Cumbres Mayores (Huelva) in Andalusia, at the northern end of the Sierra&#46;&#46;&#46;</p>
