{"id":41,"date":"2020-01-09T12:45:03","date_gmt":"2020-01-09T11:45:03","guid":{"rendered":"http:\/\/blogsaverroes.juntadeandalucia.es\/pre\/nuevoceip2v2\/?page_id=41"},"modified":"2021-09-09T12:13:57","modified_gmt":"2021-09-09T11:13:57","slug":"el-centro","status":"publish","type":"page","link":"https:\/\/blogsaverroes.juntadeandalucia.es\/berta-wilhelmi21\/el-centro\/","title":{"rendered":"El centro"},"content":{"rendered":"<p>[et_pb_section fb_built=&#8221;1&#8243; _builder_version=&#8221;3.22&#8243;][et_pb_row _builder_version=&#8221;3.25&#8243; background_size=&#8221;initial&#8221; background_position=&#8221;top_left&#8221; background_repeat=&#8221;repeat&#8221;][et_pb_column type=&#8221;4_4&#8243; _builder_version=&#8221;3.25&#8243; custom_padding=&#8221;|||&#8221; custom_padding__hover=&#8221;|||&#8221;][et_pb_image src=&#8221;https:\/\/blogsaverroes.juntadeandalucia.es\/berta-wilhelmi21\/files\/2020\/02\/elcentro.png&#8221; title_text=&#8221;elcentro&#8221; admin_label=&#8221;Imagen de la portada&#8221; _builder_version=&#8221;4.5.0&#8243; z_index_tablet=&#8221;500&#8243; box_shadow_horizontal_tablet=&#8221;0px&#8221; box_shadow_vertical_tablet=&#8221;0px&#8221; box_shadow_blur_tablet=&#8221;40px&#8221; box_shadow_spread_tablet=&#8221;0px&#8221;][\/et_pb_image][et_pb_text admin_label=&#8221;Texto descriptivo&#8221; _builder_version=&#8221;4.5.0&#8243; z_index_tablet=&#8221;500&#8243; text_text_shadow_horizontal_length_tablet=&#8221;0px&#8221; text_text_shadow_vertical_length_tablet=&#8221;0px&#8221; text_text_shadow_blur_strength_tablet=&#8221;1px&#8221; link_text_shadow_horizontal_length_tablet=&#8221;0px&#8221; link_text_shadow_vertical_length_tablet=&#8221;0px&#8221; link_text_shadow_blur_strength_tablet=&#8221;1px&#8221; ul_text_shadow_horizontal_length_tablet=&#8221;0px&#8221; ul_text_shadow_vertical_length_tablet=&#8221;0px&#8221; ul_text_shadow_blur_strength_tablet=&#8221;1px&#8221; ol_text_shadow_horizontal_length_tablet=&#8221;0px&#8221; ol_text_shadow_vertical_length_tablet=&#8221;0px&#8221; ol_text_shadow_blur_strength_tablet=&#8221;1px&#8221; quote_text_shadow_horizontal_length_tablet=&#8221;0px&#8221; quote_text_shadow_vertical_length_tablet=&#8221;0px&#8221; quote_text_shadow_blur_strength_tablet=&#8221;1px&#8221; header_text_shadow_horizontal_length_tablet=&#8221;0px&#8221; header_text_shadow_vertical_length_tablet=&#8221;0px&#8221; header_text_shadow_blur_strength_tablet=&#8221;1px&#8221; header_2_text_shadow_horizontal_length_tablet=&#8221;0px&#8221; header_2_text_shadow_vertical_length_tablet=&#8221;0px&#8221; header_2_text_shadow_blur_strength_tablet=&#8221;1px&#8221; header_3_text_shadow_horizontal_length_tablet=&#8221;0px&#8221; header_3_text_shadow_vertical_length_tablet=&#8221;0px&#8221; header_3_text_shadow_blur_strength_tablet=&#8221;1px&#8221; header_4_text_shadow_horizontal_length_tablet=&#8221;0px&#8221; header_4_text_shadow_vertical_length_tablet=&#8221;0px&#8221; header_4_text_shadow_blur_strength_tablet=&#8221;1px&#8221; header_5_text_shadow_horizontal_length_tablet=&#8221;0px&#8221; header_5_text_shadow_vertical_length_tablet=&#8221;0px&#8221; header_5_text_shadow_blur_strength_tablet=&#8221;1px&#8221; header_6_text_shadow_horizontal_length_tablet=&#8221;0px&#8221; header_6_text_shadow_vertical_length_tablet=&#8221;0px&#8221; header_6_text_shadow_blur_strength_tablet=&#8221;1px&#8221; box_shadow_horizontal_tablet=&#8221;0px&#8221; box_shadow_vertical_tablet=&#8221;0px&#8221; box_shadow_blur_tablet=&#8221;40px&#8221; box_shadow_spread_tablet=&#8221;0px&#8221;]<\/p>\n<h2>Nuestra Historia<\/h2>\n<p>Desde que Bertha Wilhelmi lleg\u00f3 a Granada dedic\u00f3 la carrera de su vida a ayudar a aquellos m\u00e1s desfavorecidos desde ni\u00f1os, adultos, y personas mayores.<\/p>\n<p>Construy\u00f3 escuelas, tanto en la \u00e9poca de invierno como la de verano, con grupo reducidos de ni\u00f1os. Tambi\u00e9n cre\u00f3 peque\u00f1os \u201ccentros de salud\u201d utilizando casas o apartamentos de su propiedad para equiparlos de todos los materiales necesarios para de enfermos de tuberculosis.<sup id=\"cite_ref-11\" class=\"reference separada\"><\/sup>\u200b<\/p>\n<p>El objetivo de Berta era llevar a cabo una regeneraci\u00f3n de la educaci\u00f3n de tal manera que pudiese seguir la l\u00ednea filantr\u00f3pica, caracter\u00edstica de la burgues\u00eda m\u00e1s progresista de la \u00e9poca. Este car\u00e1cter filantr\u00f3pico por parte de la autora, era fruto de su inter\u00e9s en las obras de&nbsp;Pestalozzi,&nbsp;Froebel,&nbsp;Basedow\u2026 ya que para estos autores, la filantrop\u00eda era la uni\u00f3n del conocimiento sensible con el medio natural.<\/p>\n<p>Berta se encarg\u00f3 de organizar la Primera Colonia escolar, localizada en Almu\u00f1\u00e9car (Granada) con la ayuda de Cayetano del Castillo y el Excelent\u00edsimo Se\u00f1or Conde de las Infantas como director, Vicente Fern\u00e1ndez Capada como Presidente de la Diputaci\u00f3n, Rafael Ruiz Victoria como Alcalde Presidente del Ayuntamiento de Granada, Berta Wilhelmi de D\u00e1vila y Antonio Gonz\u00e1lez Prats como autores de esta primera Memoria.<sup id=\"cite_ref-12\" class=\"reference separada\"><\/sup>\u200b<\/p>\n<p>Seg\u00fan apuntaba Berta Wilhelmi en la Memoria de esta Primera Colonia, explicando el porqu\u00e9 de la elecci\u00f3n de Almu\u00f1\u00e9car (Granada) como localizaci\u00f3n.\u200b<\/p>\n<p>La finalidad de estas colonias escolares era mejorar la salud y las condiciones higi\u00e9nicas de los ni\u00f1os m\u00e1s desfavorecidos. Todas las actividades, los objetivos y los resultados de estas colonias se recogieron en unas Memorias con la que obtuvo el premio en 1890. En ellas destacan la importancia del aire puro del campo o cerca de la playa, la convivencia, el aprendizaje de diferente manera a una escuela com\u00fan, atenci\u00f3n m\u00e1s especializada por la menor cantidad de ni\u00f1os, etc.<sup id=\"cite_ref-14\" class=\"reference separada\"><\/sup>\u200b<\/p>\n<p>Esta primera Colonia signific\u00f3 una gran ayuda para los m\u00e1s desfavorecidos y por ello la Reina regente,&nbsp;Mar\u00eda Cristina de Habsburgo, decidi\u00f3 contribuir todo lo posible en este proyecto.<sup id=\"cite_ref-15\" class=\"reference separada\"><\/sup>\u200b<\/p>\n<p>En 1892, Berta Wilhelmi dirigi\u00f3 la Sociedad de la tercera Colonia de Vacaciones de Granada, a la que acudieron un total de 19 ni\u00f1os.<sup id=\"cite_ref-16\" class=\"reference separada\"><\/sup>\u200b<\/p>\n<p><strong>La escuela mixta y la biblioteca que fund\u00f3 en Pinos Genil se inauguraron en 1913.<sup id=\"cite_ref-17\" class=\"reference separada\"><\/sup>&nbsp;Hoy en d\u00eda la biblioteca sigue conserv\u00e1ndose, aunque la biblioteca para adultos, anexa a la biblioteca para ni\u00f1os, aquella que albergaba 600 vol\u00famenes perfectamente encuadernados, se ha perdido. Hoy en d\u00eda, no queda nada de aquellos libros.<\/strong><\/p>\n<p>Tambi\u00e9n ayud\u00f3 a las personas que estaban afectadas por la tuberculosis a trav\u00e9s de un peque\u00f1o proyecto que&nbsp; llev\u00f3 a cabo en \u201cLas Acacias\u201d, su casa de El Purche, en 1919.&nbsp; Recogi\u00f3 en su casa a ocho enfermas de tuberculosis con ayuda del m\u00e9dico Jos\u00e9 Blasco Reta, creando as\u00ed el Patronato Antituberculoso de la Alfalgura. Este Patronato Antituberculoso llev\u00f3 a la provincia de Granada a inaugurar en 1923 el Sanatorio y dispensatorio de la Alfalgura. Fund\u00f3 tambi\u00e9n un hospital en la Alfalgura que a d\u00eda de hoy se encuentra en ruinas.<\/p>\n<p>En 1924 el Patronato tuvo la idea de organizar un espacio preventorio para albergar a ni\u00f1os y ni\u00f1as. Este proyecto tuvo un gran \u00e9xito y fue presentado en la Memoria presentada en el II Congreso Nacional de Medicina.<sup id=\"cite_ref-18\" class=\"reference separada\"><\/sup>\u200b<\/p>\n<p>En 1926, el hijo de Berta, Luis D\u00e1vila, fallecer\u00e1 en un accidente de aviaci\u00f3n. Era piloto de aviaci\u00f3n y en honor a \u00e9l, se inaugur\u00f3 un Pabell\u00f3n, en el parque del Sanatorio, con su nombre. Este Pabell\u00f3n alberg\u00f3 espacio para 10 ni\u00f1os y ni\u00f1as.<\/p>\n<p>Ella tambi\u00e9n cuenta actualmente con un edificio cultural y educativo: Liceo Cultural de Barrio Berta Wilhelmi a 1km de&nbsp;la Alhambra. En este liceo se organizan cursos de teatro, de&nbsp;yoga, de tango, de narraci\u00f3n y expresi\u00f3n\u2026<\/p>\n<p>En torno a 1984, 50 a\u00f1os despu\u00e9s de la muerte de Berta, la casa familiar, que se encontraba en Paseo del Sal\u00f3n (Granada), iba a ser derribada. En el interior de la casa se hallaba una fuente pilar que fue donada por la familia a la ciudad de Granada.&nbsp; La fuente de Berta Wilhelmi se encuentra terminando la Calle Gran V\u00eda y empezando la Avenida del Hospicio.<\/p>\n<p><strong><span style=\"font-size: 8pt\">\u200bFuente: wikipedia<\/span><\/strong><\/p>\n<p>[\/et_pb_text][\/et_pb_column][\/et_pb_row][et_pb_row column_structure=&#8221;1_3,1_3,1_3&#8243; _builder_version=&#8221;3.25&#8243; background_size=&#8221;initial&#8221; background_position=&#8221;top_left&#8221; background_repeat=&#8221;repeat&#8221;][et_pb_column type=&#8221;1_3&#8243; _builder_version=&#8221;3.25&#8243; custom_padding=&#8221;|||&#8221; custom_padding__hover=&#8221;|||&#8221;][et_pb_blurb title=&#8221;Innovaci\u00f3n&#8221; use_icon=&#8221;on&#8221; font_icon=&#8221;%%121%%&#8221; use_circle=&#8221;on&#8221; circle_color=&#8221;#5d58ef&#8221; admin_label=&#8221;Informaci\u00f3n innovaci\u00f3n (icono, titulo y texto)&#8221; _builder_version=&#8221;3.23.3&#8243; text_orientation=&#8221;center&#8221; z_index_tablet=&#8221;500&#8243; header_text_shadow_horizontal_length_tablet=&#8221;0px&#8221; header_text_shadow_vertical_length_tablet=&#8221;0px&#8221; header_text_shadow_blur_strength_tablet=&#8221;1px&#8221; body_text_shadow_horizontal_length_tablet=&#8221;0px&#8221; body_text_shadow_vertical_length_tablet=&#8221;0px&#8221; body_text_shadow_blur_strength_tablet=&#8221;1px&#8221; body_link_text_shadow_horizontal_length_tablet=&#8221;0px&#8221; body_link_text_shadow_vertical_length_tablet=&#8221;0px&#8221; body_link_text_shadow_blur_strength_tablet=&#8221;1px&#8221; body_ul_text_shadow_horizontal_length_tablet=&#8221;0px&#8221; body_ul_text_shadow_vertical_length_tablet=&#8221;0px&#8221; body_ul_text_shadow_blur_strength_tablet=&#8221;1px&#8221; body_ol_text_shadow_horizontal_length_tablet=&#8221;0px&#8221; body_ol_text_shadow_vertical_length_tablet=&#8221;0px&#8221; body_ol_text_shadow_blur_strength_tablet=&#8221;1px&#8221; body_quote_text_shadow_horizontal_length_tablet=&#8221;0px&#8221; body_quote_text_shadow_vertical_length_tablet=&#8221;0px&#8221; body_quote_text_shadow_blur_strength_tablet=&#8221;1px&#8221; box_shadow_horizontal_tablet=&#8221;0px&#8221; box_shadow_vertical_tablet=&#8221;0px&#8221; box_shadow_blur_tablet=&#8221;40px&#8221; box_shadow_spread_tablet=&#8221;0px&#8221; box_shadow_horizontal_image_tablet=&#8221;0px&#8221; box_shadow_vertical_image_tablet=&#8221;0px&#8221; box_shadow_blur_image_tablet=&#8221;40px&#8221; box_shadow_spread_image_tablet=&#8221;0px&#8221; text_shadow_horizontal_length_tablet=&#8221;0px&#8221; text_shadow_vertical_length_tablet=&#8221;0px&#8221; text_shadow_blur_strength_tablet=&#8221;1px&#8221;]<\/p>\n<p>Nuevas tecnolog\u00edas en el centro<\/p>\n<p>[\/et_pb_blurb][\/et_pb_column][et_pb_column type=&#8221;1_3&#8243; _builder_version=&#8221;3.25&#8243; custom_padding=&#8221;|||&#8221; custom_padding__hover=&#8221;|||&#8221;][\/et_pb_column][et_pb_column type=&#8221;1_3&#8243; _builder_version=&#8221;3.25&#8243; custom_padding=&#8221;|||&#8221; custom_padding__hover=&#8221;|||&#8221;][et_pb_blurb title=&#8221;Contacta&#8221; use_icon=&#8221;on&#8221; font_icon=&#8221;%%153%%&#8221; use_circle=&#8221;on&#8221; circle_color=&#8221;#ffc259&#8243; admin_label=&#8221;Informaci\u00f3n de contacto (icono, titulo y texto)&#8221; _builder_version=&#8221;3.23.3&#8243; text_orientation=&#8221;center&#8221; z_index_tablet=&#8221;500&#8243; header_text_shadow_horizontal_length_tablet=&#8221;0px&#8221; header_text_shadow_vertical_length_tablet=&#8221;0px&#8221; header_text_shadow_blur_strength_tablet=&#8221;1px&#8221; body_text_shadow_horizontal_length_tablet=&#8221;0px&#8221; body_text_shadow_vertical_length_tablet=&#8221;0px&#8221; body_text_shadow_blur_strength_tablet=&#8221;1px&#8221; body_link_text_shadow_horizontal_length_tablet=&#8221;0px&#8221; body_link_text_shadow_vertical_length_tablet=&#8221;0px&#8221; body_link_text_shadow_blur_strength_tablet=&#8221;1px&#8221; body_ul_text_shadow_horizontal_length_tablet=&#8221;0px&#8221; body_ul_text_shadow_vertical_length_tablet=&#8221;0px&#8221; body_ul_text_shadow_blur_strength_tablet=&#8221;1px&#8221; body_ol_text_shadow_horizontal_length_tablet=&#8221;0px&#8221; body_ol_text_shadow_vertical_length_tablet=&#8221;0px&#8221; body_ol_text_shadow_blur_strength_tablet=&#8221;1px&#8221; body_quote_text_shadow_horizontal_length_tablet=&#8221;0px&#8221; body_quote_text_shadow_vertical_length_tablet=&#8221;0px&#8221; body_quote_text_shadow_blur_strength_tablet=&#8221;1px&#8221; box_shadow_horizontal_tablet=&#8221;0px&#8221; box_shadow_vertical_tablet=&#8221;0px&#8221; box_shadow_blur_tablet=&#8221;40px&#8221; box_shadow_spread_tablet=&#8221;0px&#8221; box_shadow_horizontal_image_tablet=&#8221;0px&#8221; box_shadow_vertical_image_tablet=&#8221;0px&#8221; box_shadow_blur_image_tablet=&#8221;40px&#8221; box_shadow_spread_image_tablet=&#8221;0px&#8221; text_shadow_horizontal_length_tablet=&#8221;0px&#8221; text_shadow_vertical_length_tablet=&#8221;0px&#8221; text_shadow_blur_strength_tablet=&#8221;1px&#8221;]<\/p>\n<p>Tenemos abierto nuestro buz\u00f3n de sugerencias<\/p>\n<p>[\/et_pb_blurb][\/et_pb_column][\/et_pb_row][\/et_pb_section]<\/p>\n","protected":false},"excerpt":{"rendered":"<p>Nuestra Historia Desde que Bertha Wilhelmi lleg\u00f3 a Granada dedic\u00f3 la carrera de su vida a ayudar a aquellos m\u00e1s desfavorecidos desde ni\u00f1os, adultos, y personas mayores. Construy\u00f3 escuelas, tanto en la \u00e9poca de invierno como la de verano, con grupo reducidos de ni\u00f1os. Tambi\u00e9n cre\u00f3 peque\u00f1os \u201ccentros de salud\u201d utilizando casas o apartamentos de [&hellip;]<\/p>\n","protected":false},"author":13380,"featured_media":0,"parent":0,"menu_order":0,"comment_status":"closed","ping_status":"closed","template":"","meta":{"_et_pb_use_builder":"on","_et_pb_old_content":"","_et_gb_content_width":"","ngg_post_thumbnail":0,"footnotes":""},"aioseo_notices":[],"_links":{"self":[{"href":"https:\/\/blogsaverroes.juntadeandalucia.es\/berta-wilhelmi21\/wp-json\/wp\/v2\/pages\/41"}],"collection":[{"href":"https:\/\/blogsaverroes.juntadeandalucia.es\/berta-wilhelmi21\/wp-json\/wp\/v2\/pages"}],"about":[{"href":"https:\/\/blogsaverroes.juntadeandalucia.es\/berta-wilhelmi21\/wp-json\/wp\/v2\/types\/page"}],"author":[{"embeddable":true,"href":"https:\/\/blogsaverroes.juntadeandalucia.es\/berta-wilhelmi21\/wp-json\/wp\/v2\/users\/13380"}],"replies":[{"embeddable":true,"href":"https:\/\/blogsaverroes.juntadeandalucia.es\/berta-wilhelmi21\/wp-json\/wp\/v2\/comments?post=41"}],"version-history":[{"count":6,"href":"https:\/\/blogsaverroes.juntadeandalucia.es\/berta-wilhelmi21\/wp-json\/wp\/v2\/pages\/41\/revisions"}],"predecessor-version":[{"id":623,"href":"https:\/\/blogsaverroes.juntadeandalucia.es\/berta-wilhelmi21\/wp-json\/wp\/v2\/pages\/41\/revisions\/623"}],"wp:attachment":[{"href":"https:\/\/blogsaverroes.juntadeandalucia.es\/berta-wilhelmi21\/wp-json\/wp\/v2\/media?parent=41"}],"curies":[{"name":"wp","href":"https:\/\/api.w.org\/{rel}","templated":true}]}}