{"id":96,"date":"2017-06-15T10:19:21","date_gmt":"2017-06-15T10:19:21","guid":{"rendered":"http:\/\/blogsaverroes.juntadeandalucia.es\/bibliojarales\/?page_id=96"},"modified":"2020-12-04T07:54:56","modified_gmt":"2020-12-04T07:54:56","slug":"actividades-biblioteca","status":"publish","type":"page","link":"https:\/\/blogsaverroes.juntadeandalucia.es\/bibliojarales\/actividades-biblioteca\/","title":{"rendered":"ACTIVIDADES BIBLIOTECA"},"content":{"rendered":"<p style=\"text-align: center\"><span style=\"color: #00ffff\"><strong>2020 \/ 2021<\/strong><\/span><\/p>\n<p style=\"text-align: center\"><span style=\"color: #800080\"><strong>Actividad \u00abTe recomiendo un libro\u00bb<\/strong><\/span><\/p>\n<p>Estimados ni\u00f1os y ni\u00f1as, aqu\u00ed ten\u00e9is el enlace a los v\u00eddeos elegidos para recomendar vuestros libros favoritos.<\/p>\n<p>Nos han encantado vuestras recomendaciones de libros y esperamos que sig\u00e1is leyedo con la misma ilusi\u00f3n.&nbsp; La aventura de leer nunca termina, gracias por vuestra colaboraci\u00f3n.<\/p>\n<p><iframe loading=\"lazy\" title=\"Te Recomiendo un Libro\" width=\"500\" height=\"281\" src=\"https:\/\/www.youtube.com\/embed\/IoCCPAVb8z8?feature=oembed&#038;wmode=opaque\" frameborder=\"0\" allow=\"accelerometer; autoplay; clipboard-write; encrypted-media; gyroscope; picture-in-picture; web-share\" referrerpolicy=\"strict-origin-when-cross-origin\" allowfullscreen><\/iframe><\/p>\n<p><a title=\"&quot;Te recomendamos un libro&quot;\" href=\"https:\/\/youtu.be\/IoCCPAVb8z8\">https:\/\/youtu.be\/IoCCPAVb8z8<\/a><\/p>\n<p>&nbsp;<\/p>\n<p>&nbsp;<\/p>\n<p style=\"text-align: center\"><span style=\"color: #00ffff\"><strong>2019 \/ 2020<\/strong><\/span><\/p>\n<p style=\"text-align: center\"><strong>\u00bb VEN A LEER CON JARALEA\u00bb<\/strong><\/p>\n<p style=\"text-align: center\"><a href=\"https:\/\/blogsaverroes.juntadeandalucia.es\/bibliojarales\/files\/2019\/12\/LOGO-BIBLIOTECA.jpg\"><img loading=\"lazy\" decoding=\"async\" class=\"aligncenter wp-image-208 size-thumbnail\" src=\"https:\/\/blogsaverroes.juntadeandalucia.es\/bibliojarales\/files\/2019\/12\/LOGO-BIBLIOTECA-150x150.jpg\" alt=\"\" width=\"150\" height=\"150\" srcset=\"https:\/\/blogsaverroes.juntadeandalucia.es\/bibliojarales\/files\/2019\/12\/LOGO-BIBLIOTECA-150x150.jpg 150w, https:\/\/blogsaverroes.juntadeandalucia.es\/bibliojarales\/files\/2019\/12\/LOGO-BIBLIOTECA-100x100.jpg 100w, https:\/\/blogsaverroes.juntadeandalucia.es\/bibliojarales\/files\/2019\/12\/LOGO-BIBLIOTECA-268x268.jpg 268w\" sizes=\"(max-width: 150px) 100vw, 150px\" \/><\/a><\/p>\n<p>Estimadas familias, much\u00edsimas gracias por querer colaborar en el programa <strong>\u201cVen a leer con Jaralea\u201d.<\/strong><\/p>\n<p>Esta actividad es muy hermosa, sencilla y tiene un alto valor de animaci\u00f3n a la lectura.<\/p>\n<p>Se trata sencillamente de que prepares una lectura para hacer en voz alta al grupo en el que te hayas apuntado.&nbsp; Te recomendamos que no sea muy extensa y que uses todos tus recursos imaginativos para mantener la atenci\u00f3n de los ni\u00f1os y ni\u00f1as que disfrutaran enormemente de tu presencia.&nbsp;<\/p>\n<p>Para poder organizar tu lectura de la mejor manera posible necesitamos que entregues a la tutora o tutor de tu hijo o hija la siguiente ficha de inscripci\u00f3n.<\/p>\n<p>A partir de enero nos pondremos en contacto contigo para fijar la fecha de tu lectura.<\/p>\n<p>Hasta entonces nuestro m\u00e1s afectuoso saludo.<\/p>\n<p>El Equipo de Biblioteca del CEIP Los Jarales.&nbsp;<\/p>\n<p><strong>Pinche en el enlace para descargar el impreso:<\/strong><\/p>\n<p style=\"text-align: center\"><a href=\"https:\/\/blogsaverroes.juntadeandalucia.es\/bibliojarales\/files\/2019\/12\/Inscripci\u00f3n-familias-VEN-A-LEER.pdf\">Inscripci\u00f3n familias VEN A LEER<\/a><\/p>\n<p style=\"text-align: center\"><strong>BUZ\u00d3N SUGERENCIAS<\/strong><\/p>\n<p>Ya tenemos buz\u00f3n de sugerencias para nuestro alumnado. Si quieres hacernos peticiones de t\u00edtulos, propuestas de mejora, sugerencias de actividades&#8230;. aqu\u00ed tienes tu sitio. \u00a1\u00a1 Participa !!.<\/p>\n<p><a href=\"https:\/\/blogsaverroes.juntadeandalucia.es\/bibliojarales\/files\/2019\/12\/IMG-20191204-WA0007.jpg\"><img loading=\"lazy\" decoding=\"async\" class=\"aligncenter size-medium wp-image-203\" src=\"https:\/\/blogsaverroes.juntadeandalucia.es\/bibliojarales\/files\/2019\/12\/IMG-20191204-WA0007-225x300.jpg\" alt=\"\" width=\"225\" height=\"300\" srcset=\"https:\/\/blogsaverroes.juntadeandalucia.es\/bibliojarales\/files\/2019\/12\/IMG-20191204-WA0007-225x300.jpg 225w, https:\/\/blogsaverroes.juntadeandalucia.es\/bibliojarales\/files\/2019\/12\/IMG-20191204-WA0007-768x1024.jpg 768w, https:\/\/blogsaverroes.juntadeandalucia.es\/bibliojarales\/files\/2019\/12\/IMG-20191204-WA0007-700x933.jpg 700w, https:\/\/blogsaverroes.juntadeandalucia.es\/bibliojarales\/files\/2019\/12\/IMG-20191204-WA0007-332x443.jpg 332w, https:\/\/blogsaverroes.juntadeandalucia.es\/bibliojarales\/files\/2019\/12\/IMG-20191204-WA0007-18x24.jpg 18w, https:\/\/blogsaverroes.juntadeandalucia.es\/bibliojarales\/files\/2019\/12\/IMG-20191204-WA0007-27x36.jpg 27w, https:\/\/blogsaverroes.juntadeandalucia.es\/bibliojarales\/files\/2019\/12\/IMG-20191204-WA0007-36x48.jpg 36w, https:\/\/blogsaverroes.juntadeandalucia.es\/bibliojarales\/files\/2019\/12\/IMG-20191204-WA0007.jpg 1200w\" sizes=\"(max-width: 225px) 100vw, 225px\" \/><\/a><\/p>\n<p style=\"text-align: center\"><strong>FORMACI\u00d3N DE COLABORADORES<\/strong><\/p>\n<p style=\"text-align: justify\">Hemos llevado a cabo la formaci\u00f3n del alumnado que se ha prestado voluntario para formar parte del equipo de colaboradores de biblioteca, siendo las funciones de dichos colaboradores:<\/p>\n<p style=\"text-align: center\"><a href=\"https:\/\/blogsaverroes.juntadeandalucia.es\/bibliojarales\/files\/2019\/10\/FUNCIONES-COLABORADORES-BIBLIOTECA.pdf\" target=\"_blank\" rel=\"noopener noreferrer\">FUNCIONES COLABORADORES BIBLIOTECA<\/a><\/p>\n<p style=\"text-align: justify\">Aprovechamos para dar las gracias a todos\/as los que van a dedicar su tiempo de descanso a ayudar en tareas de biblioteca.<a href=\"https:\/\/blogsaverroes.juntadeandalucia.es\/bibliojarales\/files\/2019\/10\/IMG-20191003-WA0034.jpg\"><br \/>\n<img loading=\"lazy\" decoding=\"async\" class=\"size-medium wp-image-168 aligncenter\" src=\"https:\/\/blogsaverroes.juntadeandalucia.es\/bibliojarales\/files\/2019\/10\/IMG-20191003-WA0034-225x300.jpg\" alt=\"\" width=\"225\" height=\"300\" srcset=\"https:\/\/blogsaverroes.juntadeandalucia.es\/bibliojarales\/files\/2019\/10\/IMG-20191003-WA0034-225x300.jpg 225w, https:\/\/blogsaverroes.juntadeandalucia.es\/bibliojarales\/files\/2019\/10\/IMG-20191003-WA0034-768x1024.jpg 768w, https:\/\/blogsaverroes.juntadeandalucia.es\/bibliojarales\/files\/2019\/10\/IMG-20191003-WA0034-700x933.jpg 700w, https:\/\/blogsaverroes.juntadeandalucia.es\/bibliojarales\/files\/2019\/10\/IMG-20191003-WA0034-332x443.jpg 332w, https:\/\/blogsaverroes.juntadeandalucia.es\/bibliojarales\/files\/2019\/10\/IMG-20191003-WA0034-18x24.jpg 18w, https:\/\/blogsaverroes.juntadeandalucia.es\/bibliojarales\/files\/2019\/10\/IMG-20191003-WA0034-27x36.jpg 27w, https:\/\/blogsaverroes.juntadeandalucia.es\/bibliojarales\/files\/2019\/10\/IMG-20191003-WA0034-36x48.jpg 36w, https:\/\/blogsaverroes.juntadeandalucia.es\/bibliojarales\/files\/2019\/10\/IMG-20191003-WA0034.jpg 1200w\" sizes=\"(max-width: 225px) 100vw, 225px\" \/><\/a><a href=\"https:\/\/blogsaverroes.juntadeandalucia.es\/bibliojarales\/files\/2019\/10\/IMG-20191003-WA0033.jpg\"><img loading=\"lazy\" decoding=\"async\" class=\"aligncenter wp-image-165 size-medium\" src=\"https:\/\/blogsaverroes.juntadeandalucia.es\/bibliojarales\/files\/2019\/10\/IMG-20191003-WA0033-225x300.jpg\" alt=\"\" width=\"225\" height=\"300\" srcset=\"https:\/\/blogsaverroes.juntadeandalucia.es\/bibliojarales\/files\/2019\/10\/IMG-20191003-WA0033-225x300.jpg 225w, https:\/\/blogsaverroes.juntadeandalucia.es\/bibliojarales\/files\/2019\/10\/IMG-20191003-WA0033-768x1024.jpg 768w, https:\/\/blogsaverroes.juntadeandalucia.es\/bibliojarales\/files\/2019\/10\/IMG-20191003-WA0033-700x933.jpg 700w, https:\/\/blogsaverroes.juntadeandalucia.es\/bibliojarales\/files\/2019\/10\/IMG-20191003-WA0033-332x443.jpg 332w, https:\/\/blogsaverroes.juntadeandalucia.es\/bibliojarales\/files\/2019\/10\/IMG-20191003-WA0033-18x24.jpg 18w, https:\/\/blogsaverroes.juntadeandalucia.es\/bibliojarales\/files\/2019\/10\/IMG-20191003-WA0033-27x36.jpg 27w, https:\/\/blogsaverroes.juntadeandalucia.es\/bibliojarales\/files\/2019\/10\/IMG-20191003-WA0033-36x48.jpg 36w, https:\/\/blogsaverroes.juntadeandalucia.es\/bibliojarales\/files\/2019\/10\/IMG-20191003-WA0033.jpg 1200w\" sizes=\"(max-width: 225px) 100vw, 225px\" \/><\/a><\/p>\n","protected":false},"excerpt":{"rendered":"<p>2020 \/ 2021 Actividad \u00abTe recomiendo un libro\u00bb Estimados ni\u00f1os y ni\u00f1as, aqu\u00ed ten\u00e9is el enlace a los v\u00eddeos elegidos para recomendar vuestros libros favoritos. Nos han encantado vuestras recomendaciones de libros y esperamos&#46;&#46;&#46;<\/p>\n","protected":false},"author":3950,"featured_media":0,"parent":0,"menu_order":0,"comment_status":"closed","ping_status":"closed","template":"","meta":{"ngg_post_thumbnail":0,"footnotes":""},"aioseo_notices":[],"_links":{"self":[{"href":"https:\/\/blogsaverroes.juntadeandalucia.es\/bibliojarales\/wp-json\/wp\/v2\/pages\/96"}],"collection":[{"href":"https:\/\/blogsaverroes.juntadeandalucia.es\/bibliojarales\/wp-json\/wp\/v2\/pages"}],"about":[{"href":"https:\/\/blogsaverroes.juntadeandalucia.es\/bibliojarales\/wp-json\/wp\/v2\/types\/page"}],"author":[{"embeddable":true,"href":"https:\/\/blogsaverroes.juntadeandalucia.es\/bibliojarales\/wp-json\/wp\/v2\/users\/3950"}],"replies":[{"embeddable":true,"href":"https:\/\/blogsaverroes.juntadeandalucia.es\/bibliojarales\/wp-json\/wp\/v2\/comments?post=96"}],"version-history":[{"count":17,"href":"https:\/\/blogsaverroes.juntadeandalucia.es\/bibliojarales\/wp-json\/wp\/v2\/pages\/96\/revisions"}],"predecessor-version":[{"id":251,"href":"https:\/\/blogsaverroes.juntadeandalucia.es\/bibliojarales\/wp-json\/wp\/v2\/pages\/96\/revisions\/251"}],"wp:attachment":[{"href":"https:\/\/blogsaverroes.juntadeandalucia.es\/bibliojarales\/wp-json\/wp\/v2\/media?parent=96"}],"curies":[{"name":"wp","href":"https:\/\/api.w.org\/{rel}","templated":true}]}}