{"id":113,"date":"2015-03-16T08:06:00","date_gmt":"2015-03-16T08:06:00","guid":{"rendered":"http:\/\/blogsaverroes.juntadeandalucia.es\/pre\/ceip\/?page_id=113"},"modified":"2023-03-23T17:21:34","modified_gmt":"2023-03-23T17:21:34","slug":"biblioteca","status":"publish","type":"page","link":"https:\/\/blogsaverroes.juntadeandalucia.es\/biblioplata\/biblioteca\/","title":{"rendered":"Biblioteca"},"content":{"rendered":"<p>Nuestra biblioteca est\u00e1 dedicada a Trinidad del Moral Barranco. Maestra que ejerci\u00f3 en nuestro colegio durante&nbsp; muchos a\u00f1os y que activ\u00f3 y moderniz\u00f3&nbsp; el funcionamiento de nuestra biblioteca.<\/p>\n<p><a href=\"https:\/\/blogsaverroes.juntadeandalucia.es\/biblioplata\/files\/2021\/01\/Captura.jpg\"><img loading=\"lazy\" decoding=\"async\" class=\"alignnone size-full wp-image-3487\" src=\"https:\/\/blogsaverroes.juntadeandalucia.es\/biblioplata\/files\/2021\/01\/Captura.jpg\" alt=\"\" width=\"644\" height=\"114\" srcset=\"https:\/\/blogsaverroes.juntadeandalucia.es\/biblioplata\/files\/2021\/01\/Captura.jpg 644w, https:\/\/blogsaverroes.juntadeandalucia.es\/biblioplata\/files\/2021\/01\/Captura-300x53.jpg 300w, https:\/\/blogsaverroes.juntadeandalucia.es\/biblioplata\/files\/2021\/01\/Captura-24x4.jpg 24w, https:\/\/blogsaverroes.juntadeandalucia.es\/biblioplata\/files\/2021\/01\/Captura-36x6.jpg 36w, https:\/\/blogsaverroes.juntadeandalucia.es\/biblioplata\/files\/2021\/01\/Captura-48x8.jpg 48w\" sizes=\"(max-width: 644px) 100vw, 644px\" \/><\/a><\/p>\n<p><a href=\"https:\/\/blogsaverroes.juntadeandalucia.es\/biblioplata\/files\/2023\/03\/Captura-Trinidad.jpg\"><img loading=\"lazy\" decoding=\"async\" class=\"alignnone size-full wp-image-3962\" src=\"https:\/\/blogsaverroes.juntadeandalucia.es\/biblioplata\/files\/2023\/03\/Captura-Trinidad.jpg\" alt=\"\" width=\"267\" height=\"319\" srcset=\"https:\/\/blogsaverroes.juntadeandalucia.es\/biblioplata\/files\/2023\/03\/Captura-Trinidad.jpg 267w, https:\/\/blogsaverroes.juntadeandalucia.es\/biblioplata\/files\/2023\/03\/Captura-Trinidad-251x300.jpg 251w\" sizes=\"(max-width: 267px) 100vw, 267px\" \/><\/a><\/p>\n<p>Contamos con una mascota, que&nbsp; os anima a que veng\u00e1is a la biblioteca.<\/p>\n<p><a href=\"https:\/\/blogsaverroes.juntadeandalucia.es\/biblioplata\/files\/2021\/01\/Capturamascota.jpg\"><img loading=\"lazy\" decoding=\"async\" class=\"alignnone wp-image-3486\" src=\"https:\/\/blogsaverroes.juntadeandalucia.es\/biblioplata\/files\/2021\/01\/Capturamascota.jpg\" alt=\"\" width=\"221\" height=\"136\" srcset=\"https:\/\/blogsaverroes.juntadeandalucia.es\/biblioplata\/files\/2021\/01\/Capturamascota-332x205.jpg 332w, https:\/\/blogsaverroes.juntadeandalucia.es\/biblioplata\/files\/2021\/01\/Capturamascota-268x164.jpg 268w, https:\/\/blogsaverroes.juntadeandalucia.es\/biblioplata\/files\/2021\/01\/Capturamascota-24x14.jpg 24w, https:\/\/blogsaverroes.juntadeandalucia.es\/biblioplata\/files\/2021\/01\/Capturamascota-36x21.jpg 36w\" sizes=\"(max-width: 221px) 100vw, 221px\" \/><\/a><\/p>\n<p>Nuestra biblioteca cuenta con un aula independiente, aunque este a\u00f1o comparte espacio con una de las aulas de PT y con el aula matinal.<\/p>\n<p>Actualmente, contamos con m\u00e1s de 8.520 t\u00edtulos catalogados con el programa ABIES de gesti\u00f3n de las bibliotecas escolares.<\/p>\n<p>&nbsp;<\/p>\n<p>\u00bfC\u00f3mo s\u00e9 qu\u00e9 libros est\u00e1n recomendados para mi edad?<\/p>\n<p>Los fondos bibliogr\u00e1ficos est\u00e1n organizados de la siguiente manera: Los libros de lectura se han dividido por ciclos se\u00f1al\u00e1ndolos por una pegatina de color: azul para primeros lectores de Infantil y para Primer Ciclo, rojo para segundo Ciclo, verde para Tercer Ciclo de Primaria y amarillo para mayores de esta edad.<\/p>\n<p>En estantes independientes se encuentran los libros de poes\u00eda, teatro y c\u00f3mics.<\/p>\n<p>Tenemos dos buzones de sugerencias: uno, en la biblioteca del centro y otro, virtual, donde pod\u00e9is recomendarnos los libros que os gustar\u00eda leer, las actividades que os gustar\u00eda realizar, etc.<\/p>\n<p>En la estanter\u00eda de Novedades encontrar\u00e9is los libros de reciente adquisici\u00f3n.<\/p>\n<p><a href=\"https:\/\/blogsaverroes.juntadeandalucia.es\/biblioplata\/files\/2021\/01\/fddd94d6-d1a6-43b3-96d5-c671a4345197.jpg\"><img loading=\"lazy\" decoding=\"async\" class=\"alignnone wp-image-3497\" src=\"https:\/\/blogsaverroes.juntadeandalucia.es\/biblioplata\/files\/2021\/01\/fddd94d6-d1a6-43b3-96d5-c671a4345197.jpg\" alt=\"\" width=\"314\" height=\"415\" srcset=\"https:\/\/blogsaverroes.juntadeandalucia.es\/biblioplata\/files\/2021\/01\/fddd94d6-d1a6-43b3-96d5-c671a4345197-18x24.jpg 18w, https:\/\/blogsaverroes.juntadeandalucia.es\/biblioplata\/files\/2021\/01\/fddd94d6-d1a6-43b3-96d5-c671a4345197-27x36.jpg 27w, https:\/\/blogsaverroes.juntadeandalucia.es\/biblioplata\/files\/2021\/01\/fddd94d6-d1a6-43b3-96d5-c671a4345197-36x48.jpg 36w\" sizes=\"(max-width: 314px) 100vw, 314px\" \/><\/a><\/p>\n<p>Adem\u00e1s, tenemos una biblioteca virtual, con numerosos libros digitales, audiolibros, peque\u00f1as lecturas en ingl\u00e9s y espa\u00f1ol.<\/p>\n<p><a href=\"https:\/\/blogsaverroes.juntadeandalucia.es\/biblioplata\/files\/2021\/01\/f46fc36b-4c0f-419b-a8fb-31a246ae6f8a.jpg\"><img loading=\"lazy\" decoding=\"async\" class=\"alignnone wp-image-3495\" src=\"https:\/\/blogsaverroes.juntadeandalucia.es\/biblioplata\/files\/2021\/01\/f46fc36b-4c0f-419b-a8fb-31a246ae6f8a.jpg\" alt=\"\" width=\"346\" height=\"457\" srcset=\"https:\/\/blogsaverroes.juntadeandalucia.es\/biblioplata\/files\/2021\/01\/f46fc36b-4c0f-419b-a8fb-31a246ae6f8a-18x24.jpg 18w, https:\/\/blogsaverroes.juntadeandalucia.es\/biblioplata\/files\/2021\/01\/f46fc36b-4c0f-419b-a8fb-31a246ae6f8a-27x36.jpg 27w, https:\/\/blogsaverroes.juntadeandalucia.es\/biblioplata\/files\/2021\/01\/f46fc36b-4c0f-419b-a8fb-31a246ae6f8a-36x48.jpg 36w\" sizes=\"(max-width: 346px) 100vw, 346px\" \/><\/a><\/p>\n<p>&nbsp;<\/p>\n<p>Recuerda que:<\/p>\n<p><a href=\"https:\/\/blogsaverroes.juntadeandalucia.es\/biblioplata\/files\/2021\/01\/fraseanimacion.jpg\"><img loading=\"lazy\" decoding=\"async\" class=\"alignnone wp-image-3488\" src=\"https:\/\/blogsaverroes.juntadeandalucia.es\/biblioplata\/files\/2021\/01\/fraseanimacion.jpg\" alt=\"\" width=\"484\" height=\"342\" srcset=\"https:\/\/blogsaverroes.juntadeandalucia.es\/biblioplata\/files\/2021\/01\/fraseanimacion-24x17.jpg 24w, https:\/\/blogsaverroes.juntadeandalucia.es\/biblioplata\/files\/2021\/01\/fraseanimacion-36x25.jpg 36w, https:\/\/blogsaverroes.juntadeandalucia.es\/biblioplata\/files\/2021\/01\/fraseanimacion-48x34.jpg 48w\" sizes=\"(max-width: 484px) 100vw, 484px\" \/><\/a><\/p>\n<p>&nbsp;<\/p>\n<p>\u00a1Te esperamos!<\/p>\n","protected":false},"excerpt":{"rendered":"<p>Nuestra biblioteca est\u00e1 dedicada a Trinidad del Moral Barranco. Maestra que ejerci\u00f3 en nuestro colegio durante&nbsp; muchos a\u00f1os y que activ\u00f3 y moderniz\u00f3&nbsp; el funcionamiento de nuestra biblioteca. Contamos con una mascota, que&nbsp; os&#46;&#46;&#46;<\/p>\n","protected":false},"author":1,"featured_media":0,"parent":0,"menu_order":0,"comment_status":"closed","ping_status":"open","template":"","meta":{"ngg_post_thumbnail":0,"footnotes":"","_mc_calendar":[]},"aioseo_notices":[],"_links":{"self":[{"href":"https:\/\/blogsaverroes.juntadeandalucia.es\/biblioplata\/wp-json\/wp\/v2\/pages\/113"}],"collection":[{"href":"https:\/\/blogsaverroes.juntadeandalucia.es\/biblioplata\/wp-json\/wp\/v2\/pages"}],"about":[{"href":"https:\/\/blogsaverroes.juntadeandalucia.es\/biblioplata\/wp-json\/wp\/v2\/types\/page"}],"author":[{"embeddable":true,"href":"https:\/\/blogsaverroes.juntadeandalucia.es\/biblioplata\/wp-json\/wp\/v2\/users\/1"}],"replies":[{"embeddable":true,"href":"https:\/\/blogsaverroes.juntadeandalucia.es\/biblioplata\/wp-json\/wp\/v2\/comments?post=113"}],"version-history":[{"count":11,"href":"https:\/\/blogsaverroes.juntadeandalucia.es\/biblioplata\/wp-json\/wp\/v2\/pages\/113\/revisions"}],"predecessor-version":[{"id":3963,"href":"https:\/\/blogsaverroes.juntadeandalucia.es\/biblioplata\/wp-json\/wp\/v2\/pages\/113\/revisions\/3963"}],"wp:attachment":[{"href":"https:\/\/blogsaverroes.juntadeandalucia.es\/biblioplata\/wp-json\/wp\/v2\/media?parent=113"}],"curies":[{"name":"wp","href":"https:\/\/api.w.org\/{rel}","templated":true}]}}