{"id":30,"date":"2023-03-21T12:54:00","date_gmt":"2023-03-21T11:54:00","guid":{"rendered":"https:\/\/biblioteca.iesbenaljatib.org\/?page_id=30"},"modified":"2023-03-21T12:54:00","modified_gmt":"2023-03-21T11:54:00","slug":"normas-de-uso","status":"publish","type":"page","link":"https:\/\/blogsaverroes.juntadeandalucia.es\/bibliotecabenaljatib\/normas-de-uso\/","title":{"rendered":"Normas de uso"},"content":{"rendered":"\n<p><br>La Biblioteca es de todos;  por tanto, la actitud en la Biblioteca debe ser de respeto: a los compa\u00f1eros que est\u00e1n estudiando, leyendo o consultando un libro; al trabajo del profesor de guardia de Biblioteca; a los libros, al mobiliario, y dem\u00e1s material.<\/p>\n\n\n\n<ul>\n<li>En la Biblioteca no se puede comer ni beber.<\/li>\n\n\n\n<li>Cualquier alumno que impida el buen funcionamiento de la Biblioteca ser\u00e1 sancionado seg\u00fan el ROF.<\/li>\n\n\n\n<li>Una vez utilizados los libros o cualquier otro material, estos deben ser colocados en el mismo lugar que ocupaban anteriormente.<\/li>\n\n\n\n<li>La Biblioteca se debe dejar como la encontramos cuando entramos: libros y estanter\u00edas, mesas y sillas.<\/li>\n<\/ul>\n\n\n\n<h2 class=\"wp-block-heading\">Pr\u00e9stamos<\/h2>\n\n\n\n<ul>\n<li>Los alumnos solo pueden retirar o devolver los libros de la Biblioteca durante el horario de recreo, presentando para ello el carn\u00e9 de estudiante del Centro.<\/li>\n\n\n\n<li>Una vez localizado el libro que se desea retirar, este debe ser registrado por el profesor de guardia en Biblioweb.<\/li>\n\n\n\n<li>La Biblioteca prestar\u00e1 hasta un m\u00e1ximo de dos libros por alumno.<\/li>\n\n\n\n<li>La duraci\u00f3n m\u00e1xima del pr\u00e9stamo ser\u00e1 de dos semanas. Si la demanda del libro lo permite, este periodo podr\u00e1 ser renovado dos semanas m\u00e1s.<\/li>\n\n\n\n<li>Cuando interese un libro que est\u00e9 prestado, se puede reservar desde Biblioweb accediendo con el nombre y usuario de Pasen.<\/li>\n\n\n\n<li>Si se sobrepasa el periodo m\u00e1ximo de pr\u00e9stamo, no se podr\u00e1 volver a utilizar este servicio hasta el siguiente trimestre.<\/li>\n\n\n\n<li>El deterioro excesivo de los libros prestados (aquel que no derive de su uso), as\u00ed como su p\u00e9rdida, tendr\u00e1 como consecuencia el pago de los mismos.<\/li>\n<\/ul>\n\n\n\n<h2 class=\"wp-block-heading\">Los alumnos podr\u00e1n acudir a la Biblioteca:<\/h2>\n\n\n\n<ul>\n<li>En grupos completos o parciales, acompa\u00f1ados de su profesor, comprobando el horario y avisando a la responsable de la biblioteca.<\/li>\n\n\n\n<li>Durante el recreo para estudiar, leer, buscar informaci\u00f3n, sacar libros en pr\u00e9stamo.<\/li>\n\n\n\n<li>Para participar o realizar actividades de fomento de la lectura siempre que est\u00e9n acompa\u00f1ados por el profesor\/es responsables de la actividad.<\/li>\n<\/ul>\n\n\n\n<p><br><\/p>\n","protected":false},"excerpt":{"rendered":"<p>La Biblioteca es de todos; por tanto, la actitud en la Biblioteca debe ser de respeto: a los compa\u00f1eros que est\u00e1n estudiando, leyendo o consultando un libro; al trabajo del profesor de guardia de&#46;&#46;&#46;<\/p>\n","protected":false},"author":19699,"featured_media":0,"parent":0,"menu_order":2,"comment_status":"closed","ping_status":"closed","template":"","meta":{"footnotes":""},"aioseo_notices":[],"_links":{"self":[{"href":"https:\/\/blogsaverroes.juntadeandalucia.es\/bibliotecabenaljatib\/wp-json\/wp\/v2\/pages\/30"}],"collection":[{"href":"https:\/\/blogsaverroes.juntadeandalucia.es\/bibliotecabenaljatib\/wp-json\/wp\/v2\/pages"}],"about":[{"href":"https:\/\/blogsaverroes.juntadeandalucia.es\/bibliotecabenaljatib\/wp-json\/wp\/v2\/types\/page"}],"author":[{"embeddable":true,"href":"https:\/\/blogsaverroes.juntadeandalucia.es\/bibliotecabenaljatib\/wp-json\/wp\/v2\/users\/19699"}],"replies":[{"embeddable":true,"href":"https:\/\/blogsaverroes.juntadeandalucia.es\/bibliotecabenaljatib\/wp-json\/wp\/v2\/comments?post=30"}],"version-history":[{"count":0,"href":"https:\/\/blogsaverroes.juntadeandalucia.es\/bibliotecabenaljatib\/wp-json\/wp\/v2\/pages\/30\/revisions"}],"wp:attachment":[{"href":"https:\/\/blogsaverroes.juntadeandalucia.es\/bibliotecabenaljatib\/wp-json\/wp\/v2\/media?parent=30"}],"curies":[{"name":"wp","href":"https:\/\/api.w.org\/{rel}","templated":true}]}}