{"id":47,"date":"2023-05-19T08:25:03","date_gmt":"2023-05-19T07:25:03","guid":{"rendered":"https:\/\/biblioteca.iesbenaljatib.org\/?page_id=47"},"modified":"2023-05-19T08:25:03","modified_gmt":"2023-05-19T07:25:03","slug":"sugerencias-de-lectura","status":"publish","type":"page","link":"https:\/\/blogsaverroes.juntadeandalucia.es\/bibliotecabenaljatib\/sugerencias-de-lectura\/","title":{"rendered":"Sugerencias de lectura"},"content":{"rendered":"\n<p>Si te ha gustado el \u00faltimo libro que has le\u00eddo de la biblioteca, no dudes en mandar tu rese\u00f1a o v\u00eddeo rese\u00f1a a biblioteca@iesbenaljatib.org para que la publiquemos aqu\u00ed y as\u00ed animar a tus compa\u00f1eros a leer.<\/p>\n\n\n\n<p><a href=\"http:\/\/isidromaestro.blogspot.com\/2021\/02\/invisible-literatura-por-la-paz.html\" data-type=\"URL\" data-id=\"http:\/\/isidromaestro.blogspot.com\/2021\/02\/invisible-literatura-por-la-paz.html\">INVISIBLE<\/a>, de Eloy Moreno<\/p>\n","protected":false},"excerpt":{"rendered":"<p>Si te ha gustado el \u00faltimo libro que has le\u00eddo de la biblioteca, no dudes en mandar tu rese\u00f1a o v\u00eddeo rese\u00f1a a biblioteca@iesbenaljatib.org para que la publiquemos aqu\u00ed y as\u00ed animar a tus&#46;&#46;&#46;<\/p>\n","protected":false},"author":19699,"featured_media":0,"parent":0,"menu_order":5,"comment_status":"closed","ping_status":"closed","template":"","meta":{"footnotes":""},"aioseo_notices":[],"_links":{"self":[{"href":"https:\/\/blogsaverroes.juntadeandalucia.es\/bibliotecabenaljatib\/wp-json\/wp\/v2\/pages\/47"}],"collection":[{"href":"https:\/\/blogsaverroes.juntadeandalucia.es\/bibliotecabenaljatib\/wp-json\/wp\/v2\/pages"}],"about":[{"href":"https:\/\/blogsaverroes.juntadeandalucia.es\/bibliotecabenaljatib\/wp-json\/wp\/v2\/types\/page"}],"author":[{"embeddable":true,"href":"https:\/\/blogsaverroes.juntadeandalucia.es\/bibliotecabenaljatib\/wp-json\/wp\/v2\/users\/19699"}],"replies":[{"embeddable":true,"href":"https:\/\/blogsaverroes.juntadeandalucia.es\/bibliotecabenaljatib\/wp-json\/wp\/v2\/comments?post=47"}],"version-history":[{"count":0,"href":"https:\/\/blogsaverroes.juntadeandalucia.es\/bibliotecabenaljatib\/wp-json\/wp\/v2\/pages\/47\/revisions"}],"wp:attachment":[{"href":"https:\/\/blogsaverroes.juntadeandalucia.es\/bibliotecabenaljatib\/wp-json\/wp\/v2\/media?parent=47"}],"curies":[{"name":"wp","href":"https:\/\/api.w.org\/{rel}","templated":true}]}}