{"id":58,"date":"2023-05-19T09:20:51","date_gmt":"2023-05-19T08:20:51","guid":{"rendered":"https:\/\/biblioteca.iesbenaljatib.org\/?page_id=58"},"modified":"2023-05-19T09:20:51","modified_gmt":"2023-05-19T08:20:51","slug":"nuestro-catalogo","status":"publish","type":"page","link":"https:\/\/blogsaverroes.juntadeandalucia.es\/bibliotecabenaljatib\/nuestro-catalogo\/","title":{"rendered":"Nuestro Cat\u00e1logo"},"content":{"rendered":"\n<h2 class=\"wp-block-heading\">Puedes consultar nuestro cat\u00e1logo aqu\u00ed:<\/h2>\n\n\n\n<figure class=\"wp-block-image\"><a href=\"https:\/\/www.juntadeandalucia.es\/educacion\/senecav2\/seneca\/biblioweb\/portal\/29700369\"><img loading=\"lazy\" decoding=\"async\" width=\"200\" height=\"54\" src=\"https:\/\/blogsaverroes.juntadeandalucia.es\/bibliotecabenaljatib\/files\/2017\/10\/biblioweb.png\" alt=\"biblioweb\" class=\"wp-image-15\" \/><\/a><\/figure>\n\n\n\n<p>Si el libro que buscas est\u00e1 prestado, podr\u00e1s reservarlo entrando con tu usuario de iPasen.<\/p>\n\n\n\n<p><\/p>\n","protected":false},"excerpt":{"rendered":"<p>Puedes consultar nuestro cat\u00e1logo aqu\u00ed: Si el libro que buscas est\u00e1 prestado, podr\u00e1s reservarlo entrando con tu usuario de iPasen.<\/p>\n","protected":false},"author":19699,"featured_media":0,"parent":0,"menu_order":4,"comment_status":"closed","ping_status":"closed","template":"","meta":{"footnotes":""},"aioseo_notices":[],"_links":{"self":[{"href":"https:\/\/blogsaverroes.juntadeandalucia.es\/bibliotecabenaljatib\/wp-json\/wp\/v2\/pages\/58"}],"collection":[{"href":"https:\/\/blogsaverroes.juntadeandalucia.es\/bibliotecabenaljatib\/wp-json\/wp\/v2\/pages"}],"about":[{"href":"https:\/\/blogsaverroes.juntadeandalucia.es\/bibliotecabenaljatib\/wp-json\/wp\/v2\/types\/page"}],"author":[{"embeddable":true,"href":"https:\/\/blogsaverroes.juntadeandalucia.es\/bibliotecabenaljatib\/wp-json\/wp\/v2\/users\/19699"}],"replies":[{"embeddable":true,"href":"https:\/\/blogsaverroes.juntadeandalucia.es\/bibliotecabenaljatib\/wp-json\/wp\/v2\/comments?post=58"}],"version-history":[{"count":0,"href":"https:\/\/blogsaverroes.juntadeandalucia.es\/bibliotecabenaljatib\/wp-json\/wp\/v2\/pages\/58\/revisions"}],"wp:attachment":[{"href":"https:\/\/blogsaverroes.juntadeandalucia.es\/bibliotecabenaljatib\/wp-json\/wp\/v2\/media?parent=58"}],"curies":[{"name":"wp","href":"https:\/\/api.w.org\/{rel}","templated":true}]}}

Nuestro Catálogo

<h2 class="wp-block-heading">Puedes consultar nuestro catálogo aquí:</h2>



<figure class="wp-block-image"><a href="https://www.juntadeandalucia.es/educacion/senecav2/seneca/biblioweb/portal/29700369"><img loading="lazy" decoding="async" width="200" height="54" src="https://blogsaverroes.juntadeandalucia.es/bibliotecabenaljatib/files/2017/10/biblioweb.png" alt="biblioweb" class="wp-image-15" /></a></figure>



<p>Si el libro que buscas está prestado, podrás reservarlo entrando con tu usuario de iPasen.</p>



<p></p>

<p>Puedes consultar nuestro catálogo aquí: Si el libro que buscas está prestado, podrás reservarlo entrando con tu usuario de iPasen.</p>
