{"id":73,"date":"2019-12-10T20:47:47","date_gmt":"2019-12-10T19:47:47","guid":{"rendered":"https:\/\/blogsaverroes.juntadeandalucia.es\/bibliotecaescolar\/?page_id=73"},"modified":"2019-12-10T20:49:33","modified_gmt":"2019-12-10T19:49:33","slug":"acerca-de-mi","status":"publish","type":"page","link":"https:\/\/blogsaverroes.juntadeandalucia.es\/bibliotecaescolar\/acerca-de-mi\/","title":{"rendered":"Acerca de m\u00ed"},"content":{"rendered":"<p>Soy M\u00aa Carmen Torres Jim\u00e9nez, maestra de Infantil del Colegio San Jos\u00e9 de La Puebla de Cazalla, un pueblo de la Sierra Sur de Sevilla. Este blog se realiza como fruto de un curso de formaci\u00f3n y con el que pretendo un punto de uni\u00f3n, padres y maestros&nbsp; donde la l\u00ednea que los une, sea a trav\u00e9s de un&nbsp; libro.&nbsp;<\/p>\n","protected":false},"excerpt":{"rendered":"<p>Soy M\u00aa Carmen Torres Jim\u00e9nez, maestra de Infantil del Colegio San Jos\u00e9 de La Puebla de Cazalla, un pueblo de la Sierra Sur de Sevilla. Este blog se realiza como fruto de un curso&#46;&#46;&#46;<\/p>\n","protected":false},"author":8008,"featured_media":0,"parent":0,"menu_order":0,"comment_status":"closed","ping_status":"closed","template":"","meta":{"ngg_post_thumbnail":0,"footnotes":""},"aioseo_notices":[],"_links":{"self":[{"href":"https:\/\/blogsaverroes.juntadeandalucia.es\/bibliotecaescolar\/wp-json\/wp\/v2\/pages\/73"}],"collection":[{"href":"https:\/\/blogsaverroes.juntadeandalucia.es\/bibliotecaescolar\/wp-json\/wp\/v2\/pages"}],"about":[{"href":"https:\/\/blogsaverroes.juntadeandalucia.es\/bibliotecaescolar\/wp-json\/wp\/v2\/types\/page"}],"author":[{"embeddable":true,"href":"https:\/\/blogsaverroes.juntadeandalucia.es\/bibliotecaescolar\/wp-json\/wp\/v2\/users\/8008"}],"replies":[{"embeddable":true,"href":"https:\/\/blogsaverroes.juntadeandalucia.es\/bibliotecaescolar\/wp-json\/wp\/v2\/comments?post=73"}],"version-history":[{"count":3,"href":"https:\/\/blogsaverroes.juntadeandalucia.es\/bibliotecaescolar\/wp-json\/wp\/v2\/pages\/73\/revisions"}],"predecessor-version":[{"id":78,"href":"https:\/\/blogsaverroes.juntadeandalucia.es\/bibliotecaescolar\/wp-json\/wp\/v2\/pages\/73\/revisions\/78"}],"wp:attachment":[{"href":"https:\/\/blogsaverroes.juntadeandalucia.es\/bibliotecaescolar\/wp-json\/wp\/v2\/media?parent=73"}],"curies":[{"name":"wp","href":"https:\/\/api.w.org\/{rel}","templated":true}]}}