{"id":113,"date":"2021-02-02T14:55:18","date_gmt":"2021-02-02T14:55:18","guid":{"rendered":"https:\/\/blogsaverroes.juntadeandalucia.es\/bibliotecajrjr\/?page_id=113"},"modified":"2021-02-02T15:09:42","modified_gmt":"2021-02-02T15:09:42","slug":"solicitudes","status":"publish","type":"page","link":"https:\/\/blogsaverroes.juntadeandalucia.es\/bibliotecajrjr\/solicitudes\/","title":{"rendered":"Solicitudes"},"content":{"rendered":"\t\t<div data-elementor-type=\"wp-page\" data-elementor-id=\"113\" class=\"elementor elementor-113\">\n\t\t\t\t\t\t<section class=\"elementor-section elementor-top-section elementor-element elementor-element-54238cb elementor-section-boxed elementor-section-height-default elementor-section-height-default\" data-id=\"54238cb\" data-element_type=\"section\">\n\t\t\t\t\t\t<div class=\"elementor-container elementor-column-gap-default\">\n\t\t\t\t\t<div class=\"elementor-column elementor-col-50 elementor-top-column elementor-element elementor-element-aaf6333\" data-id=\"aaf6333\" data-element_type=\"column\">\n\t\t\t<div class=\"elementor-widget-wrap elementor-element-populated\">\n\t\t\t\t\t\t<div class=\"elementor-element elementor-element-d14cde1 elementor-widget elementor-widget-text-editor\" data-id=\"d14cde1\" data-element_type=\"widget\" data-widget_type=\"text-editor.default\">\n\t\t\t\t<div class=\"elementor-widget-container\">\n\t\t\t\t\t\t\t\t\t<p>Vuestra opini\u00f3n es muy importante para nosotros. Pod\u00e9is rellenar la solicitud poniendo los libros que m\u00e1s os interesen y vuestras propuestas de mejora para nuestra Biblioteca. Cliquea el icono de la derecha y podr\u00e1s rellenar el formulario. Ten en cuenta que deb\u00e9is acceder con vuestra cuenta g mail del colegio Muchas gracias por vuestra colaboraci\u00f3n.&nbsp;<\/p>\t\t\t\t\t\t\t\t<\/div>\n\t\t\t\t<\/div>\n\t\t\t\t\t<\/div>\n\t\t<\/div>\n\t\t\t\t<div class=\"elementor-column elementor-col-50 elementor-top-column elementor-element elementor-element-105549d\" data-id=\"105549d\" data-element_type=\"column\">\n\t\t\t<div class=\"elementor-widget-wrap elementor-element-populated\">\n\t\t\t\t\t\t<div class=\"elementor-element elementor-element-75a1a99 elementor-widget elementor-widget-image\" data-id=\"75a1a99\" data-element_type=\"widget\" data-widget_type=\"image.default\">\n\t\t\t\t<div class=\"elementor-widget-container\">\n\t\t\t\t\t\t\t\t\t\t\t\t\t\t\t\t<a href=\"https:\/\/docs.google.com\/forms\/d\/1ffMPG3KpidSvrBKJD9xcuhq69mX4j2ICkAdI8Gi7RGM\/edit?usp=sharing\">\n\t\t\t\t\t\t\t<img decoding=\"async\" width=\"162\" height=\"199\" src=\"https:\/\/blogsaverroes.juntadeandalucia.es\/bibliotecajrjr\/files\/2021\/02\/Forms.jpg\" class=\"attachment-medium size-medium wp-image-120\" alt=\"\" srcset=\"https:\/\/blogsaverroes.juntadeandalucia.es\/bibliotecajrjr\/files\/2021\/02\/Forms.jpg 162w, https:\/\/blogsaverroes.juntadeandalucia.es\/bibliotecajrjr\/files\/2021\/02\/Forms-20x24.jpg 20w, https:\/\/blogsaverroes.juntadeandalucia.es\/bibliotecajrjr\/files\/2021\/02\/Forms-29x36.jpg 29w, https:\/\/blogsaverroes.juntadeandalucia.es\/bibliotecajrjr\/files\/2021\/02\/Forms-39x48.jpg 39w\" sizes=\"(max-width: 162px) 100vw, 162px\" \/>\t\t\t\t\t\t\t\t<\/a>\n\t\t\t\t\t\t\t\t\t\t\t\t\t\t\t<\/div>\n\t\t\t\t<\/div>\n\t\t\t\t\t<\/div>\n\t\t<\/div>\n\t\t\t\t\t<\/div>\n\t\t<\/section>\n\t\t\t\t<\/div>\n\t\t","protected":false},"excerpt":{"rendered":"<p>Vuestra opini\u00f3n es muy importante para nosotros. Pod\u00e9is rellenar la solicitud poniendo los libros que m\u00e1s os interesen y vuestras propuestas de mejora para nuestra Biblioteca. Cliquea el icono de la derecha y podr\u00e1s&#46;&#46;&#46;<\/p>\n","protected":false},"author":4364,"featured_media":0,"parent":0,"menu_order":0,"comment_status":"closed","ping_status":"closed","template":"","meta":{"ngg_post_thumbnail":0,"footnotes":""},"aioseo_notices":[],"_links":{"self":[{"href":"https:\/\/blogsaverroes.juntadeandalucia.es\/bibliotecajrjr\/wp-json\/wp\/v2\/pages\/113"}],"collection":[{"href":"https:\/\/blogsaverroes.juntadeandalucia.es\/bibliotecajrjr\/wp-json\/wp\/v2\/pages"}],"about":[{"href":"https:\/\/blogsaverroes.juntadeandalucia.es\/bibliotecajrjr\/wp-json\/wp\/v2\/types\/page"}],"author":[{"embeddable":true,"href":"https:\/\/blogsaverroes.juntadeandalucia.es\/bibliotecajrjr\/wp-json\/wp\/v2\/users\/4364"}],"replies":[{"embeddable":true,"href":"https:\/\/blogsaverroes.juntadeandalucia.es\/bibliotecajrjr\/wp-json\/wp\/v2\/comments?post=113"}],"version-history":[{"count":5,"href":"https:\/\/blogsaverroes.juntadeandalucia.es\/bibliotecajrjr\/wp-json\/wp\/v2\/pages\/113\/revisions"}],"predecessor-version":[{"id":122,"href":"https:\/\/blogsaverroes.juntadeandalucia.es\/bibliotecajrjr\/wp-json\/wp\/v2\/pages\/113\/revisions\/122"}],"wp:attachment":[{"href":"https:\/\/blogsaverroes.juntadeandalucia.es\/bibliotecajrjr\/wp-json\/wp\/v2\/media?parent=113"}],"curies":[{"name":"wp","href":"https:\/\/api.w.org\/{rel}","templated":true}]}}