{"id":187,"date":"2021-05-25T09:28:26","date_gmt":"2021-05-25T09:28:26","guid":{"rendered":"https:\/\/blogsaverroes.juntadeandalucia.es\/bibliotecajrjr\/?page_id=187"},"modified":"2025-04-29T20:28:42","modified_gmt":"2025-04-29T20:28:42","slug":"dia-del-libro","status":"publish","type":"page","link":"https:\/\/blogsaverroes.juntadeandalucia.es\/bibliotecajrjr\/dia-del-libro\/","title":{"rendered":"D\u00eda del libro"},"content":{"rendered":"<p><strong>D\u00eda del libro 2020\/2021<\/strong><\/p>\n<p>Estimadas familias, como sab\u00e9is, para celebrar de manera conjunta el d\u00eda del libro y del medio ambiente vamos a llevar a cabo la campa\u00f1a \u201cun libro, una semilla\u201d.<\/p>\n<p>Esta campa\u00f1a pretende concienciar al alumnado de la importancia de la lectura y del cuidado medioambiental.<br \/>\nPara ello, vamos a trasplantar las semillas germinadas que hab\u00e9is tra\u00eddo al cole en distintas partes del patio. Adem\u00e1s podr\u00e1n compartir su libro favorito con sus compa\u00f1eros de clase por lo que resta de curso, aumentando as\u00ed su biblioteca de aula.<\/p>\n<p><img fetchpriority=\"high\" decoding=\"async\" class=\"alignnone size-medium wp-image-188\" src=\"https:\/\/blogsaverroes.juntadeandalucia.es\/bibliotecajrjr\/files\/2021\/05\/Dia-del-libro-300x297.jpg\" alt=\"\" width=\"300\" height=\"297\" srcset=\"https:\/\/blogsaverroes.juntadeandalucia.es\/bibliotecajrjr\/files\/2021\/05\/Dia-del-libro-300x297.jpg 300w, https:\/\/blogsaverroes.juntadeandalucia.es\/bibliotecajrjr\/files\/2021\/05\/Dia-del-libro-150x150.jpg 150w, https:\/\/blogsaverroes.juntadeandalucia.es\/bibliotecajrjr\/files\/2021\/05\/Dia-del-libro-80x80.jpg 80w, https:\/\/blogsaverroes.juntadeandalucia.es\/bibliotecajrjr\/files\/2021\/05\/Dia-del-libro.jpg 525w\" sizes=\"(max-width: 300px) 100vw, 300px\" \/><\/p>\n<p><strong>D\u00eda del libro 2021\/2022<\/strong><\/p>\n<p>&#8211; Los alumnos\/as valoraron muchas colecciones de nuestra Biblioteca. En este enlace pod\u00e9is ver los resultados.&nbsp;&nbsp;<\/p>\n<p><strong>D\u00eda del libro 2022\/2023<\/strong><\/p>\n<p>&#8211; Los alumnos\/as hacen rese\u00f1as de sus libros favoritos. En este enlace pod\u00e9is ver sus comentarios.&nbsp;<\/p>\n<p><strong>D\u00eda del libro 2023\/2024<\/strong><\/p>\n<p>&#8211; Libros vivos de personajes famosos andaluces.&nbsp;<\/p>\n<p><strong>D\u00eda del libro 2024\/2025<\/strong><\/p>\n<p>&nbsp;<\/p>\n","protected":false},"excerpt":{"rendered":"<p>D\u00eda del libro 2020\/2021 Estimadas familias, como sab\u00e9is, para celebrar de manera conjunta el d\u00eda del libro y del medio ambiente vamos a llevar a cabo la campa\u00f1a \u201cun libro, una semilla\u201d. Esta campa\u00f1a&#46;&#46;&#46;<\/p>\n","protected":false},"author":4364,"featured_media":0,"parent":0,"menu_order":0,"comment_status":"closed","ping_status":"closed","template":"","meta":{"ngg_post_thumbnail":0,"footnotes":""},"aioseo_notices":[],"_links":{"self":[{"href":"https:\/\/blogsaverroes.juntadeandalucia.es\/bibliotecajrjr\/wp-json\/wp\/v2\/pages\/187"}],"collection":[{"href":"https:\/\/blogsaverroes.juntadeandalucia.es\/bibliotecajrjr\/wp-json\/wp\/v2\/pages"}],"about":[{"href":"https:\/\/blogsaverroes.juntadeandalucia.es\/bibliotecajrjr\/wp-json\/wp\/v2\/types\/page"}],"author":[{"embeddable":true,"href":"https:\/\/blogsaverroes.juntadeandalucia.es\/bibliotecajrjr\/wp-json\/wp\/v2\/users\/4364"}],"replies":[{"embeddable":true,"href":"https:\/\/blogsaverroes.juntadeandalucia.es\/bibliotecajrjr\/wp-json\/wp\/v2\/comments?post=187"}],"version-history":[{"count":3,"href":"https:\/\/blogsaverroes.juntadeandalucia.es\/bibliotecajrjr\/wp-json\/wp\/v2\/pages\/187\/revisions"}],"predecessor-version":[{"id":347,"href":"https:\/\/blogsaverroes.juntadeandalucia.es\/bibliotecajrjr\/wp-json\/wp\/v2\/pages\/187\/revisions\/347"}],"wp:attachment":[{"href":"https:\/\/blogsaverroes.juntadeandalucia.es\/bibliotecajrjr\/wp-json\/wp\/v2\/media?parent=187"}],"curies":[{"name":"wp","href":"https:\/\/api.w.org\/{rel}","templated":true}]}}

Día del libro

<p><strong>Día del libro 2020/2021</strong></p>
<p>Estimadas familias, como sabéis, para celebrar de manera conjunta el día del libro y del medio ambiente vamos a llevar a cabo la campaña “un libro, una semilla”.</p>
<p>Esta campaña pretende concienciar al alumnado de la importancia de la lectura y del cuidado medioambiental.<br />
Para ello, vamos a trasplantar las semillas germinadas que habéis traído al cole en distintas partes del patio. Además podrán compartir su libro favorito con sus compañeros de clase por lo que resta de curso, aumentando así su biblioteca de aula.</p>
<p><img fetchpriority="high" decoding="async" class="alignnone size-medium wp-image-188" src="https://blogsaverroes.juntadeandalucia.es/bibliotecajrjr/files/2021/05/Dia-del-libro-300x297.jpg" alt="" width="300" height="297" srcset="https://blogsaverroes.juntadeandalucia.es/bibliotecajrjr/files/2021/05/Dia-del-libro-300x297.jpg 300w, https://blogsaverroes.juntadeandalucia.es/bibliotecajrjr/files/2021/05/Dia-del-libro-150x150.jpg 150w, https://blogsaverroes.juntadeandalucia.es/bibliotecajrjr/files/2021/05/Dia-del-libro-80x80.jpg 80w, https://blogsaverroes.juntadeandalucia.es/bibliotecajrjr/files/2021/05/Dia-del-libro.jpg 525w" sizes="(max-width: 300px) 100vw, 300px" /></p>
<p><strong>Día del libro 2021/2022</strong></p>
<p>&#8211; Los alumnos/as valoraron muchas colecciones de nuestra Biblioteca. En este enlace podéis ver los resultados.&nbsp;&nbsp;</p>
<p><strong>Día del libro 2022/2023</strong></p>
<p>&#8211; Los alumnos/as hacen reseñas de sus libros favoritos. En este enlace podéis ver sus comentarios.&nbsp;</p>
<p><strong>Día del libro 2023/2024</strong></p>
<p>&#8211; Libros vivos de personajes famosos andaluces.&nbsp;</p>
<p><strong>Día del libro 2024/2025</strong></p>
<p>&nbsp;</p>

<p>Día del libro 2020/2021 Estimadas familias, como sabéis, para celebrar de manera conjunta el día del libro y del medio ambiente vamos a llevar a cabo la campaña “un libro, una semilla”. Esta campaña&#46;&#46;&#46;</p>
