{"id":832,"date":"2023-01-21T10:20:52","date_gmt":"2023-01-21T10:20:52","guid":{"rendered":"https:\/\/blogsaverroes.juntadeandalucia.es\/bibliotecaladiana\/?page_id=832"},"modified":"2023-01-21T10:58:08","modified_gmt":"2023-01-21T10:58:08","slug":"historia","status":"publish","type":"page","link":"https:\/\/blogsaverroes.juntadeandalucia.es\/bibliotecaladiana\/historia\/","title":{"rendered":"Historia"},"content":{"rendered":"<h5><em>\u00bfPor qu\u00e9 \u00abLa Diana\u00bb?<\/em><\/h5>\n<p><img loading=\"lazy\" decoding=\"async\" class=\"wp-image-834 alignnone\" src=\"https:\/\/blogsaverroes.juntadeandalucia.es\/bibliotecaladiana\/files\/2023\/01\/ladianarevista.jpg\" alt=\"Revista La Diana\" width=\"698\" height=\"957\" srcset=\"https:\/\/blogsaverroes.juntadeandalucia.es\/bibliotecaladiana\/files\/2023\/01\/ladianarevista.jpg 725w, https:\/\/blogsaverroes.juntadeandalucia.es\/bibliotecaladiana\/files\/2023\/01\/ladianarevista-219x300.jpg 219w\" sizes=\"(max-width: 698px) 100vw, 698px\" \/><\/p>\n<p>La biblioteca del I.E.S. Manuel Reina se llama \u201cLa Diana\u201d porque as\u00ed lo ha querido su comunidad educativa. Manuel Reina fue un pol\u00edtico, periodista y poeta nacido a mediados del siglo XIX en Puente Genil precursor del modernismo en Espa\u00f1a y fundador de una revista llamada \u201cLa Diana\u201d en la que colaboraron los principales escritores y periodistas de finales del siglo XIX y principios del XX. Es por esto por lo que \u201cLa Diana\u201d ha sido el nombre elegido: por su relaci\u00f3n con Manuel Reina y con la cultura del momento.<br \/>\nNuestra biblioteca es un centro de recursos donde queremos que encuentres todo lo que necesitas para estudiar, hacer tareas o disfrutar de tu tiempo libre. Adem\u00e1s, la biblioteca se encarga de promover y organizar actividades relacionadas con la competencia ling\u00fc\u00edstica a lo largo de todo el curso escolar.<\/p>\n","protected":false},"excerpt":{"rendered":"<p>\u00bfPor qu\u00e9 \u00abLa Diana\u00bb? La biblioteca del I.E.S. Manuel Reina se llama \u201cLa Diana\u201d porque as\u00ed lo ha querido su comunidad educativa. Manuel Reina fue un pol\u00edtico, periodista y poeta nacido a mediados del siglo XIX en Puente Genil precursor del modernismo en Espa\u00f1a y fundador de una revista llamada \u201cLa Diana\u201d en la que [&hellip;]<\/p>\n","protected":false},"author":5320,"featured_media":0,"parent":0,"menu_order":0,"comment_status":"closed","ping_status":"closed","template":"","meta":{"ngg_post_thumbnail":0,"footnotes":""},"aioseo_notices":[],"_links":{"self":[{"href":"https:\/\/blogsaverroes.juntadeandalucia.es\/bibliotecaladiana\/wp-json\/wp\/v2\/pages\/832"}],"collection":[{"href":"https:\/\/blogsaverroes.juntadeandalucia.es\/bibliotecaladiana\/wp-json\/wp\/v2\/pages"}],"about":[{"href":"https:\/\/blogsaverroes.juntadeandalucia.es\/bibliotecaladiana\/wp-json\/wp\/v2\/types\/page"}],"author":[{"embeddable":true,"href":"https:\/\/blogsaverroes.juntadeandalucia.es\/bibliotecaladiana\/wp-json\/wp\/v2\/users\/5320"}],"replies":[{"embeddable":true,"href":"https:\/\/blogsaverroes.juntadeandalucia.es\/bibliotecaladiana\/wp-json\/wp\/v2\/comments?post=832"}],"version-history":[{"count":5,"href":"https:\/\/blogsaverroes.juntadeandalucia.es\/bibliotecaladiana\/wp-json\/wp\/v2\/pages\/832\/revisions"}],"predecessor-version":[{"id":843,"href":"https:\/\/blogsaverroes.juntadeandalucia.es\/bibliotecaladiana\/wp-json\/wp\/v2\/pages\/832\/revisions\/843"}],"wp:attachment":[{"href":"https:\/\/blogsaverroes.juntadeandalucia.es\/bibliotecaladiana\/wp-json\/wp\/v2\/media?parent=832"}],"curies":[{"name":"wp","href":"https:\/\/api.w.org\/{rel}","templated":true}]}}