{"id":1111,"date":"2022-03-21T12:08:42","date_gmt":"2022-03-21T11:08:42","guid":{"rendered":"https:\/\/blogsaverroes.juntadeandalucia.es\/bibliotecapoetajosemarcelo\/?page_id=1111"},"modified":"2022-04-03T12:17:09","modified_gmt":"2022-04-03T10:17:09","slug":"blog-del-centro","status":"publish","type":"page","link":"https:\/\/blogsaverroes.juntadeandalucia.es\/bibliotecapoetajosemarcelo\/blog-del-centro\/","title":{"rendered":"Blog del Centro"},"content":{"rendered":"<p><a href=\"https:\/\/blogsaverroes.juntadeandalucia.es\/ceipvicentealeixandre\/musica-carlos-hidalgo\/\"><img loading=\"lazy\" decoding=\"async\" class=\"alignnone size-full wp-image-87 aligncenter\" src=\"https:\/\/blogsaverroes.juntadeandalucia.es\/bibliotecapoetajosemarcelo\/files\/2020\/04\/Orquestilla.jpg\" alt=\"\" width=\"125\" height=\"138\" srcset=\"https:\/\/blogsaverroes.juntadeandalucia.es\/bibliotecapoetajosemarcelo\/files\/2020\/04\/Orquestilla.jpg 125w, https:\/\/blogsaverroes.juntadeandalucia.es\/bibliotecapoetajosemarcelo\/files\/2020\/04\/Orquestilla-22x24.jpg 22w, https:\/\/blogsaverroes.juntadeandalucia.es\/bibliotecapoetajosemarcelo\/files\/2020\/04\/Orquestilla-33x36.jpg 33w, https:\/\/blogsaverroes.juntadeandalucia.es\/bibliotecapoetajosemarcelo\/files\/2020\/04\/Orquestilla-43x48.jpg 43w\" sizes=\"(max-width: 125px) 100vw, 125px\" \/><\/a><\/p>\n<p><span style=\"font-family: 'comic sans ms', sans-serif\">Este es el<strong><span style=\"color: #0000ff\"><a style=\"color: #0000ff\" href=\"https:\/\/blogsaverroes.juntadeandalucia.es\/ceipvicentealeixandre\/musica-carlos-hidalgo\/\">&nbsp;canal de YouTube&nbsp;del \u00e1rea de M\u00fasica&nbsp;<\/a><\/span><\/strong>del maestro Carlos Hidalgo Fontana.<\/span><\/p>\n<p><span style=\"font-family: 'comic sans ms', sans-serif\">En \u00e9l encontrar\u00e1s todo el contenido del \u00e1rea seleccionado por cursos.<\/span><\/p>\n<p><span style=\"font-family: 'comic sans ms', sans-serif\">Nuestra <strong>Orquestilla<\/strong> ocupa un lugar destacado.<\/span><\/p>\n<p>&nbsp;<\/p>\n<p><a href=\"https:\/\/blogsaverroes.juntadeandalucia.es\/ceipvicentealeixandre\/vicente-aleixandre-en-la-red\/\"><img loading=\"lazy\" decoding=\"async\" class=\"alignnone size-full wp-image-904 aligncenter\" src=\"https:\/\/blogsaverroes.juntadeandalucia.es\/bibliotecapoetajosemarcelo\/files\/2022\/02\/logo-tercer-ciclo-300x144-1.png\" alt=\"\" width=\"300\" height=\"144\"><\/a><\/p>\n<p>&nbsp;<\/p>\n<p><strong><span style=\"color: #0000ff\"><a style=\"color: #0000ff\" href=\"https:\/\/blogsaverroes.juntadeandalucia.es\/ceipvicentealeixandre\/vicente-aleixandre-en-la-red\/\"><span style=\"font-family: 'comic sans ms', sans-serif\">Vicente Aleixandre en la red<\/span><\/a> <\/span><\/strong><span style=\"font-family: 'comic sans ms', sans-serif\">es una blog educativo dirigido al alumnado del 3er Ciclo de Educaci\u00f3n Primaria.<\/span><\/p>\n<p><span style=\"font-family: 'comic sans ms', sans-serif\">Este blog pretende ser un lugar de encuentro, aprendizaje y trabajo colaborativo entre los docentes, el alumnado y la comunidad educativa.<\/span><\/p>\n<p>&nbsp;<\/p>\n<p><a href=\"https:\/\/blogsaverroes.juntadeandalucia.es\/ceipvicentealeixandre\/blog\/el-corazon-del-vicente\/\"><img loading=\"lazy\" decoding=\"async\" class=\"alignnone  wp-image-857 aligncenter\" src=\"https:\/\/blogsaverroes.juntadeandalucia.es\/bibliotecapoetajosemarcelo\/files\/2022\/01\/Logo-el-corazon-del-Vicente.jpg\" alt=\"\" width=\"214\" height=\"214\" srcset=\"https:\/\/blogsaverroes.juntadeandalucia.es\/bibliotecapoetajosemarcelo\/files\/2022\/01\/Logo-el-corazon-del-Vicente.jpg 262w, https:\/\/blogsaverroes.juntadeandalucia.es\/bibliotecapoetajosemarcelo\/files\/2022\/01\/Logo-el-corazon-del-Vicente-150x150.jpg 150w\" sizes=\"(max-width: 214px) 100vw, 214px\" \/><\/a><\/p>\n<p>&nbsp;<\/p>\n<p><span style=\"font-family: 'comic sans ms', sans-serif\"><a href=\"https:\/\/blogsaverroes.juntadeandalucia.es\/ceipvicentealeixandre\/blog\/el-corazon-del-vicente\/\"><strong style=\"font-style: inherit\"><span style=\"color: #0000ff\">El coraz\u00f3n del Vicente<\/span><\/strong><span style=\"color: #0000ff\">&nbsp;<\/span><\/a>es un blog de Paz, Igualdad\u2026..\u00a1Y mucho m\u00e1s!<\/span><\/p>\n<p><span style=\"font-family: 'comic sans ms', sans-serif\">Una ventana abierta al coraz\u00f3n de nuestro colegio para asomarse a las actividades que llevamos a cabo dirigidas, a la formaci\u00f3n integral en valores de nuestro alumnado.<\/span><\/p>\n<p>&nbsp;<\/p>\n<p><a href=\"https:\/\/blogsaverroes.juntadeandalucia.es\/ceipvicentealeixandre\/blog\/el-patio-del-vicente\/\"><img loading=\"lazy\" decoding=\"async\" class=\"alignnone size-medium wp-image-1109 aligncenter\" src=\"https:\/\/blogsaverroes.juntadeandalucia.es\/bibliotecapoetajosemarcelo\/files\/2022\/04\/el-patio-del-Vicente-300x125.png\" alt=\"\" width=\"300\" height=\"125\" srcset=\"https:\/\/blogsaverroes.juntadeandalucia.es\/bibliotecapoetajosemarcelo\/files\/2022\/04\/el-patio-del-Vicente-300x125.png 300w, https:\/\/blogsaverroes.juntadeandalucia.es\/bibliotecapoetajosemarcelo\/files\/2022\/04\/el-patio-del-Vicente.png 599w\" sizes=\"(max-width: 300px) 100vw, 300px\" \/><\/a><\/p>\n<p><span style=\"font-family: 'comic sans ms', sans-serif\"><strong><span style=\"color: #0000ff\"><a style=\"color: #0000ff\" href=\"https:\/\/blogsaverroes.juntadeandalucia.es\/ceipvicentealeixandre\/blog\/el-patio-del-vicente\/\">El patio del Vicente<\/a><\/span><\/strong>&nbsp;es el blog del \u00e1rea de Educaci\u00f3n F\u00edsica. Este, ser\u00e1 un lugar donde encontrar\u00e1s la&nbsp;<strong style=\"font-style: inherit\"><em>IGUALDAD<\/em><\/strong>.<\/span><\/p>\n","protected":false},"excerpt":{"rendered":"<p>Este es el&nbsp;canal de YouTube&nbsp;del \u00e1rea de M\u00fasica&nbsp;del maestro Carlos Hidalgo Fontana. En \u00e9l encontrar\u00e1s todo el contenido del \u00e1rea seleccionado por cursos. Nuestra Orquestilla ocupa un lugar destacado. &nbsp; &nbsp; Vicente Aleixandre en la red es una blog educativo dirigido al alumnado del 3er Ciclo de Educaci\u00f3n Primaria. Este blog pretende ser un lugar &hellip; <\/p>\n<p><a class=\"more-link btn\" href=\"https:\/\/blogsaverroes.juntadeandalucia.es\/bibliotecapoetajosemarcelo\/blog-del-centro\/\">Seguir leyendo<\/a><\/p>\n","protected":false},"author":2262,"featured_media":0,"parent":0,"menu_order":0,"comment_status":"closed","ping_status":"closed","template":"","meta":{"ngg_post_thumbnail":0,"footnotes":""},"aioseo_notices":[],"post_mailing_queue_ids":[],"_links":{"self":[{"href":"https:\/\/blogsaverroes.juntadeandalucia.es\/bibliotecapoetajosemarcelo\/wp-json\/wp\/v2\/pages\/1111"}],"collection":[{"href":"https:\/\/blogsaverroes.juntadeandalucia.es\/bibliotecapoetajosemarcelo\/wp-json\/wp\/v2\/pages"}],"about":[{"href":"https:\/\/blogsaverroes.juntadeandalucia.es\/bibliotecapoetajosemarcelo\/wp-json\/wp\/v2\/types\/page"}],"author":[{"embeddable":true,"href":"https:\/\/blogsaverroes.juntadeandalucia.es\/bibliotecapoetajosemarcelo\/wp-json\/wp\/v2\/users\/2262"}],"replies":[{"embeddable":true,"href":"https:\/\/blogsaverroes.juntadeandalucia.es\/bibliotecapoetajosemarcelo\/wp-json\/wp\/v2\/comments?post=1111"}],"version-history":[{"count":1,"href":"https:\/\/blogsaverroes.juntadeandalucia.es\/bibliotecapoetajosemarcelo\/wp-json\/wp\/v2\/pages\/1111\/revisions"}],"predecessor-version":[{"id":1112,"href":"https:\/\/blogsaverroes.juntadeandalucia.es\/bibliotecapoetajosemarcelo\/wp-json\/wp\/v2\/pages\/1111\/revisions\/1112"}],"wp:attachment":[{"href":"https:\/\/blogsaverroes.juntadeandalucia.es\/bibliotecapoetajosemarcelo\/wp-json\/wp\/v2\/media?parent=1111"}],"curies":[{"name":"wp","href":"https:\/\/api.w.org\/{rel}","templated":true}]}}