{"id":1773,"date":"2023-05-16T19:13:45","date_gmt":"2023-05-16T17:13:45","guid":{"rendered":"https:\/\/blogsaverroes.juntadeandalucia.es\/bibliotecapoetajosemarcelo\/?page_id=1773"},"modified":"2023-05-26T19:17:25","modified_gmt":"2023-05-26T17:17:25","slug":"iv-certamen-escolar-de-dibujo-cuento-y-poesia-2","status":"publish","type":"page","link":"https:\/\/blogsaverroes.juntadeandalucia.es\/bibliotecapoetajosemarcelo\/iv-certamen-escolar-de-dibujo-cuento-y-poesia-2\/","title":{"rendered":"IV Certamen Escolar de Dibujo, Cuento y Poes\u00eda"},"content":{"rendered":"<p><img loading=\"lazy\" decoding=\"async\" class=\"alignnone size-medium wp-image-1631 aligncenter\" src=\"https:\/\/blogsaverroes.juntadeandalucia.es\/bibliotecapoetajosemarcelo\/files\/2023\/03\/IV-Certamen-Escolar-de-Dibujo-Cuento-y-Poes\u00eda-212x300.png\" alt=\"\" width=\"212\" height=\"300\" srcset=\"https:\/\/blogsaverroes.juntadeandalucia.es\/bibliotecapoetajosemarcelo\/files\/2023\/03\/IV-Certamen-Escolar-de-Dibujo-Cuento-y-Poes\u00eda-212x300.png 212w, https:\/\/blogsaverroes.juntadeandalucia.es\/bibliotecapoetajosemarcelo\/files\/2023\/03\/IV-Certamen-Escolar-de-Dibujo-Cuento-y-Poes\u00eda-724x1024.png 724w, https:\/\/blogsaverroes.juntadeandalucia.es\/bibliotecapoetajosemarcelo\/files\/2023\/03\/IV-Certamen-Escolar-de-Dibujo-Cuento-y-Poes\u00eda-768x1086.png 768w, https:\/\/blogsaverroes.juntadeandalucia.es\/bibliotecapoetajosemarcelo\/files\/2023\/03\/IV-Certamen-Escolar-de-Dibujo-Cuento-y-Poes\u00eda-1086x1536.png 1086w, https:\/\/blogsaverroes.juntadeandalucia.es\/bibliotecapoetajosemarcelo\/files\/2023\/03\/IV-Certamen-Escolar-de-Dibujo-Cuento-y-Poes\u00eda-1448x2048.png 1448w, https:\/\/blogsaverroes.juntadeandalucia.es\/bibliotecapoetajosemarcelo\/files\/2023\/03\/IV-Certamen-Escolar-de-Dibujo-Cuento-y-Poes\u00eda.png 1587w\" sizes=\"(max-width: 212px) 100vw, 212px\" \/><\/p>\n<p>&nbsp;<\/p>\n<p><strong><span style=\"color: #0000ff\"><a style=\"color: #0000ff\" href=\"https:\/\/www.un.org\/es\/observances\/water-day\">El agua<\/a><\/span><\/strong> es un elemento esencial para la vida. El cambio clim\u00e1tico est\u00e1 produciendo en el Planeta&nbsp; efectos muy bruscos de lluvias torrenciales, zonas des\u00e9rticas, mala utilizaci\u00f3n del agua potable,&#8230;etc.<\/p>\n<p>Este a\u00f1o hemos querido seguir con nuestra labor de concienciaci\u00f3n medioambiental poniendo el foco en la importancia del agua como elemento b\u00e1sico para la vida y en el uso responsable de la misma.<\/p>\n<p>El IV Certamen Escolar de Dibujo, Cuento y Poes\u00eda Vicente Aleixandre pretende que nuestra Comunidad Educativa se sensibilice con esta realidad.<\/p>\n<p>Este Certamen cuenta con la colaboraci\u00f3n de nuestra <strong><span style=\"color: #0000ff\"><a style=\"color: #0000ff\" href=\"http:\/\/ampacerrodelaguila.es\/\">AMPA \u00abCerro del \u00c1guila\u00bb.<\/a><\/span><\/strong><\/p>\n<p><span style=\"font-family: 'comic sans ms', sans-serif;font-size: 14pt\"><em><strong><span style=\"color: #3366ff\">ENTREGA DE PREMIOS<\/span>&nbsp;<\/strong><\/em><\/span><\/p>\n<p style=\"text-align: left\">El martes, 16 de mayo, se ha realizado la entrega de premios de los ganadores y ganadoras del IV Certamen.<\/p>\n<p style=\"text-align: center\"><img loading=\"lazy\" decoding=\"async\" class=\"alignnone wp-image-1752\" src=\"https:\/\/blogsaverroes.juntadeandalucia.es\/bibliotecapoetajosemarcelo\/files\/2023\/05\/IMG-20230516-WA0015-225x300.jpg\" alt=\"\" width=\"142\" height=\"189\" srcset=\"https:\/\/blogsaverroes.juntadeandalucia.es\/bibliotecapoetajosemarcelo\/files\/2023\/05\/IMG-20230516-WA0015-225x300.jpg 225w, https:\/\/blogsaverroes.juntadeandalucia.es\/bibliotecapoetajosemarcelo\/files\/2023\/05\/IMG-20230516-WA0015-768x1024.jpg 768w, https:\/\/blogsaverroes.juntadeandalucia.es\/bibliotecapoetajosemarcelo\/files\/2023\/05\/IMG-20230516-WA0015-1152x1536.jpg 1152w, https:\/\/blogsaverroes.juntadeandalucia.es\/bibliotecapoetajosemarcelo\/files\/2023\/05\/IMG-20230516-WA0015.jpg 1536w\" sizes=\"(max-width: 142px) 100vw, 142px\" \/><\/p>\n<p>La participaci\u00f3n ha sido muy alta y, nuestro alumnado, est\u00e1 muy sensibilizado con la escasez de agua y el uso responsable que tenemos que hacer de ella. <strong>Pincha en la presentaci\u00f3n<\/strong> y disfruta con los dibujos, cuentos y poes\u00edas.<\/p>\n<p><a href=\"https:\/\/view.genial.ly\/64610142ff70e5001df2dcda\/presentation-entrega-de-premios-iv-certamen-escolar\"><img loading=\"lazy\" decoding=\"async\" class=\"alignnone wp-image-1751 aligncenter\" src=\"https:\/\/blogsaverroes.juntadeandalucia.es\/bibliotecapoetajosemarcelo\/files\/2023\/05\/entrega-premios-300x166.jpg\" alt=\"\" width=\"378\" height=\"209\" srcset=\"https:\/\/blogsaverroes.juntadeandalucia.es\/bibliotecapoetajosemarcelo\/files\/2023\/05\/entrega-premios-300x166.jpg 300w, https:\/\/blogsaverroes.juntadeandalucia.es\/bibliotecapoetajosemarcelo\/files\/2023\/05\/entrega-premios-1024x568.jpg 1024w, https:\/\/blogsaverroes.juntadeandalucia.es\/bibliotecapoetajosemarcelo\/files\/2023\/05\/entrega-premios-768x426.jpg 768w, https:\/\/blogsaverroes.juntadeandalucia.es\/bibliotecapoetajosemarcelo\/files\/2023\/05\/entrega-premios.jpg 1157w\" sizes=\"(max-width: 378px) 100vw, 378px\" \/><\/a><\/p>\n<p>Est\u00e1 dirigido al alumnado de Infantil y Primaria.<\/p>\n<p>Todas las caracter\u00edsticas del mismo quedan recogidas en las siguientes <strong><span style=\"color: #0000ff\"><a style=\"color: #0000ff\" href=\"https:\/\/drive.google.com\/file\/d\/1f_DeTkrQGhDejHlzjwViSrg9ysgUlHS5\/view?usp=share_link\">bases.<\/a><\/span><\/strong><\/p>\n<p><a href=\"https:\/\/go.ivoox.com\/sq\/1882904\"><br \/>\n<img loading=\"lazy\" decoding=\"async\" class=\"alignnone size-full wp-image-164 aligncenter\" src=\"https:\/\/blogsaverroes.juntadeandalucia.es\/bibliotecapoetajosemarcelo\/files\/2020\/04\/descarga-2.jpg\" alt=\"\" width=\"207\" height=\"243\" srcset=\"https:\/\/blogsaverroes.juntadeandalucia.es\/bibliotecapoetajosemarcelo\/files\/2020\/04\/descarga-2.jpg 207w, https:\/\/blogsaverroes.juntadeandalucia.es\/bibliotecapoetajosemarcelo\/files\/2020\/04\/descarga-2-20x24.jpg 20w, https:\/\/blogsaverroes.juntadeandalucia.es\/bibliotecapoetajosemarcelo\/files\/2020\/04\/descarga-2-31x36.jpg 31w, https:\/\/blogsaverroes.juntadeandalucia.es\/bibliotecapoetajosemarcelo\/files\/2020\/04\/descarga-2-41x48.jpg 41w\" sizes=\"(max-width: 207px) 100vw, 207px\" \/><\/a><\/p>\n<p>Si lo prefieres, pincha en la imagen y accede a las mismas a trav\u00e9s de nuestro <strong><span style=\"color: #0000ff\"><a style=\"color: #0000ff\" href=\"https:\/\/go.ivoox.com\/sq\/1882904\">podcast<\/a>.<\/span><\/strong><\/p>\n<h3 style=\"text-align: center\"><em><strong><span style=\"color: #ff0000\">\u00a1\u00a1\u00a1\u00a1PARTICIPA!!!!<\/span><\/strong><\/em><\/h3>\n<div class=\"padlet-embed\" style=\"border-radius: 2px;overflow: hidden;width: 100%;background: #F4F4F4\">\n<p style=\"padding: 0;margin: 0\">&nbsp;<\/p>\n<div style=\"align-items: center;justify-content: end;margin: 0;height: 28px\">\n<div style=\"align-items: center\"><img loading=\"lazy\" decoding=\"async\" style=\"padding: 0;margin: 0;background: 0 0;border: none\" src=\"https:\/\/padlet.net\/embeds\/made_with_padlet_2022.png\" alt=\"Hecho con Padlet\" width=\"114\" height=\"28\"><\/div>\n<p>&nbsp;<\/p>\n<\/div>\n<\/div>\n","protected":false},"excerpt":{"rendered":"<p>&nbsp; El agua es un elemento esencial para la vida. El cambio clim\u00e1tico est\u00e1 produciendo en el Planeta&nbsp; efectos muy bruscos de lluvias torrenciales, zonas des\u00e9rticas, mala utilizaci\u00f3n del agua potable,&#8230;etc. Este a\u00f1o hemos querido seguir con nuestra labor de concienciaci\u00f3n medioambiental poniendo el foco en la importancia del agua como elemento b\u00e1sico para la &hellip; <\/p>\n<p><a class=\"more-link btn\" href=\"https:\/\/blogsaverroes.juntadeandalucia.es\/bibliotecapoetajosemarcelo\/iv-certamen-escolar-de-dibujo-cuento-y-poesia-2\/\">Seguir leyendo<\/a><\/p>\n","protected":false},"author":2262,"featured_media":0,"parent":0,"menu_order":0,"comment_status":"closed","ping_status":"closed","template":"","meta":{"ngg_post_thumbnail":0,"footnotes":""},"aioseo_notices":[],"post_mailing_queue_ids":[],"_links":{"self":[{"href":"https:\/\/blogsaverroes.juntadeandalucia.es\/bibliotecapoetajosemarcelo\/wp-json\/wp\/v2\/pages\/1773"}],"collection":[{"href":"https:\/\/blogsaverroes.juntadeandalucia.es\/bibliotecapoetajosemarcelo\/wp-json\/wp\/v2\/pages"}],"about":[{"href":"https:\/\/blogsaverroes.juntadeandalucia.es\/bibliotecapoetajosemarcelo\/wp-json\/wp\/v2\/types\/page"}],"author":[{"embeddable":true,"href":"https:\/\/blogsaverroes.juntadeandalucia.es\/bibliotecapoetajosemarcelo\/wp-json\/wp\/v2\/users\/2262"}],"replies":[{"embeddable":true,"href":"https:\/\/blogsaverroes.juntadeandalucia.es\/bibliotecapoetajosemarcelo\/wp-json\/wp\/v2\/comments?post=1773"}],"version-history":[{"count":1,"href":"https:\/\/blogsaverroes.juntadeandalucia.es\/bibliotecapoetajosemarcelo\/wp-json\/wp\/v2\/pages\/1773\/revisions"}],"predecessor-version":[{"id":1774,"href":"https:\/\/blogsaverroes.juntadeandalucia.es\/bibliotecapoetajosemarcelo\/wp-json\/wp\/v2\/pages\/1773\/revisions\/1774"}],"wp:attachment":[{"href":"https:\/\/blogsaverroes.juntadeandalucia.es\/bibliotecapoetajosemarcelo\/wp-json\/wp\/v2\/media?parent=1773"}],"curies":[{"name":"wp","href":"https:\/\/api.w.org\/{rel}","templated":true}]}}

IV Certamen Escolar de Dibujo, Cuento y Poesía

<p><img loading="lazy" decoding="async" class="alignnone size-medium wp-image-1631 aligncenter" src="https://blogsaverroes.juntadeandalucia.es/bibliotecapoetajosemarcelo/files/2023/03/IV-Certamen-Escolar-de-Dibujo-Cuento-y-Poesía-212x300.png" alt="" width="212" height="300" srcset="https://blogsaverroes.juntadeandalucia.es/bibliotecapoetajosemarcelo/files/2023/03/IV-Certamen-Escolar-de-Dibujo-Cuento-y-Poesía-212x300.png 212w, https://blogsaverroes.juntadeandalucia.es/bibliotecapoetajosemarcelo/files/2023/03/IV-Certamen-Escolar-de-Dibujo-Cuento-y-Poesía-724x1024.png 724w, https://blogsaverroes.juntadeandalucia.es/bibliotecapoetajosemarcelo/files/2023/03/IV-Certamen-Escolar-de-Dibujo-Cuento-y-Poesía-768x1086.png 768w, https://blogsaverroes.juntadeandalucia.es/bibliotecapoetajosemarcelo/files/2023/03/IV-Certamen-Escolar-de-Dibujo-Cuento-y-Poesía-1086x1536.png 1086w, https://blogsaverroes.juntadeandalucia.es/bibliotecapoetajosemarcelo/files/2023/03/IV-Certamen-Escolar-de-Dibujo-Cuento-y-Poesía-1448x2048.png 1448w, https://blogsaverroes.juntadeandalucia.es/bibliotecapoetajosemarcelo/files/2023/03/IV-Certamen-Escolar-de-Dibujo-Cuento-y-Poesía.png 1587w" sizes="(max-width: 212px) 100vw, 212px" /></p>
<p>&nbsp;</p>
<p><strong><span style="color: #0000ff"><a style="color: #0000ff" href="https://www.un.org/es/observances/water-day">El agua</a></span></strong> es un elemento esencial para la vida. El cambio climático está produciendo en el Planeta&nbsp; efectos muy bruscos de lluvias torrenciales, zonas desérticas, mala utilización del agua potable,&#8230;etc.</p>
<p>Este año hemos querido seguir con nuestra labor de concienciación medioambiental poniendo el foco en la importancia del agua como elemento básico para la vida y en el uso responsable de la misma.</p>
<p>El IV Certamen Escolar de Dibujo, Cuento y Poesía Vicente Aleixandre pretende que nuestra Comunidad Educativa se sensibilice con esta realidad.</p>
<p>Este Certamen cuenta con la colaboración de nuestra <strong><span style="color: #0000ff"><a style="color: #0000ff" href="http://ampacerrodelaguila.es/">AMPA «Cerro del Águila».</a></span></strong></p>
<p><span style="font-family: 'comic sans ms', sans-serif;font-size: 14pt"><em><strong><span style="color: #3366ff">ENTREGA DE PREMIOS</span>&nbsp;</strong></em></span></p>
<p style="text-align: left">El martes, 16 de mayo, se ha realizado la entrega de premios de los ganadores y ganadoras del IV Certamen.</p>
<p style="text-align: center"><img loading="lazy" decoding="async" class="alignnone wp-image-1752" src="https://blogsaverroes.juntadeandalucia.es/bibliotecapoetajosemarcelo/files/2023/05/IMG-20230516-WA0015-225x300.jpg" alt="" width="142" height="189" srcset="https://blogsaverroes.juntadeandalucia.es/bibliotecapoetajosemarcelo/files/2023/05/IMG-20230516-WA0015-225x300.jpg 225w, https://blogsaverroes.juntadeandalucia.es/bibliotecapoetajosemarcelo/files/2023/05/IMG-20230516-WA0015-768x1024.jpg 768w, https://blogsaverroes.juntadeandalucia.es/bibliotecapoetajosemarcelo/files/2023/05/IMG-20230516-WA0015-1152x1536.jpg 1152w, https://blogsaverroes.juntadeandalucia.es/bibliotecapoetajosemarcelo/files/2023/05/IMG-20230516-WA0015.jpg 1536w" sizes="(max-width: 142px) 100vw, 142px" /></p>
<p>La participación ha sido muy alta y, nuestro alumnado, está muy sensibilizado con la escasez de agua y el uso responsable que tenemos que hacer de ella. <strong>Pincha en la presentación</strong> y disfruta con los dibujos, cuentos y poesías.</p>
<p><a href="https://view.genial.ly/64610142ff70e5001df2dcda/presentation-entrega-de-premios-iv-certamen-escolar"><img loading="lazy" decoding="async" class="alignnone wp-image-1751 aligncenter" src="https://blogsaverroes.juntadeandalucia.es/bibliotecapoetajosemarcelo/files/2023/05/entrega-premios-300x166.jpg" alt="" width="378" height="209" srcset="https://blogsaverroes.juntadeandalucia.es/bibliotecapoetajosemarcelo/files/2023/05/entrega-premios-300x166.jpg 300w, https://blogsaverroes.juntadeandalucia.es/bibliotecapoetajosemarcelo/files/2023/05/entrega-premios-1024x568.jpg 1024w, https://blogsaverroes.juntadeandalucia.es/bibliotecapoetajosemarcelo/files/2023/05/entrega-premios-768x426.jpg 768w, https://blogsaverroes.juntadeandalucia.es/bibliotecapoetajosemarcelo/files/2023/05/entrega-premios.jpg 1157w" sizes="(max-width: 378px) 100vw, 378px" /></a></p>
<p>Está dirigido al alumnado de Infantil y Primaria.</p>
<p>Todas las características del mismo quedan recogidas en las siguientes <strong><span style="color: #0000ff"><a style="color: #0000ff" href="https://drive.google.com/file/d/1f_DeTkrQGhDejHlzjwViSrg9ysgUlHS5/view?usp=share_link">bases.</a></span></strong></p>
<p><a href="https://go.ivoox.com/sq/1882904"><br />
<img loading="lazy" decoding="async" class="alignnone size-full wp-image-164 aligncenter" src="https://blogsaverroes.juntadeandalucia.es/bibliotecapoetajosemarcelo/files/2020/04/descarga-2.jpg" alt="" width="207" height="243" srcset="https://blogsaverroes.juntadeandalucia.es/bibliotecapoetajosemarcelo/files/2020/04/descarga-2.jpg 207w, https://blogsaverroes.juntadeandalucia.es/bibliotecapoetajosemarcelo/files/2020/04/descarga-2-20x24.jpg 20w, https://blogsaverroes.juntadeandalucia.es/bibliotecapoetajosemarcelo/files/2020/04/descarga-2-31x36.jpg 31w, https://blogsaverroes.juntadeandalucia.es/bibliotecapoetajosemarcelo/files/2020/04/descarga-2-41x48.jpg 41w" sizes="(max-width: 207px) 100vw, 207px" /></a></p>
<p>Si lo prefieres, pincha en la imagen y accede a las mismas a través de nuestro <strong><span style="color: #0000ff"><a style="color: #0000ff" href="https://go.ivoox.com/sq/1882904">podcast</a>.</span></strong></p>
<h3 style="text-align: center"><em><strong><span style="color: #ff0000">¡¡¡¡PARTICIPA!!!!</span></strong></em></h3>
<div class="padlet-embed" style="border-radius: 2px;overflow: hidden;width: 100%;background: #F4F4F4">
<p style="padding: 0;margin: 0">&nbsp;</p>
<div style="align-items: center;justify-content: end;margin: 0;height: 28px">
<div style="align-items: center"><img loading="lazy" decoding="async" style="padding: 0;margin: 0;background: 0 0;border: none" src="https://padlet.net/embeds/made_with_padlet_2022.png" alt="Hecho con Padlet" width="114" height="28"></div>
<p>&nbsp;</p>
</div>
</div>

<p>&nbsp; El agua es un elemento esencial para la vida. El cambio climático está produciendo en el Planeta&nbsp; efectos muy bruscos de lluvias torrenciales, zonas desérticas, mala utilización del agua potable,&#8230;etc. Este año hemos querido seguir con nuestra labor de concienciación medioambiental poniendo el foco en la importancia del agua como elemento básico para la &hellip; </p>
<p><a class="more-link btn" href="https://blogsaverroes.juntadeandalucia.es/bibliotecapoetajosemarcelo/iv-certamen-escolar-de-dibujo-cuento-y-poesia-2/">Seguir leyendo</a></p>
