{"id":205,"date":"2021-06-12T12:37:10","date_gmt":"2021-06-12T10:37:10","guid":{"rendered":"https:\/\/blogsaverroes.juntadeandalucia.es\/bibliotecapoetajosemarcelo\/?page_id=205"},"modified":"2021-08-23T13:10:09","modified_gmt":"2021-08-23T11:10:09","slug":"familias","status":"publish","type":"page","link":"https:\/\/blogsaverroes.juntadeandalucia.es\/bibliotecapoetajosemarcelo\/familias\/","title":{"rendered":"Familias"},"content":{"rendered":"<p><img loading=\"lazy\" decoding=\"async\" class=\"alignnone size-medium wp-image-178 aligncenter\" src=\"https:\/\/blogsaverroes.juntadeandalucia.es\/bibliotecapoetajosemarcelo\/files\/2020\/04\/4-semana-300x300.png\" alt=\"\" width=\"300\" height=\"300\" srcset=\"https:\/\/blogsaverroes.juntadeandalucia.es\/bibliotecapoetajosemarcelo\/files\/2020\/04\/4-semana-300x300.png 300w, https:\/\/blogsaverroes.juntadeandalucia.es\/bibliotecapoetajosemarcelo\/files\/2020\/04\/4-semana-150x150.png 150w, https:\/\/blogsaverroes.juntadeandalucia.es\/bibliotecapoetajosemarcelo\/files\/2020\/04\/4-semana-768x768.png 768w, https:\/\/blogsaverroes.juntadeandalucia.es\/bibliotecapoetajosemarcelo\/files\/2020\/04\/4-semana-100x100.png 100w, https:\/\/blogsaverroes.juntadeandalucia.es\/bibliotecapoetajosemarcelo\/files\/2020\/04\/4-semana-24x24.png 24w, https:\/\/blogsaverroes.juntadeandalucia.es\/bibliotecapoetajosemarcelo\/files\/2020\/04\/4-semana-36x36.png 36w, https:\/\/blogsaverroes.juntadeandalucia.es\/bibliotecapoetajosemarcelo\/files\/2020\/04\/4-semana-48x48.png 48w, https:\/\/blogsaverroes.juntadeandalucia.es\/bibliotecapoetajosemarcelo\/files\/2020\/04\/4-semana.png 800w\" sizes=\"(max-width: 300px) 100vw, 300px\" \/><\/p>\n<p>Queremos que las familias est\u00e9n presentes en nuestra biblioteca. La biblioteca es mucho m\u00e1s que un recurso escolar tiene que trascender los muros escolares y hacerse presente en todos los hogares.<\/p>\n<p>Desde la Consejer\u00eda de Educaci\u00f3n se ha creado el portal <span style=\"color: #0000ff\"><strong><a style=\"color: #0000ff\" href=\"https:\/\/blogsaverroes.juntadeandalucia.es\/ceipvicentealeixandre\/escuela-de-familia\/\">Escuela de Familia&nbsp;<\/a><\/strong><\/span> cuya finalidad es complementar el tradicional &nbsp;proceso participativo entre los padres, madres o tutores y los centros educativos se ampl\u00ede eficientemente a trav\u00e9s de nuevos cauces y el acceso a nuevos recursos, para convertirse en valor a\u00f1adido en forma de conocimiento, informaci\u00f3n y orientaci\u00f3n que sea \u00fatil en una realidad tan cambiante como la actual, donde los nuevos ritmos y necesidades hacen que, a veces, el n\u00facleo familiar se disperse y las tareas cotidianas -entre ellas la relaci\u00f3n con la escuela o el profesorado- se compliquen; o donde, por ejemplo, se ha acentuado el papel educador de otros miembros de la familia, como los abuelos y las abuelas.<\/p>\n<p><a href=\"https:\/\/blogsaverroes.juntadeandalucia.es\/ceipvicentealeixandre\/escuela-de-familia\/\"><img loading=\"lazy\" decoding=\"async\" class=\"alignnone size-medium wp-image-629 aligncenter\" src=\"https:\/\/blogsaverroes.juntadeandalucia.es\/bibliotecapoetajosemarcelo\/files\/2021\/08\/layout_set_logo-300x69.jpg\" alt=\"\" width=\"300\" height=\"69\" srcset=\"https:\/\/blogsaverroes.juntadeandalucia.es\/bibliotecapoetajosemarcelo\/files\/2021\/08\/layout_set_logo-300x69.jpg 300w, https:\/\/blogsaverroes.juntadeandalucia.es\/bibliotecapoetajosemarcelo\/files\/2021\/08\/layout_set_logo-1024x236.jpg 1024w, https:\/\/blogsaverroes.juntadeandalucia.es\/bibliotecapoetajosemarcelo\/files\/2021\/08\/layout_set_logo-768x177.jpg 768w, https:\/\/blogsaverroes.juntadeandalucia.es\/bibliotecapoetajosemarcelo\/files\/2021\/08\/layout_set_logo.jpg 1085w\" sizes=\"(max-width: 300px) 100vw, 300px\" \/><\/a><\/p>\n<p>&nbsp;<\/p>\n","protected":false},"excerpt":{"rendered":"<p>Queremos que las familias est\u00e9n presentes en nuestra biblioteca. La biblioteca es mucho m\u00e1s que un recurso escolar tiene que trascender los muros escolares y hacerse presente en todos los hogares. Desde la Consejer\u00eda de Educaci\u00f3n se ha creado el portal Escuela de Familia&nbsp; cuya finalidad es complementar el tradicional &nbsp;proceso participativo entre los padres, &hellip; <\/p>\n<p><a class=\"more-link btn\" href=\"https:\/\/blogsaverroes.juntadeandalucia.es\/bibliotecapoetajosemarcelo\/familias\/\">Seguir leyendo<\/a><\/p>\n","protected":false},"author":2262,"featured_media":0,"parent":0,"menu_order":0,"comment_status":"closed","ping_status":"closed","template":"","meta":{"ngg_post_thumbnail":0,"footnotes":""},"aioseo_notices":[],"post_mailing_queue_ids":[],"_links":{"self":[{"href":"https:\/\/blogsaverroes.juntadeandalucia.es\/bibliotecapoetajosemarcelo\/wp-json\/wp\/v2\/pages\/205"}],"collection":[{"href":"https:\/\/blogsaverroes.juntadeandalucia.es\/bibliotecapoetajosemarcelo\/wp-json\/wp\/v2\/pages"}],"about":[{"href":"https:\/\/blogsaverroes.juntadeandalucia.es\/bibliotecapoetajosemarcelo\/wp-json\/wp\/v2\/types\/page"}],"author":[{"embeddable":true,"href":"https:\/\/blogsaverroes.juntadeandalucia.es\/bibliotecapoetajosemarcelo\/wp-json\/wp\/v2\/users\/2262"}],"replies":[{"embeddable":true,"href":"https:\/\/blogsaverroes.juntadeandalucia.es\/bibliotecapoetajosemarcelo\/wp-json\/wp\/v2\/comments?post=205"}],"version-history":[{"count":4,"href":"https:\/\/blogsaverroes.juntadeandalucia.es\/bibliotecapoetajosemarcelo\/wp-json\/wp\/v2\/pages\/205\/revisions"}],"predecessor-version":[{"id":630,"href":"https:\/\/blogsaverroes.juntadeandalucia.es\/bibliotecapoetajosemarcelo\/wp-json\/wp\/v2\/pages\/205\/revisions\/630"}],"wp:attachment":[{"href":"https:\/\/blogsaverroes.juntadeandalucia.es\/bibliotecapoetajosemarcelo\/wp-json\/wp\/v2\/media?parent=205"}],"curies":[{"name":"wp","href":"https:\/\/api.w.org\/{rel}","templated":true}]}}