{"id":394,"date":"2021-02-22T12:42:26","date_gmt":"2021-02-22T11:42:26","guid":{"rendered":"https:\/\/blogsaverroes.juntadeandalucia.es\/bibliotecapoetajosemarcelo\/?page_id=394"},"modified":"2021-02-22T12:42:26","modified_gmt":"2021-02-22T11:42:26","slug":"nuestro-huerto-escolar","status":"publish","type":"page","link":"https:\/\/blogsaverroes.juntadeandalucia.es\/bibliotecapoetajosemarcelo\/nuestro-huerto-escolar\/","title":{"rendered":"Nuestro Huerto Escolar"},"content":{"rendered":"<p>&nbsp;<\/p>\n<p><a href=\"https:\/\/blogsaverroes.juntadeandalucia.es\/bibliotecapoetajosemarcelo\/2021\/02\/22\/nuestro-huerto-escolar\/\"><img loading=\"lazy\" decoding=\"async\" class=\"alignnone size-medium wp-image-383 aligncenter\" src=\"https:\/\/blogsaverroes.juntadeandalucia.es\/bibliotecapoetajosemarcelo\/files\/2021\/02\/Nuestro-huerto-escolar-n-12-216x300.jpeg\" alt=\"\" width=\"216\" height=\"300\" srcset=\"https:\/\/blogsaverroes.juntadeandalucia.es\/bibliotecapoetajosemarcelo\/files\/2021\/02\/Nuestro-huerto-escolar-n-12-216x300.jpeg 216w, https:\/\/blogsaverroes.juntadeandalucia.es\/bibliotecapoetajosemarcelo\/files\/2021\/02\/Nuestro-huerto-escolar-n-12-736x1024.jpeg 736w, https:\/\/blogsaverroes.juntadeandalucia.es\/bibliotecapoetajosemarcelo\/files\/2021\/02\/Nuestro-huerto-escolar-n-12-768x1068.jpeg 768w, https:\/\/blogsaverroes.juntadeandalucia.es\/bibliotecapoetajosemarcelo\/files\/2021\/02\/Nuestro-huerto-escolar-n-12-1104x1536.jpeg 1104w, https:\/\/blogsaverroes.juntadeandalucia.es\/bibliotecapoetajosemarcelo\/files\/2021\/02\/Nuestro-huerto-escolar-n-12-1472x2048.jpeg 1472w, https:\/\/blogsaverroes.juntadeandalucia.es\/bibliotecapoetajosemarcelo\/files\/2021\/02\/Nuestro-huerto-escolar-n-12.jpeg 1572w\" sizes=\"(max-width: 216px) 100vw, 216px\" \/><\/a><\/p>\n<p style=\"text-align: left\">Es tradici\u00f3n en nuestra tierra, que <em><strong>nuestros abuelos hayan tenido un peque\u00f1o huerto donde las frutas y hortalizas<\/strong> <\/em>de temporada estuvieran presentes en la mesa. Ello, ayudaba a la econom\u00eda familiar y a la salud. Una sociedad como la nuestra, tan tecnol\u00f3gica, no debe ni puede dar la espalada a esta actividad ya que es garant\u00eda de autoabastecimiento, salud, convivencia, solidaridad y aprendizaje.<\/p>\n<p style=\"text-align: left\">En el Vicente, la actividad del huerto ha estado presente desde hace bastante tiempo porque consideramos que es un recurso educativo de primer orden.<strong><em><span style=\"color: #008000\"> IMPULSAmos la creatividad; plantamos imaginaci\u00f3n; regamos los sue\u00f1os y recolectamos aprendizajes.<\/span><\/em><\/strong><\/p>\n","protected":false},"excerpt":{"rendered":"<p>&nbsp; Es tradici\u00f3n en nuestra tierra, que nuestros abuelos hayan tenido un peque\u00f1o huerto donde las frutas y hortalizas de temporada estuvieran presentes en la mesa. Ello, ayudaba a la econom\u00eda familiar y a la salud. Una sociedad como la nuestra, tan tecnol\u00f3gica, no debe ni puede dar la espalada a esta actividad ya que &hellip; <\/p>\n<p><a class=\"more-link btn\" href=\"https:\/\/blogsaverroes.juntadeandalucia.es\/bibliotecapoetajosemarcelo\/nuestro-huerto-escolar\/\">Seguir leyendo<\/a><\/p>\n","protected":false},"author":2262,"featured_media":0,"parent":0,"menu_order":0,"comment_status":"closed","ping_status":"closed","template":"","meta":{"ngg_post_thumbnail":0,"footnotes":""},"aioseo_notices":[],"post_mailing_queue_ids":[],"_links":{"self":[{"href":"https:\/\/blogsaverroes.juntadeandalucia.es\/bibliotecapoetajosemarcelo\/wp-json\/wp\/v2\/pages\/394"}],"collection":[{"href":"https:\/\/blogsaverroes.juntadeandalucia.es\/bibliotecapoetajosemarcelo\/wp-json\/wp\/v2\/pages"}],"about":[{"href":"https:\/\/blogsaverroes.juntadeandalucia.es\/bibliotecapoetajosemarcelo\/wp-json\/wp\/v2\/types\/page"}],"author":[{"embeddable":true,"href":"https:\/\/blogsaverroes.juntadeandalucia.es\/bibliotecapoetajosemarcelo\/wp-json\/wp\/v2\/users\/2262"}],"replies":[{"embeddable":true,"href":"https:\/\/blogsaverroes.juntadeandalucia.es\/bibliotecapoetajosemarcelo\/wp-json\/wp\/v2\/comments?post=394"}],"version-history":[{"count":1,"href":"https:\/\/blogsaverroes.juntadeandalucia.es\/bibliotecapoetajosemarcelo\/wp-json\/wp\/v2\/pages\/394\/revisions"}],"predecessor-version":[{"id":396,"href":"https:\/\/blogsaverroes.juntadeandalucia.es\/bibliotecapoetajosemarcelo\/wp-json\/wp\/v2\/pages\/394\/revisions\/396"}],"wp:attachment":[{"href":"https:\/\/blogsaverroes.juntadeandalucia.es\/bibliotecapoetajosemarcelo\/wp-json\/wp\/v2\/media?parent=394"}],"curies":[{"name":"wp","href":"https:\/\/api.w.org\/{rel}","templated":true}]}}

<p>&nbsp;</p>
<p><a href="https://blogsaverroes.juntadeandalucia.es/bibliotecapoetajosemarcelo/2021/02/22/nuestro-huerto-escolar/"><img loading="lazy" decoding="async" class="alignnone size-medium wp-image-383 aligncenter" src="https://blogsaverroes.juntadeandalucia.es/bibliotecapoetajosemarcelo/files/2021/02/Nuestro-huerto-escolar-n-12-216x300.jpeg" alt="" width="216" height="300" srcset="https://blogsaverroes.juntadeandalucia.es/bibliotecapoetajosemarcelo/files/2021/02/Nuestro-huerto-escolar-n-12-216x300.jpeg 216w, https://blogsaverroes.juntadeandalucia.es/bibliotecapoetajosemarcelo/files/2021/02/Nuestro-huerto-escolar-n-12-736x1024.jpeg 736w, https://blogsaverroes.juntadeandalucia.es/bibliotecapoetajosemarcelo/files/2021/02/Nuestro-huerto-escolar-n-12-768x1068.jpeg 768w, https://blogsaverroes.juntadeandalucia.es/bibliotecapoetajosemarcelo/files/2021/02/Nuestro-huerto-escolar-n-12-1104x1536.jpeg 1104w, https://blogsaverroes.juntadeandalucia.es/bibliotecapoetajosemarcelo/files/2021/02/Nuestro-huerto-escolar-n-12-1472x2048.jpeg 1472w, https://blogsaverroes.juntadeandalucia.es/bibliotecapoetajosemarcelo/files/2021/02/Nuestro-huerto-escolar-n-12.jpeg 1572w" sizes="(max-width: 216px) 100vw, 216px" /></a></p>
<p style="text-align: left">Es tradición en nuestra tierra, que <em><strong>nuestros abuelos hayan tenido un pequeño huerto donde las frutas y hortalizas</strong> </em>de temporada estuvieran presentes en la mesa. Ello, ayudaba a la economía familiar y a la salud. Una sociedad como la nuestra, tan tecnológica, no debe ni puede dar la espalada a esta actividad ya que es garantía de autoabastecimiento, salud, convivencia, solidaridad y aprendizaje.</p>
<p style="text-align: left">En el Vicente, la actividad del huerto ha estado presente desde hace bastante tiempo porque consideramos que es un recurso educativo de primer orden.<strong><em><span style="color: #008000"> IMPULSAmos la creatividad; plantamos imaginación; regamos los sueños y recolectamos aprendizajes.</span></em></strong></p>

<p>&nbsp; Es tradición en nuestra tierra, que nuestros abuelos hayan tenido un pequeño huerto donde las frutas y hortalizas de temporada estuvieran presentes en la mesa. Ello, ayudaba a la economía familiar y a la salud. Una sociedad como la nuestra, tan tecnológica, no debe ni puede dar la espalada a esta actividad ya que &hellip; </p>
<p><a class="more-link btn" href="https://blogsaverroes.juntadeandalucia.es/bibliotecapoetajosemarcelo/nuestro-huerto-escolar/">Seguir leyendo</a></p>
