{"id":642,"date":"2021-06-25T12:02:37","date_gmt":"2021-06-25T10:02:37","guid":{"rendered":"https:\/\/blogsaverroes.juntadeandalucia.es\/bibliotecapoetajosemarcelo\/?page_id=642"},"modified":"2021-09-25T12:22:15","modified_gmt":"2021-09-25T10:22:15","slug":"poeta-jose-marcelo","status":"publish","type":"page","link":"https:\/\/blogsaverroes.juntadeandalucia.es\/bibliotecapoetajosemarcelo\/poeta-jose-marcelo\/","title":{"rendered":"Poeta Jos\u00e9 Marcelo"},"content":{"rendered":"<p><img loading=\"lazy\" decoding=\"async\" class=\"alignnone size-full wp-image-600 aligncenter\" src=\"https:\/\/blogsaverroes.juntadeandalucia.es\/bibliotecapoetajosemarcelo\/files\/2021\/06\/Jose-Marcelo-10.jpg\" alt=\"\" width=\"162\" height=\"162\" srcset=\"https:\/\/blogsaverroes.juntadeandalucia.es\/bibliotecapoetajosemarcelo\/files\/2021\/06\/Jose-Marcelo-10.jpg 162w, https:\/\/blogsaverroes.juntadeandalucia.es\/bibliotecapoetajosemarcelo\/files\/2021\/06\/Jose-Marcelo-10-150x150.jpg 150w\" sizes=\"(max-width: 162px) 100vw, 162px\" \/><\/p>\n<p>Nombrar a Jos\u00e9 Marcelo y al CEIP Vicente Aleixandre son la dos caras de una misma moneda.<\/p>\n<p>En esta p\u00e1gina os dejamos enlaces y referencias para que t\u00fa, usuario de nuestra biblioteca, conozcas las razones por las que hemos elegido denominar a nuestra biblioteca escolar:<\/p>\n<h4 style=\"text-align: center\"><span style=\"color: #800080\">&nbsp;\u00abPoeta Jos\u00e9 Marcelo\u00bb<\/span><\/h4>\n<p>Os dejamos el enlace a su blog personal<span style=\"color: #0000ff\"><strong><a style=\"color: #0000ff\" href=\"https:\/\/josemarcelopoeta.wordpress.com\/\"> \u00abLa otra mirada de Morfeo\u00bb<\/a><\/strong><\/span><\/p>\n<p>La noticia del acto institucional de nombrar nuestra biblioteca con su nombre qued\u00f3 recogida en los peri\u00f3dicos comarcales:<\/p>\n<p><img loading=\"lazy\" decoding=\"async\" class=\"alignnone size-medium wp-image-602 aligncenter\" src=\"https:\/\/blogsaverroes.juntadeandalucia.es\/bibliotecapoetajosemarcelo\/files\/2021\/06\/Placa-biblioteca-escolar-300x198.jpg\" alt=\"\" width=\"300\" height=\"198\" srcset=\"https:\/\/blogsaverroes.juntadeandalucia.es\/bibliotecapoetajosemarcelo\/files\/2021\/06\/Placa-biblioteca-escolar-300x198.jpg 300w, https:\/\/blogsaverroes.juntadeandalucia.es\/bibliotecapoetajosemarcelo\/files\/2021\/06\/Placa-biblioteca-escolar-768x508.jpg 768w, https:\/\/blogsaverroes.juntadeandalucia.es\/bibliotecapoetajosemarcelo\/files\/2021\/06\/Placa-biblioteca-escolar.jpg 886w\" sizes=\"(max-width: 300px) 100vw, 300px\" \/><\/p>\n<ul>\n<li><strong><span style=\"color: #0000ff\"><a style=\"color: #0000ff\" href=\"https:\/\/www.correodelaaxarquia.com\/single-post\/el-ceip-vicente-aleixandre-de-torre-del-mar-nombra-su-biblioteca-como-poeta-jos%C3%A9-marcelo\">Correo de la Axarqu\u00eda<\/a><\/span><\/strong><\/li>\n<li><strong><span style=\"color: #0000ff\"><a style=\"color: #0000ff\" href=\"http:\/\/www.noticias24digital.com\/articulo\/cultura\/biblioteca-jose-marcelo\/20210627021605008617.html\">Noticias 24<\/a><\/span><\/strong><\/li>\n<\/ul>\n<p>&nbsp;<\/p>\n","protected":false},"excerpt":{"rendered":"<p>Nombrar a Jos\u00e9 Marcelo y al CEIP Vicente Aleixandre son la dos caras de una misma moneda. En esta p\u00e1gina os dejamos enlaces y referencias para que t\u00fa, usuario de nuestra biblioteca, conozcas las razones por las que hemos elegido denominar a nuestra biblioteca escolar: &nbsp;\u00abPoeta Jos\u00e9 Marcelo\u00bb Os dejamos el enlace a su blog &hellip; <\/p>\n<p><a class=\"more-link btn\" href=\"https:\/\/blogsaverroes.juntadeandalucia.es\/bibliotecapoetajosemarcelo\/poeta-jose-marcelo\/\">Seguir leyendo<\/a><\/p>\n","protected":false},"author":2262,"featured_media":0,"parent":0,"menu_order":0,"comment_status":"closed","ping_status":"closed","template":"","meta":{"ngg_post_thumbnail":0,"footnotes":""},"aioseo_notices":[],"post_mailing_queue_ids":[],"_links":{"self":[{"href":"https:\/\/blogsaverroes.juntadeandalucia.es\/bibliotecapoetajosemarcelo\/wp-json\/wp\/v2\/pages\/642"}],"collection":[{"href":"https:\/\/blogsaverroes.juntadeandalucia.es\/bibliotecapoetajosemarcelo\/wp-json\/wp\/v2\/pages"}],"about":[{"href":"https:\/\/blogsaverroes.juntadeandalucia.es\/bibliotecapoetajosemarcelo\/wp-json\/wp\/v2\/types\/page"}],"author":[{"embeddable":true,"href":"https:\/\/blogsaverroes.juntadeandalucia.es\/bibliotecapoetajosemarcelo\/wp-json\/wp\/v2\/users\/2262"}],"replies":[{"embeddable":true,"href":"https:\/\/blogsaverroes.juntadeandalucia.es\/bibliotecapoetajosemarcelo\/wp-json\/wp\/v2\/comments?post=642"}],"version-history":[{"count":2,"href":"https:\/\/blogsaverroes.juntadeandalucia.es\/bibliotecapoetajosemarcelo\/wp-json\/wp\/v2\/pages\/642\/revisions"}],"predecessor-version":[{"id":644,"href":"https:\/\/blogsaverroes.juntadeandalucia.es\/bibliotecapoetajosemarcelo\/wp-json\/wp\/v2\/pages\/642\/revisions\/644"}],"wp:attachment":[{"href":"https:\/\/blogsaverroes.juntadeandalucia.es\/bibliotecapoetajosemarcelo\/wp-json\/wp\/v2\/media?parent=642"}],"curies":[{"name":"wp","href":"https:\/\/api.w.org\/{rel}","templated":true}]}}