{"id":124,"date":"2023-11-08T08:15:08","date_gmt":"2023-11-08T08:15:08","guid":{"rendered":"https:\/\/blogsaverroes.juntadeandalucia.es\/biblipinos\/?page_id=124"},"modified":"2024-03-13T08:49:45","modified_gmt":"2024-03-13T08:49:45","slug":"video-cuentos","status":"publish","type":"page","link":"https:\/\/blogsaverroes.juntadeandalucia.es\/biblipinos\/video-cuentos\/","title":{"rendered":"V\u00eddeo cuentos"},"content":{"rendered":"<p>En esta p\u00e1gina os dejamos una serie de v\u00eddeo cuentos. Son muy entretenidos e interesantes. Esperamos que os gusten y sean de vuestro agrado.&nbsp;<\/p>\n<p style=\"text-align: center\"><span style=\"font-size: 18pt\"><strong>Hansel y Gretel<\/strong><\/span><\/p>\n<p><iframe loading=\"lazy\" title=\"2 Cuentos | Hansel y Gretel - Cuentos infantiles para dormir en Espa\u00f1ol\" width=\"500\" height=\"281\" src=\"https:\/\/www.youtube.com\/embed\/UQscsCBnk-g?feature=oembed&#038;wmode=opaque\" frameborder=\"0\" allow=\"accelerometer; autoplay; clipboard-write; encrypted-media; gyroscope; picture-in-picture; web-share\" allowfullscreen><\/iframe><\/p>\n<p>&nbsp;<\/p>\n<p style=\"text-align: center\"><span style=\"font-size: 18pt\"><strong>Los siete cabritos<\/strong><\/span><\/p>\n<p><iframe loading=\"lazy\" title=\"Los Siete Cabritos y la Sirena Herida | Cuentos infantiles para dormir en Espa\u00f1ol\" width=\"500\" height=\"281\" src=\"https:\/\/www.youtube.com\/embed\/IIRsj3MT0cg?start=13&#038;feature=oembed&#038;wmode=opaque\" frameborder=\"0\" allow=\"accelerometer; autoplay; clipboard-write; encrypted-media; gyroscope; picture-in-picture; web-share\" allowfullscreen><\/iframe><\/p>\n<p>&nbsp;<\/p>\n<p style=\"text-align: center\"><span style=\"font-size: 18pt\"><strong>El hombre del gengibre<\/strong><\/span><\/p>\n<p><iframe loading=\"lazy\" title=\"El Hombre de Jengibre y la Carrera de A\u00f1o Nuevo\ud83c\udf32 | Cuentos infantiles para dormir en Espa\u00f1ol\" width=\"500\" height=\"281\" src=\"https:\/\/www.youtube.com\/embed\/XlG4EGWAf5I?feature=oembed&#038;wmode=opaque\" frameborder=\"0\" allow=\"accelerometer; autoplay; clipboard-write; encrypted-media; gyroscope; picture-in-picture; web-share\" allowfullscreen><\/iframe><\/p>\n<p>&nbsp;<\/p>\n","protected":false},"excerpt":{"rendered":"<p>En esta p\u00e1gina os dejamos una serie de v\u00eddeo cuentos. Son muy entretenidos e interesantes. Esperamos que os gusten y sean de vuestro agrado.&nbsp; Hansel y Gretel &nbsp; Los siete cabritos &nbsp; El hombre&#46;&#46;&#46;<\/p>\n","protected":false},"author":4351,"featured_media":0,"parent":0,"menu_order":0,"comment_status":"closed","ping_status":"closed","template":"","meta":{"ngg_post_thumbnail":0,"footnotes":""},"aioseo_notices":[],"_links":{"self":[{"href":"https:\/\/blogsaverroes.juntadeandalucia.es\/biblipinos\/wp-json\/wp\/v2\/pages\/124"}],"collection":[{"href":"https:\/\/blogsaverroes.juntadeandalucia.es\/biblipinos\/wp-json\/wp\/v2\/pages"}],"about":[{"href":"https:\/\/blogsaverroes.juntadeandalucia.es\/biblipinos\/wp-json\/wp\/v2\/types\/page"}],"author":[{"embeddable":true,"href":"https:\/\/blogsaverroes.juntadeandalucia.es\/biblipinos\/wp-json\/wp\/v2\/users\/4351"}],"replies":[{"embeddable":true,"href":"https:\/\/blogsaverroes.juntadeandalucia.es\/biblipinos\/wp-json\/wp\/v2\/comments?post=124"}],"version-history":[{"count":4,"href":"https:\/\/blogsaverroes.juntadeandalucia.es\/biblipinos\/wp-json\/wp\/v2\/pages\/124\/revisions"}],"predecessor-version":[{"id":180,"href":"https:\/\/blogsaverroes.juntadeandalucia.es\/biblipinos\/wp-json\/wp\/v2\/pages\/124\/revisions\/180"}],"wp:attachment":[{"href":"https:\/\/blogsaverroes.juntadeandalucia.es\/biblipinos\/wp-json\/wp\/v2\/media?parent=124"}],"curies":[{"name":"wp","href":"https:\/\/api.w.org\/{rel}","templated":true}]}}