{"id":2,"date":"2016-01-26T18:05:05","date_gmt":"2016-01-26T16:05:05","guid":{"rendered":"http:\/\/blogsaverroes.juntadeandalucia.es\/bilingualservet\/?page_id=2"},"modified":"2018-11-20T09:45:59","modified_gmt":"2018-11-20T07:45:59","slug":"pagina-ejemplo","status":"publish","type":"page","link":"https:\/\/blogsaverroes.juntadeandalucia.es\/bilingualservet\/","title":{"rendered":"Welcome to our Bilingual Site"},"content":{"rendered":"<table>\n<tbody>\n<tr>\n<td>&nbsp;<\/td>\n<td>This site is ment to become the reference workshop for the daily practice and development of our English bilingual programme. It is thought to be a useful tool for the students and teachers&#8217; daily work.<\/p>\n<hr>\n<p><em>Pretendemos convertir este sitio web en el lugar de referencia para el trabajo diario de profesorado y alumnado que participa en el desarrollo del programa biling\u00fce de ingl\u00e9s de nuestro centro y, en consecuencia, en una herramienta \u00fatil de aprendizaje dentro y fuera del aula.<\/em><\/td>\n<td>&nbsp;<\/td>\n<\/tr>\n<\/tbody>\n<\/table>\n<hr>\n<h3><a href=\"http:\/\/ec.europa.eu\/esf\/home.jsp\" target=\"_blank\" rel=\"noopener\"><img loading=\"lazy\" decoding=\"async\" class=\"alignleft wp-image-1543 size-medium\" src=\"https:\/\/blogsaverroes.juntadeandalucia.es\/bilingualservet\/files\/2016\/01\/FSE-jpg-211x300.png\" alt=\"\" width=\"211\" height=\"300\" srcset=\"https:\/\/blogsaverroes.juntadeandalucia.es\/bilingualservet\/files\/2016\/01\/FSE-jpg-211x300.png 211w, https:\/\/blogsaverroes.juntadeandalucia.es\/bilingualservet\/files\/2016\/01\/FSE-jpg-17x24.png 17w, https:\/\/blogsaverroes.juntadeandalucia.es\/bilingualservet\/files\/2016\/01\/FSE-jpg-25x36.png 25w, https:\/\/blogsaverroes.juntadeandalucia.es\/bilingualservet\/files\/2016\/01\/FSE-jpg-34x48.png 34w, https:\/\/blogsaverroes.juntadeandalucia.es\/bilingualservet\/files\/2016\/01\/FSE-jpg.png 408w\" sizes=\"(max-width: 211px) 100vw, 211px\" \/><\/a><\/h3>\n<h3>&nbsp;<a href=\"https:\/\/theconversation.com\/younger-is-not-always-better-when-it-comes-to-learning-a-second-language-73274\" target=\"_blank\" rel=\"noopener\">&nbsp;\u27a1 Younger is not always better when it comes to learning a second&nbsp; language<\/a><\/h3>\n<p>Watch this video:<\/p>\n<h3 class=\"watch-title-container\"><span id=\"eow-title\" class=\"watch-title\" dir=\"ltr\" title=\"The benefits of a bilingual brain - Mia Nacamulli\"><a href=\"http:\/\/blogsaverroes.juntadeandalucia.es\/bilingualservet\/the-bebefits-of-a-bilingual-brain\/\">&nbsp;\ud83d\udca1 The benefits of a bilingual brain<\/a><\/span><\/h3>\n<p>&nbsp;<\/p>\n","protected":false},"excerpt":{"rendered":"<p>&nbsp; This site is ment to become the reference workshop for the daily practice and development of our English bilingual programme. It is thought to be a useful tool for the students and teachers&#8217;&#46;&#46;&#46;<\/p>\n","protected":false},"author":2931,"featured_media":1351,"parent":0,"menu_order":1,"comment_status":"closed","ping_status":"closed","template":"","meta":{"ngg_post_thumbnail":0,"footnotes":""},"aioseo_notices":[],"_links":{"self":[{"href":"https:\/\/blogsaverroes.juntadeandalucia.es\/bilingualservet\/wp-json\/wp\/v2\/pages\/2"}],"collection":[{"href":"https:\/\/blogsaverroes.juntadeandalucia.es\/bilingualservet\/wp-json\/wp\/v2\/pages"}],"about":[{"href":"https:\/\/blogsaverroes.juntadeandalucia.es\/bilingualservet\/wp-json\/wp\/v2\/types\/page"}],"author":[{"embeddable":true,"href":"https:\/\/blogsaverroes.juntadeandalucia.es\/bilingualservet\/wp-json\/wp\/v2\/users\/2931"}],"replies":[{"embeddable":true,"href":"https:\/\/blogsaverroes.juntadeandalucia.es\/bilingualservet\/wp-json\/wp\/v2\/comments?post=2"}],"version-history":[{"count":31,"href":"https:\/\/blogsaverroes.juntadeandalucia.es\/bilingualservet\/wp-json\/wp\/v2\/pages\/2\/revisions"}],"predecessor-version":[{"id":1548,"href":"https:\/\/blogsaverroes.juntadeandalucia.es\/bilingualservet\/wp-json\/wp\/v2\/pages\/2\/revisions\/1548"}],"wp:featuredmedia":[{"embeddable":true,"href":"https:\/\/blogsaverroes.juntadeandalucia.es\/bilingualservet\/wp-json\/wp\/v2\/media\/1351"}],"wp:attachment":[{"href":"https:\/\/blogsaverroes.juntadeandalucia.es\/bilingualservet\/wp-json\/wp\/v2\/media?parent=2"}],"curies":[{"name":"wp","href":"https:\/\/api.w.org\/{rel}","templated":true}]}}